216.73.217.142 - - [26/Jul/2026:12:01:58 -0400] "GET /detail/banan32977106.html HTTP/1.1" 404 7586 "-" "Mozilla/5.0 AppleWebKit/537.36 (KHTML, like Gecko; compatible; ClaudeBot/1.0; +claudebot@anthropic.com)"
216.73.217.142 - - [26/Jul/2026:12:02:01 -0400] "GET /detail/enoug11101104.html HTTP/1.1" 404 7586 "-" "Mozilla/5.0 AppleWebKit/537.36 (KHTML, like Gecko; compatible; ClaudeBot/1.0; +claudebot@anthropic.com)"
216.73.217.142 - - [26/Jul/2026:12:02:04 -0400] "GET /detail/homog10279784.html HTTP/1.1" 404 7586 "-" "Mozilla/5.0 AppleWebKit/537.36 (KHTML, like Gecko; compatible; ClaudeBot/1.0; +claudebot@anthropic.com)"
216.73.217.142 - - [26/Jul/2026:12:02:07 -0400] "GET /detail/horn11423632.html HTTP/1.1" 404 7586 "-" "Mozilla/5.0 AppleWebKit/537.36 (KHTML, like Gecko; compatible; ClaudeBot/1.0; +claudebot@anthropic.com)"
216.73.217.142 - - [26/Jul/2026:12:02:10 -0400] "GET /detail/tenni70861422.html HTTP/1.1" 404 7586 "-" "Mozilla/5.0 AppleWebKit/537.36 (KHTML, like Gecko; compatible; ClaudeBot/1.0; +claudebot@anthropic.com)"
216.73.217.142 - - [26/Jul/2026:12:02:13 -0400] "GET /detail/kilog81974527.html HTTP/1.1" 404 7586 "-" "Mozilla/5.0 AppleWebKit/537.36 (KHTML, like Gecko; compatible; ClaudeBot/1.0; +claudebot@anthropic.com)"
216.73.217.142 - - [26/Jul/2026:12:02:18 -0400] "GET /detail/novem32572490.html HTTP/1.1" 404 7586 "-" "Mozilla/5.0 AppleWebKit/537.36 (KHTML, like Gecko; compatible; ClaudeBot/1.0; +claudebot@anthropic.com)"
216.73.217.142 - - [26/Jul/2026:12:02:21 -0400] "GET /detail/impor30720162.html HTTP/1.1" 404 7586 "-" "Mozilla/5.0 AppleWebKit/537.36 (KHTML, like Gecko; compatible; ClaudeBot/1.0; +claudebot@anthropic.com)"
216.73.217.142 - - [26/Jul/2026:12:02:24 -0400] "GET /detail/cruis40519771.html HTTP/1.1" 404 7586 "-" "Mozilla/5.0 AppleWebKit/537.36 (KHTML, like Gecko; compatible; ClaudeBot/1.0; +claudebot@anthropic.com)"
216.73.217.142 - - [26/Jul/2026:12:02:27 -0400] "GET /detail/end81872239.html HTTP/1.1" 404 7586 "-" "Mozilla/5.0 AppleWebKit/537.36 (KHTML, like Gecko; compatible; ClaudeBot/1.0; +claudebot@anthropic.com)"
216.73.217.142 - - [26/Jul/2026:12:02:30 -0400] "GET /detail/airpl72988142.html HTTP/1.1" 404 7586 "-" "Mozilla/5.0 AppleWebKit/537.36 (KHTML, like Gecko; compatible; ClaudeBot/1.0; +claudebot@anthropic.com)"
216.73.217.142 - - [26/Jul/2026:12:02:33 -0400] "GET /detail/globa51367716.html HTTP/1.1" 404 7586 "-" "Mozilla/5.0 AppleWebKit/537.36 (KHTML, like Gecko; compatible; ClaudeBot/1.0; +claudebot@anthropic.com)"
216.73.217.142 - - [26/Jul/2026:12:02:36 -0400] "GET /detail/photo71749326.html HTTP/1.1" 404 7586 "-" "Mozilla/5.0 AppleWebKit/537.36 (KHTML, like Gecko; compatible; ClaudeBot/1.0; +claudebot@anthropic.com)"
179.43.174.147 - - [26/Jul/2026:12:02:36 -0400] "GET / HTTP/1.1" 301 1 "-" "CNSTX Monitor 1.2"
179.43.174.147 - - [26/Jul/2026:12:02:36 -0400] "GET / HTTP/1.1" 200 10852 "https://192.210.134.12" "CNSTX Monitor 1.2"
216.73.217.142 - - [26/Jul/2026:12:02:39 -0400] "GET /detail/cart32907610.html HTTP/1.1" 404 7586 "-" "Mozilla/5.0 AppleWebKit/537.36 (KHTML, like Gecko; compatible; ClaudeBot/1.0; +claudebot@anthropic.com)"
216.73.217.142 - - [26/Jul/2026:12:02:42 -0400] "GET /detail/dove21199961.html HTTP/1.1" 404 7586 "-" "Mozilla/5.0 AppleWebKit/537.36 (KHTML, like Gecko; compatible; ClaudeBot/1.0; +claudebot@anthropic.com)"
216.73.217.142 - - [26/Jul/2026:12:02:45 -0400] "GET /detail/waken12262744.html HTTP/1.1" 404 7586 "-" "Mozilla/5.0 AppleWebKit/537.36 (KHTML, like Gecko; compatible; ClaudeBot/1.0; +claudebot@anthropic.com)"
216.73.217.142 - - [26/Jul/2026:12:02:48 -0400] "GET /detail/bowl31453058.html HTTP/1.1" 404 7586 "-" "Mozilla/5.0 AppleWebKit/537.36 (KHTML, like Gecko; compatible; ClaudeBot/1.0; +claudebot@anthropic.com)"
216.73.217.142 - - [26/Jul/2026:12:02:51 -0400] "GET /detail/tessa10731992.html HTTP/1.1" 404 7586 "-" "Mozilla/5.0 AppleWebKit/537.36 (KHTML, like Gecko; compatible; ClaudeBot/1.0; +claudebot@anthropic.com)"
216.73.217.142 - - [26/Jul/2026:12:02:54 -0400] "GET /detail/locat70218230.html HTTP/1.1" 404 7586 "-" "Mozilla/5.0 AppleWebKit/537.36 (KHTML, like Gecko; compatible; ClaudeBot/1.0; +claudebot@anthropic.com)"
216.73.217.142 - - [26/Jul/2026:12:02:57 -0400] "GET /detail/pictu42468027.html HTTP/1.1" 404 7586 "-" "Mozilla/5.0 AppleWebKit/537.36 (KHTML, like Gecko; compatible; ClaudeBot/1.0; +claudebot@anthropic.com)"
216.73.217.142 - - [26/Jul/2026:12:03:00 -0400] "GET /detail/descr82832679.html HTTP/1.1" 404 7586 "-" "Mozilla/5.0 AppleWebKit/537.36 (KHTML, like Gecko; compatible; ClaudeBot/1.0; +claudebot@anthropic.com)"
216.73.217.142 - - [26/Jul/2026:12:03:03 -0400] "GET /detail/blow72549798.html HTTP/1.1" 404 7586 "-" "Mozilla/5.0 AppleWebKit/537.36 (KHTML, like Gecko; compatible; ClaudeBot/1.0; +claudebot@anthropic.com)"
216.73.217.142 - - [26/Jul/2026:12:03:06 -0400] "GET /detail/bet82822823.html HTTP/1.1" 404 7586 "-" "Mozilla/5.0 AppleWebKit/537.36 (KHTML, like Gecko; compatible; ClaudeBot/1.0; +claudebot@anthropic.com)"
216.73.217.142 - - [26/Jul/2026:12:03:09 -0400] "GET /detail/fist81819039.html HTTP/1.1" 404 7586 "-" "Mozilla/5.0 AppleWebKit/537.36 (KHTML, like Gecko; compatible; ClaudeBot/1.0; +claudebot@anthropic.com)"
216.73.217.142 - - [26/Jul/2026:12:03:12 -0400] "GET /detail/near20748817.html HTTP/1.1" 404 7586 "-" "Mozilla/5.0 AppleWebKit/537.36 (KHTML, like Gecko; compatible; ClaudeBot/1.0; +claudebot@anthropic.com)"
216.73.217.142 - - [26/Jul/2026:12:03:15 -0400] "GET /detail/forty41072155.html HTTP/1.1" 404 7586 "-" "Mozilla/5.0 AppleWebKit/537.36 (KHTML, like Gecko; compatible; ClaudeBot/1.0; +claudebot@anthropic.com)"
216.73.217.142 - - [26/Jul/2026:12:03:18 -0400] "GET /detail/enclo22723505.html HTTP/1.1" 404 7586 "-" "Mozilla/5.0 AppleWebKit/537.36 (KHTML, like Gecko; compatible; ClaudeBot/1.0; +claudebot@anthropic.com)"
216.73.217.142 - - [26/Jul/2026:12:03:21 -0400] "GET /detail/gentl31781026.html HTTP/1.1" 404 7586 "-" "Mozilla/5.0 AppleWebKit/537.36 (KHTML, like Gecko; compatible; ClaudeBot/1.0; +claudebot@anthropic.com)"
216.73.217.142 - - [26/Jul/2026:12:03:24 -0400] "GET /detail/bet81406823.html HTTP/1.1" 404 7586 "-" "Mozilla/5.0 AppleWebKit/537.36 (KHTML, like Gecko; compatible; ClaudeBot/1.0; +claudebot@anthropic.com)"
216.73.217.142 - - [26/Jul/2026:12:03:27 -0400] "GET /detail/wicke82703335.html HTTP/1.1" 404 7586 "-" "Mozilla/5.0 AppleWebKit/537.36 (KHTML, like Gecko; compatible; ClaudeBot/1.0; +claudebot@anthropic.com)"
216.73.217.142 - - [26/Jul/2026:12:03:30 -0400] "GET /detail/gende81750095.html HTTP/1.1" 404 7586 "-" "Mozilla/5.0 AppleWebKit/537.36 (KHTML, like Gecko; compatible; ClaudeBot/1.0; +claudebot@anthropic.com)"
216.73.217.142 - - [26/Jul/2026:12:03:33 -0400] "GET /detail/taxi11080032.html HTTP/1.1" 404 7586 "-" "Mozilla/5.0 AppleWebKit/537.36 (KHTML, like Gecko; compatible; ClaudeBot/1.0; +claudebot@anthropic.com)"
216.73.217.142 - - [26/Jul/2026:12:03:36 -0400] "GET /detail/horiz70138662.html HTTP/1.1" 404 7586 "-" "Mozilla/5.0 AppleWebKit/537.36 (KHTML, like Gecko; compatible; ClaudeBot/1.0; +claudebot@anthropic.com)"
179.43.174.147 - - [26/Jul/2026:12:03:36 -0400] "GET / HTTP/1.1" 301 1 "-" "CNSTX Monitor 1.2"
179.43.174.147 - - [26/Jul/2026:12:03:36 -0400] "GET / HTTP/1.1" 200 10852 "https://192.210.134.12" "CNSTX Monitor 1.2"
216.73.217.142 - - [26/Jul/2026:12:03:39 -0400] "GET /detail/portr41355195.html HTTP/1.1" 404 7586 "-" "Mozilla/5.0 AppleWebKit/537.36 (KHTML, like Gecko; compatible; ClaudeBot/1.0; +claudebot@anthropic.com)"
216.73.217.142 - - [26/Jul/2026:12:03:42 -0400] "GET /detail/rug50598460.html HTTP/1.1" 404 7586 "-" "Mozilla/5.0 AppleWebKit/537.36 (KHTML, like Gecko; compatible; ClaudeBot/1.0; +claudebot@anthropic.com)"
216.73.217.142 - - [26/Jul/2026:12:03:45 -0400] "GET /detail/hill20625105.html HTTP/1.1" 404 7586 "-" "Mozilla/5.0 AppleWebKit/537.36 (KHTML, like Gecko; compatible; ClaudeBot/1.0; +claudebot@anthropic.com)"
216.73.217.142 - - [26/Jul/2026:12:03:48 -0400] "GET /detail/stay61508741.html HTTP/1.1" 404 7586 "-" "Mozilla/5.0 AppleWebKit/537.36 (KHTML, like Gecko; compatible; ClaudeBot/1.0; +claudebot@anthropic.com)"
216.73.217.142 - - [26/Jul/2026:12:03:51 -0400] "GET /detail/recre51979700.html HTTP/1.1" 404 7586 "-" "Mozilla/5.0 AppleWebKit/537.36 (KHTML, like Gecko; compatible; ClaudeBot/1.0; +claudebot@anthropic.com)"
216.73.217.142 - - [26/Jul/2026:12:03:54 -0400] "GET /detail/beaut32268826.html HTTP/1.1" 404 7586 "-" "Mozilla/5.0 AppleWebKit/537.36 (KHTML, like Gecko; compatible; ClaudeBot/1.0; +claudebot@anthropic.com)"
216.73.217.142 - - [26/Jul/2026:12:03:57 -0400] "GET /detail/cash61927485.html HTTP/1.1" 404 7586 "-" "Mozilla/5.0 AppleWebKit/537.36 (KHTML, like Gecko; compatible; ClaudeBot/1.0; +claudebot@anthropic.com)"
216.73.217.142 - - [26/Jul/2026:12:04:00 -0400] "GET /detail/habit60379389.html HTTP/1.1" 404 7586 "-" "Mozilla/5.0 AppleWebKit/537.36 (KHTML, like Gecko; compatible; ClaudeBot/1.0; +claudebot@anthropic.com)"
216.73.217.142 - - [26/Jul/2026:12:04:03 -0400] "GET /detail/famin41823515.html HTTP/1.1" 404 7586 "-" "Mozilla/5.0 AppleWebKit/537.36 (KHTML, like Gecko; compatible; ClaudeBot/1.0; +claudebot@anthropic.com)"
216.73.217.142 - - [26/Jul/2026:12:04:06 -0400] "GET /detail/degre61981765.html HTTP/1.1" 404 7586 "-" "Mozilla/5.0 AppleWebKit/537.36 (KHTML, like Gecko; compatible; ClaudeBot/1.0; +claudebot@anthropic.com)"
216.73.217.142 - - [26/Jul/2026:12:04:09 -0400] "GET /detail/daily11568712.html HTTP/1.1" 404 7586 "-" "Mozilla/5.0 AppleWebKit/537.36 (KHTML, like Gecko; compatible; ClaudeBot/1.0; +claudebot@anthropic.com)"
216.73.217.142 - - [26/Jul/2026:12:04:12 -0400] "GET /detail/conse72741918.html HTTP/1.1" 404 7586 "-" "Mozilla/5.0 AppleWebKit/537.36 (KHTML, like Gecko; compatible; ClaudeBot/1.0; +claudebot@anthropic.com)"
216.73.217.142 - - [26/Jul/2026:12:04:15 -0400] "GET /detail/funny52192484.html HTTP/1.1" 404 7586 "-" "Mozilla/5.0 AppleWebKit/537.36 (KHTML, like Gecko; compatible; ClaudeBot/1.0; +claudebot@anthropic.com)"
216.73.217.142 - - [26/Jul/2026:12:04:18 -0400] "GET /detail/dilig11746360.html HTTP/1.1" 404 7586 "-" "Mozilla/5.0 AppleWebKit/537.36 (KHTML, like Gecko; compatible; ClaudeBot/1.0; +claudebot@anthropic.com)"
216.73.217.142 - - [26/Jul/2026:12:04:21 -0400] "GET /detail/wagon71647694.html HTTP/1.1" 404 7586 "-" "Mozilla/5.0 AppleWebKit/537.36 (KHTML, like Gecko; compatible; ClaudeBot/1.0; +claudebot@anthropic.com)"
216.73.217.142 - - [26/Jul/2026:12:04:26 -0400] "GET /detail/pants80223791.html HTTP/1.1" 404 7586 "-" "Mozilla/5.0 AppleWebKit/537.36 (KHTML, like Gecko; compatible; ClaudeBot/1.0; +claudebot@anthropic.com)"
216.73.217.142 - - [26/Jul/2026:12:04:28 -0400] "GET /detail/dime80475831.html HTTP/1.1" 404 7586 "-" "Mozilla/5.0 AppleWebKit/537.36 (KHTML, like Gecko; compatible; ClaudeBot/1.0; +claudebot@anthropic.com)"
216.73.217.142 - - [26/Jul/2026:12:04:31 -0400] "GET /detail/edito61634669.html HTTP/1.1" 404 7586 "-" "Mozilla/5.0 AppleWebKit/537.36 (KHTML, like Gecko; compatible; ClaudeBot/1.0; +claudebot@anthropic.com)"
216.73.217.142 - - [26/Jul/2026:12:04:34 -0400] "GET /detail/appro72697854.html HTTP/1.1" 404 7586 "-" "Mozilla/5.0 AppleWebKit/537.36 (KHTML, like Gecko; compatible; ClaudeBot/1.0; +claudebot@anthropic.com)"
179.43.174.147 - - [26/Jul/2026:12:04:36 -0400] "GET / HTTP/1.1" 301 1 "-" "CNSTX Monitor 1.2"
179.43.174.147 - - [26/Jul/2026:12:04:36 -0400] "GET / HTTP/1.1" 200 10852 "https://192.210.134.12" "CNSTX Monitor 1.2"
216.73.217.142 - - [26/Jul/2026:12:04:38 -0400] "GET /detail/chop71541470.html HTTP/1.1" 404 7586 "-" "Mozilla/5.0 AppleWebKit/537.36 (KHTML, like Gecko; compatible; ClaudeBot/1.0; +claudebot@anthropic.com)"
216.73.217.142 - - [26/Jul/2026:12:04:41 -0400] "GET /detail/susta31318058.html HTTP/1.1" 404 7586 "-" "Mozilla/5.0 AppleWebKit/537.36 (KHTML, like Gecko; compatible; ClaudeBot/1.0; +claudebot@anthropic.com)"
216.73.217.142 - - [26/Jul/2026:12:04:44 -0400] "GET /detail/oppos32229378.html HTTP/1.1" 404 7586 "-" "Mozilla/5.0 AppleWebKit/537.36 (KHTML, like Gecko; compatible; ClaudeBot/1.0; +claudebot@anthropic.com)"
216.73.217.142 - - [26/Jul/2026:12:04:47 -0400] "GET /detail/nor30645258.html HTTP/1.1" 404 7586 "-" "Mozilla/5.0 AppleWebKit/537.36 (KHTML, like Gecko; compatible; ClaudeBot/1.0; +claudebot@anthropic.com)"
216.73.217.142 - - [26/Jul/2026:12:04:51 -0400] "GET /detail/pitch70326910.html HTTP/1.1" 404 7586 "-" "Mozilla/5.0 AppleWebKit/537.36 (KHTML, like Gecko; compatible; ClaudeBot/1.0; +claudebot@anthropic.com)"
216.73.217.142 - - [26/Jul/2026:12:04:54 -0400] "GET /detail/latin12694800.html HTTP/1.1" 404 7586 "-" "Mozilla/5.0 AppleWebKit/537.36 (KHTML, like Gecko; compatible; ClaudeBot/1.0; +claudebot@anthropic.com)"
216.73.217.142 - - [26/Jul/2026:12:04:57 -0400] "GET /detail/neigh21405617.html HTTP/1.1" 404 7586 "-" "Mozilla/5.0 AppleWebKit/537.36 (KHTML, like Gecko; compatible; ClaudeBot/1.0; +claudebot@anthropic.com)"
216.73.217.142 - - [26/Jul/2026:12:05:00 -0400] "GET /detail/music41596923.html HTTP/1.1" 404 7586 "-" "Mozilla/5.0 AppleWebKit/537.36 (KHTML, like Gecko; compatible; ClaudeBot/1.0; +claudebot@anthropic.com)"
216.73.217.142 - - [26/Jul/2026:12:05:03 -0400] "GET /detail/tessa10407992.html HTTP/1.1" 404 7586 "-" "Mozilla/5.0 AppleWebKit/537.36 (KHTML, like Gecko; compatible; ClaudeBot/1.0; +claudebot@anthropic.com)"
216.73.217.142 - - [26/Jul/2026:12:05:06 -0400] "GET /detail/situa81796655.html HTTP/1.1" 404 7586 "-" "Mozilla/5.0 AppleWebKit/537.36 (KHTML, like Gecko; compatible; ClaudeBot/1.0; +claudebot@anthropic.com)"
216.73.217.142 - - [26/Jul/2026:12:05:09 -0400] "GET /detail/campa82158319.html HTTP/1.1" 404 7586 "-" "Mozilla/5.0 AppleWebKit/537.36 (KHTML, like Gecko; compatible; ClaudeBot/1.0; +claudebot@anthropic.com)"
216.73.217.142 - - [26/Jul/2026:12:05:12 -0400] "GET /detail/theor31409826.html HTTP/1.1" 404 7586 "-" "Mozilla/5.0 AppleWebKit/537.36 (KHTML, like Gecko; compatible; ClaudeBot/1.0; +claudebot@anthropic.com)"
216.73.217.142 - - [26/Jul/2026:12:05:15 -0400] "GET /detail/sayin82629607.html HTTP/1.1" 404 7586 "-" "Mozilla/5.0 AppleWebKit/537.36 (KHTML, like Gecko; compatible; ClaudeBot/1.0; +claudebot@anthropic.com)"
216.73.217.142 - - [26/Jul/2026:12:05:18 -0400] "GET /detail/retre21266305.html HTTP/1.1" 404 7586 "-" "Mozilla/5.0 AppleWebKit/537.36 (KHTML, like Gecko; compatible; ClaudeBot/1.0; +claudebot@anthropic.com)"
216.73.217.142 - - [26/Jul/2026:12:05:21 -0400] "GET /detail/incor41058515.html HTTP/1.1" 404 7586 "-" "Mozilla/5.0 AppleWebKit/537.36 (KHTML, like Gecko; compatible; ClaudeBot/1.0; +claudebot@anthropic.com)"
216.73.217.142 - - [26/Jul/2026:12:05:28 -0400] "GET /detail/per11539184.html HTTP/1.1" 404 7586 "-" "Mozilla/5.0 AppleWebKit/537.36 (KHTML, like Gecko; compatible; ClaudeBot/1.0; +claudebot@anthropic.com)"
216.73.217.142 - - [26/Jul/2026:12:05:31 -0400] "GET /detail/switc42850291.html HTTP/1.1" 404 7586 "-" "Mozilla/5.0 AppleWebKit/537.36 (KHTML, like Gecko; compatible; ClaudeBot/1.0; +claudebot@anthropic.com)"
216.73.217.142 - - [26/Jul/2026:12:05:34 -0400] "GET /detail/exert30558610.html HTTP/1.1" 404 7586 "-" "Mozilla/5.0 AppleWebKit/537.36 (KHTML, like Gecko; compatible; ClaudeBot/1.0; +claudebot@anthropic.com)"
179.43.174.147 - - [26/Jul/2026:12:05:36 -0400] "GET / HTTP/1.1" 301 1 "-" "CNSTX Monitor 1.2"
179.43.174.147 - - [26/Jul/2026:12:05:36 -0400] "GET / HTTP/1.1" 200 10852 "https://192.210.134.12" "CNSTX Monitor 1.2"
216.73.217.142 - - [26/Jul/2026:12:05:37 -0400] "GET /detail/loon32887850.html HTTP/1.1" 404 7586 "-" "Mozilla/5.0 AppleWebKit/537.36 (KHTML, like Gecko; compatible; ClaudeBot/1.0; +claudebot@anthropic.com)"
216.73.217.142 - - [26/Jul/2026:12:05:41 -0400] "GET /detail/dyne51295964.html HTTP/1.1" 404 7586 "-" "Mozilla/5.0 AppleWebKit/537.36 (KHTML, like Gecko; compatible; ClaudeBot/1.0; +claudebot@anthropic.com)"
216.73.217.142 - - [26/Jul/2026:12:05:44 -0400] "GET /detail/detec20193873.html HTTP/1.1" 404 7586 "-" "Mozilla/5.0 AppleWebKit/537.36 (KHTML, like Gecko; compatible; ClaudeBot/1.0; +claudebot@anthropic.com)"
216.73.217.142 - - [26/Jul/2026:12:05:47 -0400] "GET /detail/clerk60089741.html HTTP/1.1" 404 7586 "-" "Mozilla/5.0 AppleWebKit/537.36 (KHTML, like Gecko; compatible; ClaudeBot/1.0; +claudebot@anthropic.com)"
216.73.217.142 - - [26/Jul/2026:12:05:50 -0400] "GET /detail/cake30076122.html HTTP/1.1" 404 7586 "-" "Mozilla/5.0 AppleWebKit/537.36 (KHTML, like Gecko; compatible; ClaudeBot/1.0; +claudebot@anthropic.com)"
216.73.217.142 - - [26/Jul/2026:12:05:56 -0400] "GET /detail/spoke41097371.html HTTP/1.1" 404 7586 "-" "Mozilla/5.0 AppleWebKit/537.36 (KHTML, like Gecko; compatible; ClaudeBot/1.0; +claudebot@anthropic.com)"
216.73.217.142 - - [26/Jul/2026:12:05:58 -0400] "GET /detail/outlo21855345.html HTTP/1.1" 404 7586 "-" "Mozilla/5.0 AppleWebKit/537.36 (KHTML, like Gecko; compatible; ClaudeBot/1.0; +claudebot@anthropic.com)"
216.73.217.142 - - [26/Jul/2026:12:06:01 -0400] "GET /detail/hall70572366.html HTTP/1.1" 404 7586 "-" "Mozilla/5.0 AppleWebKit/537.36 (KHTML, like Gecko; compatible; ClaudeBot/1.0; +claudebot@anthropic.com)"
216.73.217.142 - - [26/Jul/2026:12:06:04 -0400] "GET /detail/award41533803.html HTTP/1.1" 404 7586 "-" "Mozilla/5.0 AppleWebKit/537.36 (KHTML, like Gecko; compatible; ClaudeBot/1.0; +claudebot@anthropic.com)"
216.73.217.142 - - [26/Jul/2026:12:06:25 -0400] "GET /detail/suppl31936914.html HTTP/1.1" 404 7586 "-" "Mozilla/5.0 AppleWebKit/537.36 (KHTML, like Gecko; compatible; ClaudeBot/1.0; +claudebot@anthropic.com)"
216.73.217.142 - - [26/Jul/2026:12:06:28 -0400] "GET /detail/husba70888702.html HTTP/1.1" 404 7586 "-" "Mozilla/5.0 AppleWebKit/537.36 (KHTML, like Gecko; compatible; ClaudeBot/1.0; +claudebot@anthropic.com)"
216.73.217.142 - - [26/Jul/2026:12:06:31 -0400] "GET /detail/shop52936060.html HTTP/1.1" 404 7586 "-" "Mozilla/5.0 AppleWebKit/537.36 (KHTML, like Gecko; compatible; ClaudeBot/1.0; +claudebot@anthropic.com)"
216.73.217.142 - - [26/Jul/2026:12:06:34 -0400] "GET /detail/deadl51846220.html HTTP/1.1" 404 7586 "-" "Mozilla/5.0 AppleWebKit/537.36 (KHTML, like Gecko; compatible; ClaudeBot/1.0; +claudebot@anthropic.com)"
179.43.174.147 - - [26/Jul/2026:12:06:36 -0400] "GET / HTTP/1.1" 301 1 "-" "CNSTX Monitor 1.2"
179.43.174.147 - - [26/Jul/2026:12:06:36 -0400] "GET / HTTP/1.1" 200 10852 "https://192.210.134.12" "CNSTX Monitor 1.2"
216.73.217.142 - - [26/Jul/2026:12:06:41 -0400] "GET /detail/arriv61977181.html HTTP/1.1" 404 7586 "-" "Mozilla/5.0 AppleWebKit/537.36 (KHTML, like Gecko; compatible; ClaudeBot/1.0; +claudebot@anthropic.com)"
216.73.217.142 - - [26/Jul/2026:12:06:44 -0400] "GET /detail/argum61438861.html HTTP/1.1" 404 7586 "-" "Mozilla/5.0 AppleWebKit/537.36 (KHTML, like Gecko; compatible; ClaudeBot/1.0; +claudebot@anthropic.com)"
216.73.217.142 - - [26/Jul/2026:12:06:47 -0400] "GET /detail/injec11175608.html HTTP/1.1" 404 7586 "-" "Mozilla/5.0 AppleWebKit/537.36 (KHTML, like Gecko; compatible; ClaudeBot/1.0; +claudebot@anthropic.com)"
216.73.217.142 - - [26/Jul/2026:12:06:53 -0400] "GET /detail/leak52351476.html HTTP/1.1" 404 7586 "-" "Mozilla/5.0 AppleWebKit/537.36 (KHTML, like Gecko; compatible; ClaudeBot/1.0; +claudebot@anthropic.com)"
216.73.217.142 - - [26/Jul/2026:12:06:56 -0400] "GET /detail/climb22676561.html HTTP/1.1" 404 7586 "-" "Mozilla/5.0 AppleWebKit/537.36 (KHTML, like Gecko; compatible; ClaudeBot/1.0; +claudebot@anthropic.com)"
216.73.217.142 - - [26/Jul/2026:12:06:59 -0400] "GET /detail/repro10914176.html HTTP/1.1" 404 7586 "-" "Mozilla/5.0 AppleWebKit/537.36 (KHTML, like Gecko; compatible; ClaudeBot/1.0; +claudebot@anthropic.com)"
216.73.217.142 - - [26/Jul/2026:12:07:12 -0400] "GET /detail/lucky11264480.html HTTP/1.1" 404 7586 "-" "Mozilla/5.0 AppleWebKit/537.36 (KHTML, like Gecko; compatible; ClaudeBot/1.0; +claudebot@anthropic.com)"
216.73.217.142 - - [26/Jul/2026:12:07:15 -0400] "GET /detail/worke60000749.html HTTP/1.1" 404 7586 "-" "Mozilla/5.0 AppleWebKit/537.36 (KHTML, like Gecko; compatible; ClaudeBot/1.0; +claudebot@anthropic.com)"
216.73.217.142 - - [26/Jul/2026:12:07:18 -0400] "GET /detail/affai31067250.html HTTP/1.1" 404 7586 "-" "Mozilla/5.0 AppleWebKit/537.36 (KHTML, like Gecko; compatible; ClaudeBot/1.0; +claudebot@anthropic.com)"
179.43.174.147 - - [26/Jul/2026:12:07:36 -0400] "GET / HTTP/1.1" 301 1 "-" "CNSTX Monitor 1.2"
179.43.174.147 - - [26/Jul/2026:12:07:36 -0400] "GET / HTTP/1.1" 200 10852 "https://192.210.134.12" "CNSTX Monitor 1.2"
216.73.217.142 - - [26/Jul/2026:12:07:41 -0400] "GET /detail/passe52940260.html HTTP/1.1" 404 7586 "-" "Mozilla/5.0 AppleWebKit/537.36 (KHTML, like Gecko; compatible; ClaudeBot/1.0; +claudebot@anthropic.com)"
216.73.217.142 - - [26/Jul/2026:12:07:44 -0400] "GET /detail/laund22514345.html HTTP/1.1" 404 7586 "-" "Mozilla/5.0 AppleWebKit/537.36 (KHTML, like Gecko; compatible; ClaudeBot/1.0; +claudebot@anthropic.com)"
216.73.217.142 - - [26/Jul/2026:12:07:47 -0400] "GET /detail/ideal50999460.html HTTP/1.1" 404 7586 "-" "Mozilla/5.0 AppleWebKit/537.36 (KHTML, like Gecko; compatible; ClaudeBot/1.0; +claudebot@anthropic.com)"
136.116.183.231 - - [26/Jul/2026:12:07:54 -0400] "GET /robots.txt HTTP/1.1" 200 107 "-" "Mozilla/5.0 AppleWebKit/537.36 (KHTML, like Gecko; compatible; SleepBot/1.0; +http://sleepbot.com/) Chrome/131.0.0.0 Safari/537.36"
216.73.217.142 - - [26/Jul/2026:12:08:08 -0400] "GET /detail/onion30429794.html HTTP/1.1" 404 7586 "-" "Mozilla/5.0 AppleWebKit/537.36 (KHTML, like Gecko; compatible; ClaudeBot/1.0; +claudebot@anthropic.com)"
216.73.217.142 - - [26/Jul/2026:12:08:11 -0400] "GET /detail/deput72691686.html HTTP/1.1" 404 7586 "-" "Mozilla/5.0 AppleWebKit/537.36 (KHTML, like Gecko; compatible; ClaudeBot/1.0; +claudebot@anthropic.com)"
216.73.217.142 - - [26/Jul/2026:12:08:14 -0400] "GET /detail/incid71393862.html HTTP/1.1" 404 7586 "-" "Mozilla/5.0 AppleWebKit/537.36 (KHTML, like Gecko; compatible; ClaudeBot/1.0; +claudebot@anthropic.com)"
216.73.217.142 - - [26/Jul/2026:12:08:17 -0400] "GET /detail/ampli62574453.html HTTP/1.1" 404 7586 "-" "Mozilla/5.0 AppleWebKit/537.36 (KHTML, like Gecko; compatible; ClaudeBot/1.0; +claudebot@anthropic.com)"
216.73.217.142 - - [26/Jul/2026:12:08:20 -0400] "GET /detail/vineg61142965.html HTTP/1.1" 404 7586 "-" "Mozilla/5.0 AppleWebKit/537.36 (KHTML, like Gecko; compatible; ClaudeBot/1.0; +claudebot@anthropic.com)"
216.73.217.142 - - [26/Jul/2026:12:08:23 -0400] "GET /detail/stupi80152087.html HTTP/1.1" 404 7586 "-" "Mozilla/5.0 AppleWebKit/537.36 (KHTML, like Gecko; compatible; ClaudeBot/1.0; +claudebot@anthropic.com)"
216.73.217.142 - - [26/Jul/2026:12:08:26 -0400] "GET /detail/furth32575202.html HTTP/1.1" 404 7586 "-" "Mozilla/5.0 AppleWebKit/537.36 (KHTML, like Gecko; compatible; ClaudeBot/1.0; +claudebot@anthropic.com)"
216.73.217.142 - - [26/Jul/2026:12:08:29 -0400] "GET /detail/chara51633508.html HTTP/1.1" 404 7586 "-" "Mozilla/5.0 AppleWebKit/537.36 (KHTML, like Gecko; compatible; ClaudeBot/1.0; +claudebot@anthropic.com)"
179.43.174.147 - - [26/Jul/2026:12:08:36 -0400] "GET / HTTP/1.1" 301 1 "-" "CNSTX Monitor 1.2"
179.43.174.147 - - [26/Jul/2026:12:08:36 -0400] "GET / HTTP/1.1" 200 10852 "https://192.210.134.12" "CNSTX Monitor 1.2"
216.73.217.142 - - [26/Jul/2026:12:08:51 -0400] "GET /detail/solar80270647.html HTTP/1.1" 404 7586 "-" "Mozilla/5.0 AppleWebKit/537.36 (KHTML, like Gecko; compatible; ClaudeBot/1.0; +claudebot@anthropic.com)"
216.73.217.142 - - [26/Jul/2026:12:08:54 -0400] "GET /detail/pop30373386.html HTTP/1.1" 404 7586 "-" "Mozilla/5.0 AppleWebKit/537.36 (KHTML, like Gecko; compatible; ClaudeBot/1.0; +claudebot@anthropic.com)"
216.73.217.142 - - [26/Jul/2026:12:08:57 -0400] "GET /detail/hasty32187482.html HTTP/1.1" 404 7586 "-" "Mozilla/5.0 AppleWebKit/537.36 (KHTML, like Gecko; compatible; ClaudeBot/1.0; +claudebot@anthropic.com)"
216.73.217.142 - - [26/Jul/2026:12:09:00 -0400] "GET /detail/hamme30262682.html HTTP/1.1" 404 7586 "-" "Mozilla/5.0 AppleWebKit/537.36 (KHTML, like Gecko; compatible; ClaudeBot/1.0; +claudebot@anthropic.com)"
216.73.217.142 - - [26/Jul/2026:12:09:03 -0400] "GET /detail/now11888856.html HTTP/1.1" 404 7586 "-" "Mozilla/5.0 AppleWebKit/537.36 (KHTML, like Gecko; compatible; ClaudeBot/1.0; +claudebot@anthropic.com)"
216.73.217.142 - - [26/Jul/2026:12:09:24 -0400] "GET /detail/enclo22779505.html HTTP/1.1" 404 7586 "-" "Mozilla/5.0 AppleWebKit/537.36 (KHTML, like Gecko; compatible; ClaudeBot/1.0; +claudebot@anthropic.com)"
216.73.217.142 - - [26/Jul/2026:12:09:27 -0400] "GET /detail/accid82672447.html HTTP/1.1" 404 7586 "-" "Mozilla/5.0 AppleWebKit/537.36 (KHTML, like Gecko; compatible; ClaudeBot/1.0; +claudebot@anthropic.com)"
216.73.217.142 - - [26/Jul/2026:12:09:30 -0400] "GET /detail/give31949650.html HTTP/1.1" 404 7586 "-" "Mozilla/5.0 AppleWebKit/537.36 (KHTML, like Gecko; compatible; ClaudeBot/1.0; +claudebot@anthropic.com)"
40.77.167.243 - - [26/Jul/2026:12:09:32 -0400] "GET /author/melbourncourt HTTP/1.1" 301 1 "-" "Mozilla/5.0 AppleWebKit/537.36 (KHTML, like Gecko; compatible; bingbot/2.0; +http://www.bing.com/bingbot.htm) Chrome/116.0.1938.76 Safari/537.36"
216.73.217.142 - - [26/Jul/2026:12:09:33 -0400] "GET /detail/victo10449056.html HTTP/1.1" 404 7586 "-" "Mozilla/5.0 AppleWebKit/537.36 (KHTML, like Gecko; compatible; ClaudeBot/1.0; +claudebot@anthropic.com)"
40.77.167.243 - - [26/Jul/2026:12:09:33 -0400] "GET /author/melbourncourt/ HTTP/1.1" 200 7980 "-" "Mozilla/5.0 AppleWebKit/537.36 (KHTML, like Gecko; compatible; bingbot/2.0; +http://www.bing.com/bingbot.htm) Chrome/116.0.1938.76 Safari/537.36"
216.73.217.142 - - [26/Jul/2026:12:09:36 -0400] "GET /detail/painf41350315.html HTTP/1.1" 404 7586 "-" "Mozilla/5.0 AppleWebKit/537.36 (KHTML, like Gecko; compatible; ClaudeBot/1.0; +claudebot@anthropic.com)"
179.43.174.147 - - [26/Jul/2026:12:09:36 -0400] "GET / HTTP/1.1" 301 1 "-" "CNSTX Monitor 1.2"
179.43.174.147 - - [26/Jul/2026:12:09:37 -0400] "GET / HTTP/1.1" 200 10852 "https://192.210.134.12" "CNSTX Monitor 1.2"
216.73.217.142 - - [26/Jul/2026:12:09:42 -0400] "GET /detail/clog81279951.html HTTP/1.1" 404 7586 "-" "Mozilla/5.0 AppleWebKit/537.36 (KHTML, like Gecko; compatible; ClaudeBot/1.0; +claudebot@anthropic.com)"
216.73.217.142 - - [26/Jul/2026:12:09:45 -0400] "GET /detail/murde82416343.html HTTP/1.1" 404 7586 "-" "Mozilla/5.0 AppleWebKit/537.36 (KHTML, like Gecko; compatible; ClaudeBot/1.0; +claudebot@anthropic.com)"
216.73.217.142 - - [26/Jul/2026:12:09:48 -0400] "GET /detail/honou21059049.html HTTP/1.1" 404 7586 "-" "Mozilla/5.0 AppleWebKit/537.36 (KHTML, like Gecko; compatible; ClaudeBot/1.0; +claudebot@anthropic.com)"
216.73.217.142 - - [26/Jul/2026:12:09:51 -0400] "GET /detail/hurt41837691.html HTTP/1.1" 404 7586 "-" "Mozilla/5.0 AppleWebKit/537.36 (KHTML, like Gecko; compatible; ClaudeBot/1.0; +claudebot@anthropic.com)"
216.73.217.142 - - [26/Jul/2026:12:10:05 -0400] "GET /detail/risk60680549.html HTTP/1.1" 404 7586 "-" "Mozilla/5.0 AppleWebKit/537.36 (KHTML, like Gecko; compatible; ClaudeBot/1.0; +claudebot@anthropic.com)"
216.73.217.142 - - [26/Jul/2026:12:10:08 -0400] "GET /detail/disap61485805.html HTTP/1.1" 404 7586 "-" "Mozilla/5.0 AppleWebKit/537.36 (KHTML, like Gecko; compatible; ClaudeBot/1.0; +claudebot@anthropic.com)"
216.73.217.142 - - [26/Jul/2026:12:10:11 -0400] "GET /detail/ask81569039.html HTTP/1.1" 404 7586 "-" "Mozilla/5.0 AppleWebKit/537.36 (KHTML, like Gecko; compatible; ClaudeBot/1.0; +claudebot@anthropic.com)"
216.73.217.142 - - [26/Jul/2026:12:10:14 -0400] "GET /detail/obtai50205876.html HTTP/1.1" 404 7586 "-" "Mozilla/5.0 AppleWebKit/537.36 (KHTML, like Gecko; compatible; ClaudeBot/1.0; +claudebot@anthropic.com)"
179.43.174.147 - - [26/Jul/2026:12:10:36 -0400] "GET / HTTP/1.1" 301 1 "-" "CNSTX Monitor 1.2"
179.43.174.147 - - [26/Jul/2026:12:10:36 -0400] "GET / HTTP/1.1" 200 10852 "https://192.210.134.12" "CNSTX Monitor 1.2"
216.73.217.142 - - [26/Jul/2026:12:10:37 -0400] "GET /detail/staff81777447.html HTTP/1.1" 404 7586 "-" "Mozilla/5.0 AppleWebKit/537.36 (KHTML, like Gecko; compatible; ClaudeBot/1.0; +claudebot@anthropic.com)"
216.73.217.142 - - [26/Jul/2026:12:10:40 -0400] "GET /detail/job41528899.html HTTP/1.1" 404 7586 "-" "Mozilla/5.0 AppleWebKit/537.36 (KHTML, like Gecko; compatible; ClaudeBot/1.0; +claudebot@anthropic.com)"
216.73.217.142 - - [26/Jul/2026:12:10:43 -0400] "GET /detail/wisdo31739658.html HTTP/1.1" 404 7586 "-" "Mozilla/5.0 AppleWebKit/537.36 (KHTML, like Gecko; compatible; ClaudeBot/1.0; +claudebot@anthropic.com)"
216.73.217.142 - - [26/Jul/2026:12:10:46 -0400] "GET /detail/renew32917906.html HTTP/1.1" 404 7586 "-" "Mozilla/5.0 AppleWebKit/537.36 (KHTML, like Gecko; compatible; ClaudeBot/1.0; +claudebot@anthropic.com)"
216.73.217.142 - - [26/Jul/2026:12:10:52 -0400] "GET /detail/free31436586.html HTTP/1.1" 404 7586 "-" "Mozilla/5.0 AppleWebKit/537.36 (KHTML, like Gecko; compatible; ClaudeBot/1.0; +claudebot@anthropic.com)"
216.73.217.142 - - [26/Jul/2026:12:10:55 -0400] "GET /detail/shy71796342.html HTTP/1.1" 404 7586 "-" "Mozilla/5.0 AppleWebKit/537.36 (KHTML, like Gecko; compatible; ClaudeBot/1.0; +claudebot@anthropic.com)"
216.73.217.142 - - [26/Jul/2026:12:10:58 -0400] "GET /detail/enjoy10476792.html HTTP/1.1" 404 7586 "-" "Mozilla/5.0 AppleWebKit/537.36 (KHTML, like Gecko; compatible; ClaudeBot/1.0; +claudebot@anthropic.com)"
216.73.217.142 - - [26/Jul/2026:12:11:01 -0400] "GET /detail/owe42634835.html HTTP/1.1" 404 7586 "-" "Mozilla/5.0 AppleWebKit/537.36 (KHTML, like Gecko; compatible; ClaudeBot/1.0; +claudebot@anthropic.com)"
216.73.217.142 - - [26/Jul/2026:12:11:05 -0400] "GET /detail/centu81625143.html HTTP/1.1" 404 7586 "-" "Mozilla/5.0 AppleWebKit/537.36 (KHTML, like Gecko; compatible; ClaudeBot/1.0; +claudebot@anthropic.com)"
216.73.217.142 - - [26/Jul/2026:12:11:08 -0400] "GET /detail/scrub31115986.html HTTP/1.1" 404 7586 "-" "Mozilla/5.0 AppleWebKit/537.36 (KHTML, like Gecko; compatible; ClaudeBot/1.0; +claudebot@anthropic.com)"
216.73.217.142 - - [26/Jul/2026:12:11:11 -0400] "GET /detail/mask51658180.html HTTP/1.1" 404 7586 "-" "Mozilla/5.0 AppleWebKit/537.36 (KHTML, like Gecko; compatible; ClaudeBot/1.0; +claudebot@anthropic.com)"
216.73.217.142 - - [26/Jul/2026:12:11:14 -0400] "GET /detail/heal41378803.html HTTP/1.1" 404 7586 "-" "Mozilla/5.0 AppleWebKit/537.36 (KHTML, like Gecko; compatible; ClaudeBot/1.0; +claudebot@anthropic.com)"
216.73.217.142 - - [26/Jul/2026:12:11:20 -0400] "GET /detail/stret30090498.html HTTP/1.1" 404 7586 "-" "Mozilla/5.0 AppleWebKit/537.36 (KHTML, like Gecko; compatible; ClaudeBot/1.0; +claudebot@anthropic.com)"
216.73.217.142 - - [26/Jul/2026:12:11:23 -0400] "GET /detail/pale51202556.html HTTP/1.1" 404 7586 "-" "Mozilla/5.0 AppleWebKit/537.36 (KHTML, like Gecko; compatible; ClaudeBot/1.0; +claudebot@anthropic.com)"
216.73.217.142 - - [26/Jul/2026:12:11:26 -0400] "GET /detail/coope12614264.html HTTP/1.1" 404 7586 "-" "Mozilla/5.0 AppleWebKit/537.36 (KHTML, like Gecko; compatible; ClaudeBot/1.0; +claudebot@anthropic.com)"
216.73.217.142 - - [26/Jul/2026:12:11:29 -0400] "GET /detail/salad12004056.html HTTP/1.1" 404 7586 "-" "Mozilla/5.0 AppleWebKit/537.36 (KHTML, like Gecko; compatible; ClaudeBot/1.0; +claudebot@anthropic.com)"
179.43.174.147 - - [26/Jul/2026:12:11:36 -0400] "GET / HTTP/1.1" 301 1 "-" "CNSTX Monitor 1.2"
179.43.174.147 - - [26/Jul/2026:12:11:36 -0400] "GET / HTTP/1.1" 200 10852 "https://192.210.134.12" "CNSTX Monitor 1.2"
94.23.188.203 - - [26/Jul/2026:12:12:10 -0400] "GET /wp-sitemap.xml HTTP/1.1" 200 164 "-" "Mozilla/5.0 (compatible; AhrefsBot/7.0; +http://ahrefs.com/robot/)"
37.59.204.156 - - [26/Jul/2026:12:12:14 -0400] "GET /sitemapa.xml HTTP/1.1" 200 13429 "-" "Mozilla/5.0 (compatible; AhrefsBot/7.0; +http://ahrefs.com/robot/)"
216.73.217.142 - - [26/Jul/2026:12:12:15 -0400] "GET /detail/lion11396392.html HTTP/1.1" 404 7586 "-" "Mozilla/5.0 AppleWebKit/537.36 (KHTML, like Gecko; compatible; ClaudeBot/1.0; +claudebot@anthropic.com)"
176.31.139.5 - - [26/Jul/2026:12:12:18 -0400] "GET /sitemapb.xml HTTP/1.1" 200 10956 "-" "Mozilla/5.0 (compatible; AhrefsBot/7.0; +http://ahrefs.com/robot/)"
216.73.217.142 - - [26/Jul/2026:12:12:18 -0400] "GET /detail/silen71812590.html HTTP/1.1" 404 7586 "-" "Mozilla/5.0 AppleWebKit/537.36 (KHTML, like Gecko; compatible; ClaudeBot/1.0; +claudebot@anthropic.com)"
216.73.217.142 - - [26/Jul/2026:12:12:21 -0400] "GET /detail/draug72179662.html HTTP/1.1" 404 7586 "-" "Mozilla/5.0 AppleWebKit/537.36 (KHTML, like Gecko; compatible; ClaudeBot/1.0; +claudebot@anthropic.com)"
92.222.104.206 - - [26/Jul/2026:12:12:22 -0400] "GET /sitemapc.xml HTTP/1.1" 200 17044 "-" "Mozilla/5.0 (compatible; AhrefsBot/7.0; +http://ahrefs.com/robot/)"
216.73.217.142 - - [26/Jul/2026:12:12:24 -0400] "GET /detail/gear81182175.html HTTP/1.1" 404 7586 "-" "Mozilla/5.0 AppleWebKit/537.36 (KHTML, like Gecko; compatible; ClaudeBot/1.0; +claudebot@anthropic.com)"
51.68.247.195 - - [26/Jul/2026:12:12:26 -0400] "GET /sitemapd.xml HTTP/1.1" 200 13805 "-" "Mozilla/5.0 (compatible; AhrefsBot/7.0; +http://ahrefs.com/robot/)"
37.59.204.145 - - [26/Jul/2026:12:12:29 -0400] "GET /sitemape.xml HTTP/1.1" 200 11480 "-" "Mozilla/5.0 (compatible; AhrefsBot/7.0; +http://ahrefs.com/robot/)"
51.75.236.143 - - [26/Jul/2026:12:12:33 -0400] "GET /sitemapf.xml HTTP/1.1" 200 15403 "-" "Mozilla/5.0 (compatible; AhrefsBot/7.0; +http://ahrefs.com/robot/)"
179.43.174.147 - - [26/Jul/2026:12:12:36 -0400] "GET / HTTP/1.1" 301 1 "-" "CNSTX Monitor 1.2"
216.73.217.142 - - [26/Jul/2026:12:12:36 -0400] "GET /detail/illne30080474.html HTTP/1.1" 404 7586 "-" "Mozilla/5.0 AppleWebKit/537.36 (KHTML, like Gecko; compatible; ClaudeBot/1.0; +claudebot@anthropic.com)"
179.43.174.147 - - [26/Jul/2026:12:12:36 -0400] "GET / HTTP/1.1" 200 10852 "https://192.210.134.12" "CNSTX Monitor 1.2"
51.75.236.137 - - [26/Jul/2026:12:12:37 -0400] "GET /sitemapg.xml HTTP/1.1" 200 14561 "-" "Mozilla/5.0 (compatible; AhrefsBot/7.0; +http://ahrefs.com/robot/)"
216.73.217.142 - - [26/Jul/2026:12:12:39 -0400] "GET /detail/boom70787758.html HTTP/1.1" 404 7586 "-" "Mozilla/5.0 AppleWebKit/537.36 (KHTML, like Gecko; compatible; ClaudeBot/1.0; +claudebot@anthropic.com)"
54.37.118.83 - - [26/Jul/2026:12:12:41 -0400] "GET /sitemaph.xml HTTP/1.1" 200 16289 "-" "Mozilla/5.0 (compatible; AhrefsBot/7.0; +http://ahrefs.com/robot/)"
216.73.217.142 - - [26/Jul/2026:12:12:42 -0400] "GET /detail/sudde21824249.html HTTP/1.1" 404 7586 "-" "Mozilla/5.0 AppleWebKit/537.36 (KHTML, like Gecko; compatible; ClaudeBot/1.0; +claudebot@anthropic.com)"
92.222.108.122 - - [26/Jul/2026:12:12:45 -0400] "GET /sitemapi.xml HTTP/1.1" 200 16166 "-" "Mozilla/5.0 (compatible; AhrefsBot/7.0; +http://ahrefs.com/robot/)"
216.73.217.142 - - [26/Jul/2026:12:12:45 -0400] "GET /detail/adven82426735.html HTTP/1.1" 404 7586 "-" "Mozilla/5.0 AppleWebKit/537.36 (KHTML, like Gecko; compatible; ClaudeBot/1.0; +claudebot@anthropic.com)"
51.68.247.216 - - [26/Jul/2026:12:12:49 -0400] "GET /sitemapj.xml HTTP/1.1" 200 17399 "-" "Mozilla/5.0 (compatible; AhrefsBot/7.0; +http://ahrefs.com/robot/)"
216.73.217.142 - - [26/Jul/2026:12:12:50 -0400] "GET /detail/airpl71872142.html HTTP/1.1" 404 7586 "-" "Mozilla/5.0 AppleWebKit/537.36 (KHTML, like Gecko; compatible; ClaudeBot/1.0; +claudebot@anthropic.com)"
176.31.139.13 - - [26/Jul/2026:12:12:53 -0400] "GET /sitemapk.xml HTTP/1.1" 200 14983 "-" "Mozilla/5.0 (compatible; AhrefsBot/7.0; +http://ahrefs.com/robot/)"
216.73.217.142 - - [26/Jul/2026:12:12:53 -0400] "GET /detail/kink11995848.html HTTP/1.1" 404 7586 "-" "Mozilla/5.0 AppleWebKit/537.36 (KHTML, like Gecko; compatible; ClaudeBot/1.0; +claudebot@anthropic.com)"
216.73.217.142 - - [26/Jul/2026:12:12:56 -0400] "GET /detail/inspe82458199.html HTTP/1.1" 404 7586 "-" "Mozilla/5.0 AppleWebKit/537.36 (KHTML, like Gecko; compatible; ClaudeBot/1.0; +claudebot@anthropic.com)"
54.37.118.94 - - [26/Jul/2026:12:12:56 -0400] "GET /sitemapl.xml HTTP/1.1" 200 17312 "-" "Mozilla/5.0 (compatible; AhrefsBot/7.0; +http://ahrefs.com/robot/)"
216.73.217.142 - - [26/Jul/2026:12:12:59 -0400] "GET /detail/burst72234862.html HTTP/1.1" 404 7586 "-" "Mozilla/5.0 AppleWebKit/537.36 (KHTML, like Gecko; compatible; ClaudeBot/1.0; +claudebot@anthropic.com)"
37.59.204.151 - - [26/Jul/2026:12:13:00 -0400] "GET /sitemapm.xml HTTP/1.1" 200 14759 "-" "Mozilla/5.0 (compatible; AhrefsBot/7.0; +http://ahrefs.com/robot/)"
216.73.217.142 - - [26/Jul/2026:12:13:03 -0400] "GET /detail/humou12090880.html HTTP/1.1" 404 7586 "-" "Mozilla/5.0 AppleWebKit/537.36 (KHTML, like Gecko; compatible; ClaudeBot/1.0; +claudebot@anthropic.com)"
37.59.204.138 - - [26/Jul/2026:12:13:04 -0400] "GET /sitemapn.xml HTTP/1.1" 200 9560 "-" "Mozilla/5.0 (compatible; AhrefsBot/7.0; +http://ahrefs.com/robot/)"
216.73.217.142 - - [26/Jul/2026:12:13:06 -0400] "GET /detail/suspe81266103.html HTTP/1.1" 404 7586 "-" "Mozilla/5.0 AppleWebKit/537.36 (KHTML, like Gecko; compatible; ClaudeBot/1.0; +claudebot@anthropic.com)"
54.37.118.89 - - [26/Jul/2026:12:13:08 -0400] "GET /sitemapo.xml HTTP/1.1" 200 15116 "-" "Mozilla/5.0 (compatible; AhrefsBot/7.0; +http://ahrefs.com/robot/)"
216.73.217.142 - - [26/Jul/2026:12:13:09 -0400] "GET /detail/scary22841705.html HTTP/1.1" 404 7586 "-" "Mozilla/5.0 AppleWebKit/537.36 (KHTML, like Gecko; compatible; ClaudeBot/1.0; +claudebot@anthropic.com)"
216.73.217.142 - - [26/Jul/2026:12:13:12 -0400] "GET /detail/bang12846712.html HTTP/1.1" 404 7586 "-" "Mozilla/5.0 AppleWebKit/537.36 (KHTML, like Gecko; compatible; ClaudeBot/1.0; +claudebot@anthropic.com)"
216.73.217.142 - - [26/Jul/2026:12:13:15 -0400] "GET /detail/kink11027848.html HTTP/1.1" 404 7586 "-" "Mozilla/5.0 AppleWebKit/537.36 (KHTML, like Gecko; compatible; ClaudeBot/1.0; +claudebot@anthropic.com)"
216.73.217.142 - - [26/Jul/2026:12:13:20 -0400] "GET /detail/overn41491267.html HTTP/1.1" 404 7586 "-" "Mozilla/5.0 AppleWebKit/537.36 (KHTML, like Gecko; compatible; ClaudeBot/1.0; +claudebot@anthropic.com)"
216.73.217.142 - - [26/Jul/2026:12:13:23 -0400] "GET /detail/knob51043244.html HTTP/1.1" 404 7586 "-" "Mozilla/5.0 AppleWebKit/537.36 (KHTML, like Gecko; compatible; ClaudeBot/1.0; +claudebot@anthropic.com)"
216.73.217.142 - - [26/Jul/2026:12:13:26 -0400] "GET /detail/likew62783413.html HTTP/1.1" 404 7586 "-" "Mozilla/5.0 AppleWebKit/537.36 (KHTML, like Gecko; compatible; ClaudeBot/1.0; +claudebot@anthropic.com)"
216.73.217.142 - - [26/Jul/2026:12:13:29 -0400] "GET /detail/shut62485661.html HTTP/1.1" 404 7586 "-" "Mozilla/5.0 AppleWebKit/537.36 (KHTML, like Gecko; compatible; ClaudeBot/1.0; +claudebot@anthropic.com)"
216.73.217.142 - - [26/Jul/2026:12:13:33 -0400] "GET /detail/hotel20448673.html HTTP/1.1" 404 7586 "-" "Mozilla/5.0 AppleWebKit/537.36 (KHTML, like Gecko; compatible; ClaudeBot/1.0; +claudebot@anthropic.com)"
179.43.174.147 - - [26/Jul/2026:12:13:36 -0400] "GET / HTTP/1.1" 301 1 "-" "CNSTX Monitor 1.2"
216.73.217.142 - - [26/Jul/2026:12:13:36 -0400] "GET /detail/melt51230420.html HTTP/1.1" 404 7586 "-" "Mozilla/5.0 AppleWebKit/537.36 (KHTML, like Gecko; compatible; ClaudeBot/1.0; +claudebot@anthropic.com)"
179.43.174.147 - - [26/Jul/2026:12:13:36 -0400] "GET / HTTP/1.1" 200 10852 "https://192.210.134.12" "CNSTX Monitor 1.2"
216.73.217.142 - - [26/Jul/2026:12:13:39 -0400] "GET /detail/lemon60841173.html HTTP/1.1" 404 7586 "-" "Mozilla/5.0 AppleWebKit/537.36 (KHTML, like Gecko; compatible; ClaudeBot/1.0; +claudebot@anthropic.com)"
216.73.217.142 - - [26/Jul/2026:12:13:42 -0400] "GET /detail/devel11556808.html HTTP/1.1" 404 7586 "-" "Mozilla/5.0 AppleWebKit/537.36 (KHTML, like Gecko; compatible; ClaudeBot/1.0; +claudebot@anthropic.com)"
216.73.217.142 - - [26/Jul/2026:12:13:45 -0400] "GET /detail/hallw41921715.html HTTP/1.1" 404 7586 "-" "Mozilla/5.0 AppleWebKit/537.36 (KHTML, like Gecko; compatible; ClaudeBot/1.0; +claudebot@anthropic.com)"
216.73.217.142 - - [26/Jul/2026:12:14:05 -0400] "GET /detail/seaso80068623.html HTTP/1.1" 404 7586 "-" "Mozilla/5.0 AppleWebKit/537.36 (KHTML, like Gecko; compatible; ClaudeBot/1.0; +claudebot@anthropic.com)"
216.73.217.142 - - [26/Jul/2026:12:14:08 -0400] "GET /detail/truly31027762.html HTTP/1.1" 404 7586 "-" "Mozilla/5.0 AppleWebKit/537.36 (KHTML, like Gecko; compatible; ClaudeBot/1.0; +claudebot@anthropic.com)"
216.73.217.142 - - [26/Jul/2026:12:14:11 -0400] "GET /detail/proud40005131.html HTTP/1.1" 404 7586 "-" "Mozilla/5.0 AppleWebKit/537.36 (KHTML, like Gecko; compatible; ClaudeBot/1.0; +claudebot@anthropic.com)"
216.73.217.142 - - [26/Jul/2026:12:14:14 -0400] "GET /detail/arise80830855.html HTTP/1.1" 404 7586 "-" "Mozilla/5.0 AppleWebKit/537.36 (KHTML, like Gecko; compatible; ClaudeBot/1.0; +claudebot@anthropic.com)"
216.73.217.142 - - [26/Jul/2026:12:14:19 -0400] "GET /detail/fur72315646.html HTTP/1.1" 404 7586 "-" "Mozilla/5.0 AppleWebKit/537.36 (KHTML, like Gecko; compatible; ClaudeBot/1.0; +claudebot@anthropic.com)"
179.43.174.147 - - [26/Jul/2026:12:14:36 -0400] "GET / HTTP/1.1" 301 1 "-" "CNSTX Monitor 1.2"
179.43.174.147 - - [26/Jul/2026:12:14:36 -0400] "GET / HTTP/1.1" 200 10852 "https://192.210.134.12" "CNSTX Monitor 1.2"
216.73.217.142 - - [26/Jul/2026:12:14:55 -0400] "GET /detail/impat82715415.html HTTP/1.1" 404 7586 "-" "Mozilla/5.0 AppleWebKit/537.36 (KHTML, like Gecko; compatible; ClaudeBot/1.0; +claudebot@anthropic.com)"
216.73.217.142 - - [26/Jul/2026:12:14:58 -0400] "GET /detail/spade11995624.html HTTP/1.1" 404 7586 "-" "Mozilla/5.0 AppleWebKit/537.36 (KHTML, like Gecko; compatible; ClaudeBot/1.0; +claudebot@anthropic.com)"
216.73.217.142 - - [26/Jul/2026:12:15:01 -0400] "GET /detail/badly12635144.html HTTP/1.1" 404 7586 "-" "Mozilla/5.0 AppleWebKit/537.36 (KHTML, like Gecko; compatible; ClaudeBot/1.0; +claudebot@anthropic.com)"
216.73.217.142 - - [26/Jul/2026:12:15:04 -0400] "GET /detail/biote60983741.html HTTP/1.1" 404 7586 "-" "Mozilla/5.0 AppleWebKit/537.36 (KHTML, like Gecko; compatible; ClaudeBot/1.0; +claudebot@anthropic.com)"
192.210.134.12 - - [26/Jul/2026:12:15:25 -0400] "POST /wp-cron.php?doing_wp_cron=1785082525.6063709259033203125000 HTTP/1.1" 200 1 "-" "WordPress/6.9; https://melbournecourtapartments.com"
216.73.217.142 - - [26/Jul/2026:12:15:25 -0400] "GET /detail/monum41514483.html HTTP/1.1" 404 7586 "-" "Mozilla/5.0 AppleWebKit/537.36 (KHTML, like Gecko; compatible; ClaudeBot/1.0; +claudebot@anthropic.com)"
216.73.217.142 - - [26/Jul/2026:12:15:28 -0400] "GET /detail/supre22334761.html HTTP/1.1" 404 7586 "-" "Mozilla/5.0 AppleWebKit/537.36 (KHTML, like Gecko; compatible; ClaudeBot/1.0; +claudebot@anthropic.com)"
216.73.217.142 - - [26/Jul/2026:12:15:31 -0400] "GET /detail/loss22251185.html HTTP/1.1" 404 7586 "-" "Mozilla/5.0 AppleWebKit/537.36 (KHTML, like Gecko; compatible; ClaudeBot/1.0; +claudebot@anthropic.com)"
216.73.217.142 - - [26/Jul/2026:12:15:34 -0400] "GET /detail/revis50550276.html HTTP/1.1" 404 7586 "-" "Mozilla/5.0 AppleWebKit/537.36 (KHTML, like Gecko; compatible; ClaudeBot/1.0; +claudebot@anthropic.com)"
179.43.174.147 - - [26/Jul/2026:12:15:36 -0400] "GET / HTTP/1.1" 301 1 "-" "CNSTX Monitor 1.2"
179.43.174.147 - - [26/Jul/2026:12:15:36 -0400] "GET / HTTP/1.1" 200 10852 "https://192.210.134.12" "CNSTX Monitor 1.2"
216.73.217.142 - - [26/Jul/2026:12:15:40 -0400] "GET /detail/passe51308260.html HTTP/1.1" 404 7586 "-" "Mozilla/5.0 AppleWebKit/537.36 (KHTML, like Gecko; compatible; ClaudeBot/1.0; +claudebot@anthropic.com)"
216.73.217.142 - - [26/Jul/2026:12:15:43 -0400] "GET /detail/brake71186982.html HTTP/1.1" 404 7586 "-" "Mozilla/5.0 AppleWebKit/537.36 (KHTML, like Gecko; compatible; ClaudeBot/1.0; +claudebot@anthropic.com)"
216.73.217.142 - - [26/Jul/2026:12:15:46 -0400] "GET /detail/theor31553826.html HTTP/1.1" 404 7586 "-" "Mozilla/5.0 AppleWebKit/537.36 (KHTML, like Gecko; compatible; ClaudeBot/1.0; +claudebot@anthropic.com)"
216.73.217.142 - - [26/Jul/2026:12:15:49 -0400] "GET /detail/conju70849350.html HTTP/1.1" 404 7586 "-" "Mozilla/5.0 AppleWebKit/537.36 (KHTML, like Gecko; compatible; ClaudeBot/1.0; +claudebot@anthropic.com)"
216.73.217.142 - - [26/Jul/2026:12:15:56 -0400] "GET /detail/keen80057663.html HTTP/1.1" 404 7586 "-" "Mozilla/5.0 AppleWebKit/537.36 (KHTML, like Gecko; compatible; ClaudeBot/1.0; +claudebot@anthropic.com)"
216.73.217.142 - - [26/Jul/2026:12:16:00 -0400] "GET /detail/mothe12788160.html HTTP/1.1" 404 7586 "-" "Mozilla/5.0 AppleWebKit/537.36 (KHTML, like Gecko; compatible; ClaudeBot/1.0; +claudebot@anthropic.com)"
216.73.217.142 - - [26/Jul/2026:12:16:03 -0400] "GET /detail/museu52164900.html HTTP/1.1" 404 7586 "-" "Mozilla/5.0 AppleWebKit/537.36 (KHTML, like Gecko; compatible; ClaudeBot/1.0; +claudebot@anthropic.com)"
216.73.217.142 - - [26/Jul/2026:12:16:06 -0400] "GET /detail/provi31108194.html HTTP/1.1" 404 7586 "-" "Mozilla/5.0 AppleWebKit/537.36 (KHTML, like Gecko; compatible; ClaudeBot/1.0; +claudebot@anthropic.com)"
216.73.217.142 - - [26/Jul/2026:12:16:09 -0400] "GET /detail/await82203231.html HTTP/1.1" 404 7586 "-" "Mozilla/5.0 AppleWebKit/537.36 (KHTML, like Gecko; compatible; ClaudeBot/1.0; +claudebot@anthropic.com)"
216.73.217.142 - - [26/Jul/2026:12:16:14 -0400] "GET /detail/asset62674309.html HTTP/1.1" 404 7586 "-" "Mozilla/5.0 AppleWebKit/537.36 (KHTML, like Gecko; compatible; ClaudeBot/1.0; +claudebot@anthropic.com)"
216.73.217.142 - - [26/Jul/2026:12:16:16 -0400] "GET /detail/infin32209730.html HTTP/1.1" 404 7586 "-" "Mozilla/5.0 AppleWebKit/537.36 (KHTML, like Gecko; compatible; ClaudeBot/1.0; +claudebot@anthropic.com)"
216.73.217.142 - - [26/Jul/2026:12:16:19 -0400] "GET /detail/crop21911305.html HTTP/1.1" 404 7586 "-" "Mozilla/5.0 AppleWebKit/537.36 (KHTML, like Gecko; compatible; ClaudeBot/1.0; +claudebot@anthropic.com)"
216.73.217.142 - - [26/Jul/2026:12:16:22 -0400] "GET /detail/preju72266046.html HTTP/1.1" 404 7586 "-" "Mozilla/5.0 AppleWebKit/537.36 (KHTML, like Gecko; compatible; ClaudeBot/1.0; +claudebot@anthropic.com)"
216.73.217.142 - - [26/Jul/2026:12:16:25 -0400] "GET /detail/dream52165732.html HTTP/1.1" 404 7586 "-" "Mozilla/5.0 AppleWebKit/537.36 (KHTML, like Gecko; compatible; ClaudeBot/1.0; +claudebot@anthropic.com)"
216.73.217.142 - - [26/Jul/2026:12:16:28 -0400] "GET /detail/rigor62570317.html HTTP/1.1" 404 7586 "-" "Mozilla/5.0 AppleWebKit/537.36 (KHTML, like Gecko; compatible; ClaudeBot/1.0; +claudebot@anthropic.com)"
216.73.217.142 - - [26/Jul/2026:12:16:35 -0400] "GET /detail/spit31879738.html HTTP/1.1" 404 7586 "-" "Mozilla/5.0 AppleWebKit/537.36 (KHTML, like Gecko; compatible; ClaudeBot/1.0; +claudebot@anthropic.com)"
179.43.174.147 - - [26/Jul/2026:12:16:36 -0400] "GET / HTTP/1.1" 301 1 "-" "CNSTX Monitor 1.2"
179.43.174.147 - - [26/Jul/2026:12:16:36 -0400] "GET / HTTP/1.1" 200 10852 "https://192.210.134.12" "CNSTX Monitor 1.2"
216.73.217.142 - - [26/Jul/2026:12:16:38 -0400] "GET /detail/dishw21358297.html HTTP/1.1" 404 7586 "-" "Mozilla/5.0 AppleWebKit/537.36 (KHTML, like Gecko; compatible; ClaudeBot/1.0; +claudebot@anthropic.com)"
216.73.217.142 - - [26/Jul/2026:12:16:41 -0400] "GET /detail/negot72685814.html HTTP/1.1" 404 7586 "-" "Mozilla/5.0 AppleWebKit/537.36 (KHTML, like Gecko; compatible; ClaudeBot/1.0; +claudebot@anthropic.com)"
216.73.217.142 - - [26/Jul/2026:12:16:44 -0400] "GET /detail/verif30226706.html HTTP/1.1" 404 7586 "-" "Mozilla/5.0 AppleWebKit/537.36 (KHTML, like Gecko; compatible; ClaudeBot/1.0; +claudebot@anthropic.com)"
216.73.217.142 - - [26/Jul/2026:12:16:49 -0400] "GET /detail/real11368848.html HTTP/1.1" 404 7586 "-" "Mozilla/5.0 AppleWebKit/537.36 (KHTML, like Gecko; compatible; ClaudeBot/1.0; +claudebot@anthropic.com)"
216.73.217.142 - - [26/Jul/2026:12:16:52 -0400] "GET /detail/absen80084815.html HTTP/1.1" 404 7586 "-" "Mozilla/5.0 AppleWebKit/537.36 (KHTML, like Gecko; compatible; ClaudeBot/1.0; +claudebot@anthropic.com)"
216.73.217.142 - - [26/Jul/2026:12:16:55 -0400] "GET /detail/dirt62307613.html HTTP/1.1" 404 7586 "-" "Mozilla/5.0 AppleWebKit/537.36 (KHTML, like Gecko; compatible; ClaudeBot/1.0; +claudebot@anthropic.com)"
216.73.217.142 - - [26/Jul/2026:12:16:58 -0400] "GET /detail/femal72007374.html HTTP/1.1" 404 7586 "-" "Mozilla/5.0 AppleWebKit/537.36 (KHTML, like Gecko; compatible; ClaudeBot/1.0; +claudebot@anthropic.com)"
216.73.217.142 - - [26/Jul/2026:12:17:01 -0400] "GET /detail/latel32186458.html HTTP/1.1" 404 7586 "-" "Mozilla/5.0 AppleWebKit/537.36 (KHTML, like Gecko; compatible; ClaudeBot/1.0; +claudebot@anthropic.com)"
216.73.217.142 - - [26/Jul/2026:12:17:04 -0400] "GET /detail/hope62196509.html HTTP/1.1" 404 7586 "-" "Mozilla/5.0 AppleWebKit/537.36 (KHTML, like Gecko; compatible; ClaudeBot/1.0; +claudebot@anthropic.com)"
216.73.217.142 - - [26/Jul/2026:12:17:12 -0400] "GET /detail/soak51971492.html HTTP/1.1" 404 7586 "-" "Mozilla/5.0 AppleWebKit/537.36 (KHTML, like Gecko; compatible; ClaudeBot/1.0; +claudebot@anthropic.com)"
216.73.217.142 - - [26/Jul/2026:12:17:15 -0400] "GET /detail/onus21615873.html HTTP/1.1" 404 7586 "-" "Mozilla/5.0 AppleWebKit/537.36 (KHTML, like Gecko; compatible; ClaudeBot/1.0; +claudebot@anthropic.com)"
216.73.217.142 - - [26/Jul/2026:12:17:18 -0400] "GET /detail/awry72511822.html HTTP/1.1" 404 7586 "-" "Mozilla/5.0 AppleWebKit/537.36 (KHTML, like Gecko; compatible; ClaudeBot/1.0; +claudebot@anthropic.com)"
216.73.217.142 - - [26/Jul/2026:12:17:21 -0400] "GET /detail/insur10182616.html HTTP/1.1" 404 7586 "-" "Mozilla/5.0 AppleWebKit/537.36 (KHTML, like Gecko; compatible; ClaudeBot/1.0; +claudebot@anthropic.com)"
216.73.217.142 - - [26/Jul/2026:12:17:24 -0400] "GET /detail/heat72180910.html HTTP/1.1" 404 7586 "-" "Mozilla/5.0 AppleWebKit/537.36 (KHTML, like Gecko; compatible; ClaudeBot/1.0; +claudebot@anthropic.com)"
216.73.217.142 - - [26/Jul/2026:12:17:27 -0400] "GET /detail/insec82193599.html HTTP/1.1" 404 7586 "-" "Mozilla/5.0 AppleWebKit/537.36 (KHTML, like Gecko; compatible; ClaudeBot/1.0; +claudebot@anthropic.com)"
