216.73.217.142 - - [26/Jul/2026:08:50:33 -0400] "GET /detail/mute42291083.html HTTP/1.1" 404 7586 "-" "Mozilla/5.0 AppleWebKit/537.36 (KHTML, like Gecko; compatible; ClaudeBot/1.0; +claudebot@anthropic.com)"
216.73.217.142 - - [26/Jul/2026:08:50:36 -0400] "GET /detail/curse21599473.html HTTP/1.1" 404 7586 "-" "Mozilla/5.0 AppleWebKit/537.36 (KHTML, like Gecko; compatible; ClaudeBot/1.0; +claudebot@anthropic.com)"
179.43.174.147 - - [26/Jul/2026:08:50:36 -0400] "GET / HTTP/1.1" 301 1 "-" "CNSTX Monitor 1.2"
179.43.174.147 - - [26/Jul/2026:08:50:37 -0400] "GET / HTTP/1.1" 200 10852 "https://192.210.134.12" "CNSTX Monitor 1.2"
216.73.217.142 - - [26/Jul/2026:08:50:39 -0400] "GET /detail/color80577639.html HTTP/1.1" 404 7586 "-" "Mozilla/5.0 AppleWebKit/537.36 (KHTML, like Gecko; compatible; ClaudeBot/1.0; +claudebot@anthropic.com)"
216.73.217.142 - - [26/Jul/2026:08:50:42 -0400] "GET /detail/amazi32917762.html HTTP/1.1" 404 7586 "-" "Mozilla/5.0 AppleWebKit/537.36 (KHTML, like Gecko; compatible; ClaudeBot/1.0; +claudebot@anthropic.com)"
216.73.217.142 - - [26/Jul/2026:08:50:47 -0400] "GET /detail/sexis81603655.html HTTP/1.1" 404 7586 "-" "Mozilla/5.0 AppleWebKit/537.36 (KHTML, like Gecko; compatible; ClaudeBot/1.0; +claudebot@anthropic.com)"
216.73.217.142 - - [26/Jul/2026:08:50:50 -0400] "GET /detail/livin71950470.html HTTP/1.1" 404 7586 "-" "Mozilla/5.0 AppleWebKit/537.36 (KHTML, like Gecko; compatible; ClaudeBot/1.0; +claudebot@anthropic.com)"
216.73.217.142 - - [26/Jul/2026:08:50:53 -0400] "GET /detail/curre61129909.html HTTP/1.1" 404 7586 "-" "Mozilla/5.0 AppleWebKit/537.36 (KHTML, like Gecko; compatible; ClaudeBot/1.0; +claudebot@anthropic.com)"
216.73.217.142 - - [26/Jul/2026:08:50:56 -0400] "GET /detail/diagr61231125.html HTTP/1.1" 404 7586 "-" "Mozilla/5.0 AppleWebKit/537.36 (KHTML, like Gecko; compatible; ClaudeBot/1.0; +claudebot@anthropic.com)"
216.73.217.142 - - [26/Jul/2026:08:50:59 -0400] "GET /detail/fight42349739.html HTTP/1.1" 404 7586 "-" "Mozilla/5.0 AppleWebKit/537.36 (KHTML, like Gecko; compatible; ClaudeBot/1.0; +claudebot@anthropic.com)"
216.73.217.142 - - [26/Jul/2026:08:51:02 -0400] "GET /detail/nearl82076135.html HTTP/1.1" 404 7586 "-" "Mozilla/5.0 AppleWebKit/537.36 (KHTML, like Gecko; compatible; ClaudeBot/1.0; +claudebot@anthropic.com)"
216.73.217.142 - - [26/Jul/2026:08:51:05 -0400] "GET /detail/nearl82572135.html HTTP/1.1" 404 7586 "-" "Mozilla/5.0 AppleWebKit/537.36 (KHTML, like Gecko; compatible; ClaudeBot/1.0; +claudebot@anthropic.com)"
216.73.217.142 - - [26/Jul/2026:08:51:08 -0400] "GET /detail/sexis80255655.html HTTP/1.1" 404 7586 "-" "Mozilla/5.0 AppleWebKit/537.36 (KHTML, like Gecko; compatible; ClaudeBot/1.0; +claudebot@anthropic.com)"
216.73.217.142 - - [26/Jul/2026:08:51:11 -0400] "GET /detail/sale70008646.html HTTP/1.1" 404 7586 "-" "Mozilla/5.0 AppleWebKit/537.36 (KHTML, like Gecko; compatible; ClaudeBot/1.0; +claudebot@anthropic.com)"
216.73.217.142 - - [26/Jul/2026:08:51:14 -0400] "GET /detail/repor72992206.html HTTP/1.1" 404 7586 "-" "Mozilla/5.0 AppleWebKit/537.36 (KHTML, like Gecko; compatible; ClaudeBot/1.0; +claudebot@anthropic.com)"
216.73.217.142 - - [26/Jul/2026:08:51:17 -0400] "GET /detail/nearl81268135.html HTTP/1.1" 404 7586 "-" "Mozilla/5.0 AppleWebKit/537.36 (KHTML, like Gecko; compatible; ClaudeBot/1.0; +claudebot@anthropic.com)"
216.73.217.142 - - [26/Jul/2026:08:51:20 -0400] "GET /detail/livin71234470.html HTTP/1.1" 404 7586 "-" "Mozilla/5.0 AppleWebKit/537.36 (KHTML, like Gecko; compatible; ClaudeBot/1.0; +claudebot@anthropic.com)"
216.73.217.142 - - [26/Jul/2026:08:51:23 -0400] "GET /detail/food11493288.html HTTP/1.1" 404 7586 "-" "Mozilla/5.0 AppleWebKit/537.36 (KHTML, like Gecko; compatible; ClaudeBot/1.0; +claudebot@anthropic.com)"
216.73.217.142 - - [26/Jul/2026:08:51:26 -0400] "GET /detail/diagr61259125.html HTTP/1.1" 404 7586 "-" "Mozilla/5.0 AppleWebKit/537.36 (KHTML, like Gecko; compatible; ClaudeBot/1.0; +claudebot@anthropic.com)"
216.73.217.142 - - [26/Jul/2026:08:51:29 -0400] "GET /detail/purpo11357800.html HTTP/1.1" 404 7586 "-" "Mozilla/5.0 AppleWebKit/537.36 (KHTML, like Gecko; compatible; ClaudeBot/1.0; +claudebot@anthropic.com)"
216.73.217.142 - - [26/Jul/2026:08:51:32 -0400] "GET /detail/heigh20884129.html HTTP/1.1" 404 7586 "-" "Mozilla/5.0 AppleWebKit/537.36 (KHTML, like Gecko; compatible; ClaudeBot/1.0; +claudebot@anthropic.com)"
216.73.217.142 - - [26/Jul/2026:08:51:35 -0400] "GET /detail/picni41041299.html HTTP/1.1" 404 7586 "-" "Mozilla/5.0 AppleWebKit/537.36 (KHTML, like Gecko; compatible; ClaudeBot/1.0; +claudebot@anthropic.com)"
179.43.174.147 - - [26/Jul/2026:08:51:36 -0400] "GET / HTTP/1.1" 301 1 "-" "CNSTX Monitor 1.2"
179.43.174.147 - - [26/Jul/2026:08:51:37 -0400] "GET / HTTP/1.1" 200 10852 "https://192.210.134.12" "CNSTX Monitor 1.2"
216.73.217.142 - - [26/Jul/2026:08:51:38 -0400] "GET /detail/anywa50321244.html HTTP/1.1" 404 7586 "-" "Mozilla/5.0 AppleWebKit/537.36 (KHTML, like Gecko; compatible; ClaudeBot/1.0; +claudebot@anthropic.com)"
216.73.217.142 - - [26/Jul/2026:08:51:41 -0400] "GET /detail/faith71941974.html HTTP/1.1" 404 7586 "-" "Mozilla/5.0 AppleWebKit/537.36 (KHTML, like Gecko; compatible; ClaudeBot/1.0; +claudebot@anthropic.com)"
216.73.217.142 - - [26/Jul/2026:08:51:44 -0400] "GET /detail/girl31628546.html HTTP/1.1" 404 7586 "-" "Mozilla/5.0 AppleWebKit/537.36 (KHTML, like Gecko; compatible; ClaudeBot/1.0; +claudebot@anthropic.com)"
216.73.217.142 - - [26/Jul/2026:08:51:47 -0400] "GET /detail/girl31416546.html HTTP/1.1" 404 7586 "-" "Mozilla/5.0 AppleWebKit/537.36 (KHTML, like Gecko; compatible; ClaudeBot/1.0; +claudebot@anthropic.com)"
216.73.217.142 - - [26/Jul/2026:08:51:50 -0400] "GET /detail/navig41878883.html HTTP/1.1" 404 7586 "-" "Mozilla/5.0 AppleWebKit/537.36 (KHTML, like Gecko; compatible; ClaudeBot/1.0; +claudebot@anthropic.com)"
216.73.217.142 - - [26/Jul/2026:08:51:53 -0400] "GET /detail/fussy61910301.html HTTP/1.1" 404 7586 "-" "Mozilla/5.0 AppleWebKit/537.36 (KHTML, like Gecko; compatible; ClaudeBot/1.0; +claudebot@anthropic.com)"
216.73.217.142 - - [26/Jul/2026:08:51:56 -0400] "GET /detail/bid60918093.html HTTP/1.1" 404 7586 "-" "Mozilla/5.0 AppleWebKit/537.36 (KHTML, like Gecko; compatible; ClaudeBot/1.0; +claudebot@anthropic.com)"
216.73.217.142 - - [26/Jul/2026:08:51:59 -0400] "GET /detail/wife11864512.html HTTP/1.1" 404 7586 "-" "Mozilla/5.0 AppleWebKit/537.36 (KHTML, like Gecko; compatible; ClaudeBot/1.0; +claudebot@anthropic.com)"
216.73.217.142 - - [26/Jul/2026:08:52:02 -0400] "GET /detail/sexis82643655.html HTTP/1.1" 404 7586 "-" "Mozilla/5.0 AppleWebKit/537.36 (KHTML, like Gecko; compatible; ClaudeBot/1.0; +claudebot@anthropic.com)"
216.73.217.142 - - [26/Jul/2026:08:52:06 -0400] "GET /detail/trunk82383343.html HTTP/1.1" 404 7586 "-" "Mozilla/5.0 AppleWebKit/537.36 (KHTML, like Gecko; compatible; ClaudeBot/1.0; +claudebot@anthropic.com)"
216.73.217.142 - - [26/Jul/2026:08:52:09 -0400] "GET /detail/actio71817286.html HTTP/1.1" 404 7586 "-" "Mozilla/5.0 AppleWebKit/537.36 (KHTML, like Gecko; compatible; ClaudeBot/1.0; +claudebot@anthropic.com)"
216.73.217.142 - - [26/Jul/2026:08:52:12 -0400] "GET /detail/pace21779033.html HTTP/1.1" 404 7586 "-" "Mozilla/5.0 AppleWebKit/537.36 (KHTML, like Gecko; compatible; ClaudeBot/1.0; +claudebot@anthropic.com)"
216.73.217.142 - - [26/Jul/2026:08:52:16 -0400] "GET /detail/separ72068654.html HTTP/1.1" 404 7586 "-" "Mozilla/5.0 AppleWebKit/537.36 (KHTML, like Gecko; compatible; ClaudeBot/1.0; +claudebot@anthropic.com)"
216.73.217.142 - - [26/Jul/2026:08:52:19 -0400] "GET /detail/faint51030740.html HTTP/1.1" 404 7586 "-" "Mozilla/5.0 AppleWebKit/537.36 (KHTML, like Gecko; compatible; ClaudeBot/1.0; +claudebot@anthropic.com)"
216.73.217.142 - - [26/Jul/2026:08:52:22 -0400] "GET /detail/such31289050.html HTTP/1.1" 404 7586 "-" "Mozilla/5.0 AppleWebKit/537.36 (KHTML, like Gecko; compatible; ClaudeBot/1.0; +claudebot@anthropic.com)"
216.73.217.142 - - [26/Jul/2026:08:52:25 -0400] "GET /detail/emerg80225895.html HTTP/1.1" 404 7586 "-" "Mozilla/5.0 AppleWebKit/537.36 (KHTML, like Gecko; compatible; ClaudeBot/1.0; +claudebot@anthropic.com)"
179.43.174.147 - - [26/Jul/2026:08:52:36 -0400] "GET / HTTP/1.1" 301 1 "-" "CNSTX Monitor 1.2"
179.43.174.147 - - [26/Jul/2026:08:52:36 -0400] "GET / HTTP/1.1" 200 10852 "https://192.210.134.12" "CNSTX Monitor 1.2"
216.73.217.142 - - [26/Jul/2026:08:52:41 -0400] "GET /detail/ambit12498384.html HTTP/1.1" 404 7586 "-" "Mozilla/5.0 AppleWebKit/537.36 (KHTML, like Gecko; compatible; ClaudeBot/1.0; +claudebot@anthropic.com)"
216.73.217.142 - - [26/Jul/2026:08:52:44 -0400] "GET /detail/prope30632602.html HTTP/1.1" 404 7586 "-" "Mozilla/5.0 AppleWebKit/537.36 (KHTML, like Gecko; compatible; ClaudeBot/1.0; +claudebot@anthropic.com)"
216.73.217.142 - - [26/Jul/2026:08:52:47 -0400] "GET /detail/queen30800170.html HTTP/1.1" 404 7586 "-" "Mozilla/5.0 AppleWebKit/537.36 (KHTML, like Gecko; compatible; ClaudeBot/1.0; +claudebot@anthropic.com)"
216.73.217.142 - - [26/Jul/2026:08:52:50 -0400] "GET /detail/pilot82517263.html HTTP/1.1" 404 7586 "-" "Mozilla/5.0 AppleWebKit/537.36 (KHTML, like Gecko; compatible; ClaudeBot/1.0; +claudebot@anthropic.com)"
216.73.217.142 - - [26/Jul/2026:08:52:53 -0400] "GET /detail/lime11583128.html HTTP/1.1" 404 7586 "-" "Mozilla/5.0 AppleWebKit/537.36 (KHTML, like Gecko; compatible; ClaudeBot/1.0; +claudebot@anthropic.com)"
216.73.217.142 - - [26/Jul/2026:08:52:56 -0400] "GET /detail/four60312189.html HTTP/1.1" 404 7586 "-" "Mozilla/5.0 AppleWebKit/537.36 (KHTML, like Gecko; compatible; ClaudeBot/1.0; +claudebot@anthropic.com)"
216.73.217.142 - - [26/Jul/2026:08:52:59 -0400] "GET /detail/comb42154707.html HTTP/1.1" 404 7586 "-" "Mozilla/5.0 AppleWebKit/537.36 (KHTML, like Gecko; compatible; ClaudeBot/1.0; +claudebot@anthropic.com)"
216.73.217.142 - - [26/Jul/2026:08:53:04 -0400] "GET /detail/circu41778115.html HTTP/1.1" 404 7586 "-" "Mozilla/5.0 AppleWebKit/537.36 (KHTML, like Gecko; compatible; ClaudeBot/1.0; +claudebot@anthropic.com)"
216.73.217.142 - - [26/Jul/2026:08:53:07 -0400] "GET /detail/persp81734415.html HTTP/1.1" 404 7586 "-" "Mozilla/5.0 AppleWebKit/537.36 (KHTML, like Gecko; compatible; ClaudeBot/1.0; +claudebot@anthropic.com)"
216.73.217.142 - - [26/Jul/2026:08:53:10 -0400] "GET /detail/fox62652117.html HTTP/1.1" 404 7586 "-" "Mozilla/5.0 AppleWebKit/537.36 (KHTML, like Gecko; compatible; ClaudeBot/1.0; +claudebot@anthropic.com)"
216.73.217.142 - - [26/Jul/2026:08:53:13 -0400] "GET /detail/flap20831969.html HTTP/1.1" 404 7586 "-" "Mozilla/5.0 AppleWebKit/537.36 (KHTML, like Gecko; compatible; ClaudeBot/1.0; +claudebot@anthropic.com)"
216.73.217.142 - - [26/Jul/2026:08:53:20 -0400] "GET /detail/disag80831383.html HTTP/1.1" 404 7586 "-" "Mozilla/5.0 AppleWebKit/537.36 (KHTML, like Gecko; compatible; ClaudeBot/1.0; +claudebot@anthropic.com)"
216.73.217.142 - - [26/Jul/2026:08:53:23 -0400] "GET /detail/cliff61522573.html HTTP/1.1" 404 7586 "-" "Mozilla/5.0 AppleWebKit/537.36 (KHTML, like Gecko; compatible; ClaudeBot/1.0; +claudebot@anthropic.com)"
216.73.217.142 - - [26/Jul/2026:08:53:26 -0400] "GET /detail/awry72031822.html HTTP/1.1" 404 7586 "-" "Mozilla/5.0 AppleWebKit/537.36 (KHTML, like Gecko; compatible; ClaudeBot/1.0; +claudebot@anthropic.com)"
216.73.217.142 - - [26/Jul/2026:08:53:29 -0400] "GET /detail/massi22137985.html HTTP/1.1" 404 7586 "-" "Mozilla/5.0 AppleWebKit/537.36 (KHTML, like Gecko; compatible; ClaudeBot/1.0; +claudebot@anthropic.com)"
216.73.217.142 - - [26/Jul/2026:08:53:32 -0400] "GET /detail/pet71061174.html HTTP/1.1" 404 7586 "-" "Mozilla/5.0 AppleWebKit/537.36 (KHTML, like Gecko; compatible; ClaudeBot/1.0; +claudebot@anthropic.com)"
216.73.217.142 - - [26/Jul/2026:08:53:35 -0400] "GET /detail/absen82504815.html HTTP/1.1" 404 7586 "-" "Mozilla/5.0 AppleWebKit/537.36 (KHTML, like Gecko; compatible; ClaudeBot/1.0; +claudebot@anthropic.com)"
179.43.174.147 - - [26/Jul/2026:08:53:36 -0400] "GET / HTTP/1.1" 301 1 "-" "CNSTX Monitor 1.2"
179.43.174.147 - - [26/Jul/2026:08:53:36 -0400] "GET / HTTP/1.1" 200 10852 "https://192.210.134.12" "CNSTX Monitor 1.2"
216.73.217.142 - - [26/Jul/2026:08:53:38 -0400] "GET /detail/telep51152940.html HTTP/1.1" 404 7586 "-" "Mozilla/5.0 AppleWebKit/537.36 (KHTML, like Gecko; compatible; ClaudeBot/1.0; +claudebot@anthropic.com)"
216.73.217.142 - - [26/Jul/2026:08:53:41 -0400] "GET /detail/hot12128432.html HTTP/1.1" 404 7586 "-" "Mozilla/5.0 AppleWebKit/537.36 (KHTML, like Gecko; compatible; ClaudeBot/1.0; +claudebot@anthropic.com)"
216.73.217.142 - - [26/Jul/2026:08:53:44 -0400] "GET /detail/eve10191176.html HTTP/1.1" 404 7586 "-" "Mozilla/5.0 AppleWebKit/537.36 (KHTML, like Gecko; compatible; ClaudeBot/1.0; +claudebot@anthropic.com)"
216.73.217.142 - - [26/Jul/2026:08:53:47 -0400] "GET /detail/easyg31718186.html HTTP/1.1" 404 7586 "-" "Mozilla/5.0 AppleWebKit/537.36 (KHTML, like Gecko; compatible; ClaudeBot/1.0; +claudebot@anthropic.com)"
216.73.217.142 - - [26/Jul/2026:08:53:50 -0400] "GET /detail/sourc40902283.html HTTP/1.1" 404 7586 "-" "Mozilla/5.0 AppleWebKit/537.36 (KHTML, like Gecko; compatible; ClaudeBot/1.0; +claudebot@anthropic.com)"
216.73.217.142 - - [26/Jul/2026:08:53:53 -0400] "GET /detail/picni41789299.html HTTP/1.1" 404 7586 "-" "Mozilla/5.0 AppleWebKit/537.36 (KHTML, like Gecko; compatible; ClaudeBot/1.0; +claudebot@anthropic.com)"
216.73.217.142 - - [26/Jul/2026:08:53:56 -0400] "GET /detail/tiger61052981.html HTTP/1.1" 404 7586 "-" "Mozilla/5.0 AppleWebKit/537.36 (KHTML, like Gecko; compatible; ClaudeBot/1.0; +claudebot@anthropic.com)"
216.73.217.142 - - [26/Jul/2026:08:53:59 -0400] "GET /detail/asset60658309.html HTTP/1.1" 404 7586 "-" "Mozilla/5.0 AppleWebKit/537.36 (KHTML, like Gecko; compatible; ClaudeBot/1.0; +claudebot@anthropic.com)"
216.73.217.142 - - [26/Jul/2026:08:54:02 -0400] "GET /detail/cafet31951458.html HTTP/1.1" 404 7586 "-" "Mozilla/5.0 AppleWebKit/537.36 (KHTML, like Gecko; compatible; ClaudeBot/1.0; +claudebot@anthropic.com)"
216.73.217.142 - - [26/Jul/2026:08:54:05 -0400] "GET /detail/manki72211430.html HTTP/1.1" 404 7586 "-" "Mozilla/5.0 AppleWebKit/537.36 (KHTML, like Gecko; compatible; ClaudeBot/1.0; +claudebot@anthropic.com)"
216.73.217.142 - - [26/Jul/2026:08:54:08 -0400] "GET /detail/till41120523.html HTTP/1.1" 404 7586 "-" "Mozilla/5.0 AppleWebKit/537.36 (KHTML, like Gecko; compatible; ClaudeBot/1.0; +claudebot@anthropic.com)"
216.73.217.142 - - [26/Jul/2026:08:54:11 -0400] "GET /detail/gloom40814059.html HTTP/1.1" 404 7586 "-" "Mozilla/5.0 AppleWebKit/537.36 (KHTML, like Gecko; compatible; ClaudeBot/1.0; +claudebot@anthropic.com)"
216.73.217.142 - - [26/Jul/2026:08:54:14 -0400] "GET /detail/fresh60040453.html HTTP/1.1" 404 7586 "-" "Mozilla/5.0 AppleWebKit/537.36 (KHTML, like Gecko; compatible; ClaudeBot/1.0; +claudebot@anthropic.com)"
216.73.217.142 - - [26/Jul/2026:08:54:17 -0400] "GET /detail/chimn71770574.html HTTP/1.1" 404 7586 "-" "Mozilla/5.0 AppleWebKit/537.36 (KHTML, like Gecko; compatible; ClaudeBot/1.0; +claudebot@anthropic.com)"
104.28.165.219 - - [26/Jul/2026:08:54:34 -0400] "POST /?rest_route=/batch/v1 HTTP/1.1" 207 16 "-" "Mozilla/5.0"
104.28.165.219 - - [26/Jul/2026:08:54:35 -0400] "POST /?rest_route=/batch/v1 HTTP/1.1" 207 182633 "-" "Mozilla/5.0"
179.43.174.147 - - [26/Jul/2026:08:54:36 -0400] "GET / HTTP/1.1" 301 1 "-" "CNSTX Monitor 1.2"
179.43.174.147 - - [26/Jul/2026:08:54:37 -0400] "GET / HTTP/1.1" 200 10852 "https://192.210.134.12" "CNSTX Monitor 1.2"
104.28.165.219 - - [26/Jul/2026:08:54:37 -0400] "GET /?rest_route=%2Fwp%2Fv2%2Fposts&per_page=1&_fields=link HTTP/1.1" 200 2 "-" "Mozilla/5.0"
104.28.165.219 - - [26/Jul/2026:08:54:38 -0400] "GET /?rest_route=%2Fwp%2Fv2%2Fpages&per_page=1&_fields=link HTTP/1.1" 200 63 "-" "Mozilla/5.0"
104.28.165.219 - - [26/Jul/2026:08:54:39 -0400] "POST /?rest_route=/batch/v1 HTTP/1.1" 207 5418 "-" "Mozilla/5.0"
104.28.165.219 - - [26/Jul/2026:08:54:41 -0400] "POST /?rest_route=/batch/v1 HTTP/1.1" 207 182820 "-" "Mozilla/5.0"
104.28.165.219 - - [26/Jul/2026:08:54:43 -0400] "POST /?rest_route=/batch/v1 HTTP/1.1" 207 182869 "-" "Mozilla/5.0"
216.73.217.142 - - [26/Jul/2026:08:54:44 -0400] "GET /detail/hardw60542253.html HTTP/1.1" 404 7586 "-" "Mozilla/5.0 AppleWebKit/537.36 (KHTML, like Gecko; compatible; ClaudeBot/1.0; +claudebot@anthropic.com)"
104.28.165.219 - - [26/Jul/2026:08:54:45 -0400] "POST /?rest_route=/batch/v1 HTTP/1.1" 207 182818 "-" "Mozilla/5.0"
216.73.217.142 - - [26/Jul/2026:08:54:46 -0400] "GET /detail/griev51910996.html HTTP/1.1" 404 7586 "-" "Mozilla/5.0 AppleWebKit/537.36 (KHTML, like Gecko; compatible; ClaudeBot/1.0; +claudebot@anthropic.com)"
104.28.165.219 - - [26/Jul/2026:08:54:47 -0400] "POST /?rest_route=/batch/v1 HTTP/1.1" 207 182820 "-" "Mozilla/5.0"
104.28.165.219 - - [26/Jul/2026:08:54:48 -0400] "POST /?rest_route=/batch/v1 HTTP/1.1" 207 182817 "-" "Mozilla/5.0"
216.73.217.142 - - [26/Jul/2026:08:54:49 -0400] "GET /detail/foul52899972.html HTTP/1.1" 404 7586 "-" "Mozilla/5.0 AppleWebKit/537.36 (KHTML, like Gecko; compatible; ClaudeBot/1.0; +claudebot@anthropic.com)"
104.28.165.219 - - [26/Jul/2026:08:54:50 -0400] "POST /?rest_route=/batch/v1 HTTP/1.1" 207 3410 "-" "Mozilla/5.0"
104.28.165.219 - - [26/Jul/2026:08:54:52 -0400] "GET /wp-login.php HTTP/1.1" 200 6467 "-" "Mozilla/5.0"
216.73.217.142 - - [26/Jul/2026:08:54:52 -0400] "GET /detail/cart32839610.html HTTP/1.1" 404 7586 "-" "Mozilla/5.0 AppleWebKit/537.36 (KHTML, like Gecko; compatible; ClaudeBot/1.0; +claudebot@anthropic.com)"
104.28.165.219 - - [26/Jul/2026:08:54:53 -0400] "POST /wp-login.php HTTP/1.1" 302 - "-" "Mozilla/5.0"
104.28.165.219 - - [26/Jul/2026:08:54:55 -0400] "GET /wp-login.php?redirect_to=https%3A%2F%2Fmelbournecourtapartments.com%2Fwp-admin%2F&action=confirm_admin_email&wp_lang=en_US HTTP/1.1" 200 3670 "-" "Mozilla/5.0"
216.73.217.142 - - [26/Jul/2026:08:54:55 -0400] "GET /detail/twin10505528.html HTTP/1.1" 404 7586 "-" "Mozilla/5.0 AppleWebKit/537.36 (KHTML, like Gecko; compatible; ClaudeBot/1.0; +claudebot@anthropic.com)"
104.28.165.219 - - [26/Jul/2026:08:54:56 -0400] "GET /wp-admin/plugin-install.php?tab=upload HTTP/1.1" 404 48968 "-" "Mozilla/5.0"
104.28.165.219 - - [26/Jul/2026:08:54:58 -0400] "POST /wp-admin/update.php?action=upload-plugin HTTP/1.1" 404 48970 "-" "Mozilla/5.0"
216.73.217.142 - - [26/Jul/2026:08:54:58 -0400] "GET /detail/pop30805386.html HTTP/1.1" 404 7586 "-" "Mozilla/5.0 AppleWebKit/537.36 (KHTML, like Gecko; compatible; ClaudeBot/1.0; +claudebot@anthropic.com)"
104.28.165.219 - - [26/Jul/2026:08:54:59 -0400] "GET /wp-content/plugins/nx_up_b795c12d/nx_up_b795c12d.php HTTP/1.1" 404 48982 "-" "Mozilla/5.0"
216.73.217.142 - - [26/Jul/2026:08:55:02 -0400] "GET /detail/biote61451741.html HTTP/1.1" 404 7586 "-" "Mozilla/5.0 AppleWebKit/537.36 (KHTML, like Gecko; compatible; ClaudeBot/1.0; +claudebot@anthropic.com)"
104.28.165.219 - - [26/Jul/2026:08:55:02 -0400] "GET /wp-content/plugins/nx_up_b795c12d/nx_up_b795c12d.php HTTP/1.1" 404 48982 "-" "Mozilla/5.0"
216.73.217.142 - - [26/Jul/2026:08:55:05 -0400] "GET /detail/milit20058329.html HTTP/1.1" 404 7586 "-" "Mozilla/5.0 AppleWebKit/537.36 (KHTML, like Gecko; compatible; ClaudeBot/1.0; +claudebot@anthropic.com)"
104.28.165.219 - - [26/Jul/2026:08:55:05 -0400] "GET /wp-content/plugins/nx_up_b795c12d/nx_up_b795c12d.php HTTP/1.1" 404 48982 "-" "Mozilla/5.0"
104.28.165.219 - - [26/Jul/2026:08:55:06 -0400] "POST /wp-admin/update.php?action=upload-plugin&from=plugins HTTP/1.1" 404 48987 "-" "Mozilla/5.0"
216.73.217.142 - - [26/Jul/2026:08:55:08 -0400] "GET /detail/boast10631480.html HTTP/1.1" 404 7586 "-" "Mozilla/5.0 AppleWebKit/537.36 (KHTML, like Gecko; compatible; ClaudeBot/1.0; +claudebot@anthropic.com)"
104.28.165.219 - - [26/Jul/2026:08:55:08 -0400] "GET /wp-content/plugins/nx_up_b795c12d/nx_up_b795c12d.php HTTP/1.1" 404 48982 "-" "Mozilla/5.0"
104.28.165.219 - - [26/Jul/2026:08:55:10 -0400] "GET /wp-content/plugins/nx_up_b795c12d/nx_up_b795c12d.php HTTP/1.1" 404 48982 "-" "Mozilla/5.0"
216.73.217.142 - - [26/Jul/2026:08:55:11 -0400] "GET /detail/resul51736188.html HTTP/1.1" 404 7586 "-" "Mozilla/5.0 AppleWebKit/537.36 (KHTML, like Gecko; compatible; ClaudeBot/1.0; +claudebot@anthropic.com)"
104.28.165.219 - - [26/Jul/2026:08:55:13 -0400] "GET /wp-content/plugins/nx_up_b795c12d/nx_up_b795c12d.php HTTP/1.1" 404 48982 "-" "Mozilla/5.0"
216.73.217.142 - - [26/Jul/2026:08:55:14 -0400] "GET /detail/pitch72290910.html HTTP/1.1" 404 7586 "-" "Mozilla/5.0 AppleWebKit/537.36 (KHTML, like Gecko; compatible; ClaudeBot/1.0; +claudebot@anthropic.com)"
104.28.165.219 - - [26/Jul/2026:08:55:15 -0400] "GET /wp-admin/plugin-install.php HTTP/1.1" 404 48953 "-" "Mozilla/5.0"
104.28.165.219 - - [26/Jul/2026:08:55:16 -0400] "POST /wp-admin/update.php?action=upload-plugin HTTP/1.1" 404 48970 "-" "Mozilla/5.0"
216.73.217.142 - - [26/Jul/2026:08:55:17 -0400] "GET /detail/artif40970499.html HTTP/1.1" 404 7586 "-" "Mozilla/5.0 AppleWebKit/537.36 (KHTML, like Gecko; compatible; ClaudeBot/1.0; +claudebot@anthropic.com)"
104.28.165.219 - - [26/Jul/2026:08:55:17 -0400] "GET /wp-content/plugins/nx_up_b795c12d/nx_up_b795c12d.php HTTP/1.1" 404 48982 "-" "Mozilla/5.0"
216.73.217.142 - - [26/Jul/2026:08:55:20 -0400] "GET /detail/stale42330235.html HTTP/1.1" 404 7586 "-" "Mozilla/5.0 AppleWebKit/537.36 (KHTML, like Gecko; compatible; ClaudeBot/1.0; +claudebot@anthropic.com)"
104.28.165.219 - - [26/Jul/2026:08:55:20 -0400] "GET /wp-content/plugins/nx_up_b795c12d/nx_up_b795c12d.php HTTP/1.1" 404 48982 "-" "Mozilla/5.0"
216.73.217.142 - - [26/Jul/2026:08:55:23 -0400] "GET /detail/fashi22421393.html HTTP/1.1" 404 7586 "-" "Mozilla/5.0 AppleWebKit/537.36 (KHTML, like Gecko; compatible; ClaudeBot/1.0; +claudebot@anthropic.com)"
104.28.165.219 - - [26/Jul/2026:08:55:23 -0400] "GET /wp-content/plugins/nx_up_b795c12d/nx_up_b795c12d.php HTTP/1.1" 404 48982 "-" "Mozilla/5.0"
104.28.165.219 - - [26/Jul/2026:08:55:24 -0400] "POST /wp-admin/update.php?action=upload-plugin&from=plugins HTTP/1.1" 404 48987 "-" "Mozilla/5.0"
216.73.217.142 - - [26/Jul/2026:08:55:26 -0400] "GET /detail/shelt82266999.html HTTP/1.1" 404 7586 "-" "Mozilla/5.0 AppleWebKit/537.36 (KHTML, like Gecko; compatible; ClaudeBot/1.0; +claudebot@anthropic.com)"
104.28.165.219 - - [26/Jul/2026:08:55:26 -0400] "GET /wp-content/plugins/nx_up_b795c12d/nx_up_b795c12d.php HTTP/1.1" 404 48982 "-" "Mozilla/5.0"
104.28.165.219 - - [26/Jul/2026:08:55:28 -0400] "GET /wp-content/plugins/nx_up_b795c12d/nx_up_b795c12d.php HTTP/1.1" 404 48982 "-" "Mozilla/5.0"
216.73.217.142 - - [26/Jul/2026:08:55:29 -0400] "GET /detail/farme42757291.html HTTP/1.1" 404 7586 "-" "Mozilla/5.0 AppleWebKit/537.36 (KHTML, like Gecko; compatible; ClaudeBot/1.0; +claudebot@anthropic.com)"
104.28.165.219 - - [26/Jul/2026:08:55:31 -0400] "GET /wp-content/plugins/nx_up_b795c12d/nx_up_b795c12d.php HTTP/1.1" 404 48982 "-" "Mozilla/5.0"
216.73.217.142 - - [26/Jul/2026:08:55:32 -0400] "GET /detail/admir70370374.html HTTP/1.1" 404 7586 "-" "Mozilla/5.0 AppleWebKit/537.36 (KHTML, like Gecko; compatible; ClaudeBot/1.0; +claudebot@anthropic.com)"
104.28.165.219 - - [26/Jul/2026:08:55:33 -0400] "GET /wp-admin/plugins.php?page=plugin-install&tab=upload HTTP/1.1" 403 2516 "-" "Mozilla/5.0"
104.28.165.219 - - [26/Jul/2026:08:55:34 -0400] "GET /wp-admin/theme-install.php?tab=upload HTTP/1.1" 404 48967 "-" "Mozilla/5.0"
216.73.217.142 - - [26/Jul/2026:08:55:35 -0400] "GET /detail/rebui12695656.html HTTP/1.1" 404 7586 "-" "Mozilla/5.0 AppleWebKit/537.36 (KHTML, like Gecko; compatible; ClaudeBot/1.0; +claudebot@anthropic.com)"
179.43.174.147 - - [26/Jul/2026:08:55:36 -0400] "GET / HTTP/1.1" 301 1 "-" "CNSTX Monitor 1.2"
104.28.165.219 - - [26/Jul/2026:08:55:36 -0400] "POST /wp-admin/update.php?action=upload-theme HTTP/1.1" 404 48969 "-" "Mozilla/5.0"
179.43.174.147 - - [26/Jul/2026:08:55:36 -0400] "GET / HTTP/1.1" 200 10852 "https://192.210.134.12" "CNSTX Monitor 1.2"
216.73.217.142 - - [26/Jul/2026:08:55:38 -0400] "GET /detail/attem31117466.html HTTP/1.1" 404 7586 "-" "Mozilla/5.0 AppleWebKit/537.36 (KHTML, like Gecko; compatible; ClaudeBot/1.0; +claudebot@anthropic.com)"
104.28.165.219 - - [26/Jul/2026:08:55:38 -0400] "GET /wp-content/themes/nx_th_f8ed0e/nx-up.php HTTP/1.1" 404 48970 "-" "Mozilla/5.0"
216.73.217.142 - - [26/Jul/2026:08:55:41 -0400] "GET /detail/dispu21854009.html HTTP/1.1" 404 7586 "-" "Mozilla/5.0 AppleWebKit/537.36 (KHTML, like Gecko; compatible; ClaudeBot/1.0; +claudebot@anthropic.com)"
104.28.165.219 - - [26/Jul/2026:08:55:41 -0400] "GET /wp-content/themes/nx_th_f8ed0e/nx-up.php HTTP/1.1" 404 48970 "-" "Mozilla/5.0"
216.73.217.142 - - [26/Jul/2026:08:55:44 -0400] "GET /detail/taste52641180.html HTTP/1.1" 404 7586 "-" "Mozilla/5.0 AppleWebKit/537.36 (KHTML, like Gecko; compatible; ClaudeBot/1.0; +claudebot@anthropic.com)"
104.28.165.219 - - [26/Jul/2026:08:55:44 -0400] "GET /wp-content/themes/nx_th_f8ed0e/nx-up.php HTTP/1.1" 404 48970 "-" "Mozilla/5.0"
104.28.165.219 - - [26/Jul/2026:08:55:45 -0400] "GET /wp-admin/theme-install.php HTTP/1.1" 404 48952 "-" "Mozilla/5.0"
216.73.217.142 - - [26/Jul/2026:08:55:47 -0400] "GET /detail/crane12431536.html HTTP/1.1" 404 7586 "-" "Mozilla/5.0 AppleWebKit/537.36 (KHTML, like Gecko; compatible; ClaudeBot/1.0; +claudebot@anthropic.com)"
104.28.165.219 - - [26/Jul/2026:08:55:47 -0400] "POST /wp-admin/update.php?action=upload-theme HTTP/1.1" 404 48969 "-" "Mozilla/5.0"
104.28.165.219 - - [26/Jul/2026:08:55:48 -0400] "GET /wp-content/themes/nx_th_f8ed0e/nx-up.php HTTP/1.1" 404 48970 "-" "Mozilla/5.0"
104.28.165.219 - - [26/Jul/2026:08:55:51 -0400] "GET /wp-content/themes/nx_th_f8ed0e/nx-up.php HTTP/1.1" 404 48970 "-" "Mozilla/5.0"
104.28.165.219 - - [26/Jul/2026:08:55:54 -0400] "GET /wp-content/themes/nx_th_f8ed0e/nx-up.php HTTP/1.1" 404 48970 "-" "Mozilla/5.0"
216.73.217.142 - - [26/Jul/2026:08:55:55 -0400] "GET /detail/marin31683018.html HTTP/1.1" 404 7586 "-" "Mozilla/5.0 AppleWebKit/537.36 (KHTML, like Gecko; compatible; ClaudeBot/1.0; +claudebot@anthropic.com)"
104.28.165.219 - - [26/Jul/2026:08:55:55 -0400] "GET /wp-admin/themes.php?page=theme-install&tab=upload HTTP/1.1" 403 2516 "-" "Mozilla/5.0"
104.28.165.219 - - [26/Jul/2026:08:55:56 -0400] "GET /wp-admin/ HTTP/1.1" 200 218976 "-" "Mozilla/5.0"
216.73.217.142 - - [26/Jul/2026:08:55:57 -0400] "GET /detail/rail11090968.html HTTP/1.1" 404 7586 "-" "Mozilla/5.0 AppleWebKit/537.36 (KHTML, like Gecko; compatible; ClaudeBot/1.0; +claudebot@anthropic.com)"
104.28.165.219 - - [26/Jul/2026:08:55:58 -0400] "POST /wp-json/wp/v2/plugins HTTP/1.1" 403 90 "-" "Mozilla/5.0"
104.28.165.219 - - [26/Jul/2026:08:55:59 -0400] "POST /?rest_route=/wp/v2/plugins HTTP/1.1" 403 90 "-" "Mozilla/5.0"
216.73.217.142 - - [26/Jul/2026:08:56:00 -0400] "GET /detail/cinem42020859.html HTTP/1.1" 404 7586 "-" "Mozilla/5.0 AppleWebKit/537.36 (KHTML, like Gecko; compatible; ClaudeBot/1.0; +claudebot@anthropic.com)"
104.28.165.219 - - [26/Jul/2026:08:56:01 -0400] "GET /wp-admin/plugin-editor.php HTTP/1.1" 200 180017 "-" "Mozilla/5.0"
104.28.165.219 - - [26/Jul/2026:08:56:02 -0400] "POST /wp-admin/plugin-editor.php HTTP/1.1" 500 2503 "-" "Mozilla/5.0"
216.73.217.142 - - [26/Jul/2026:08:56:03 -0400] "GET /detail/love50860988.html HTTP/1.1" 404 7586 "-" "Mozilla/5.0 AppleWebKit/537.36 (KHTML, like Gecko; compatible; ClaudeBot/1.0; +claudebot@anthropic.com)"
104.28.165.219 - - [26/Jul/2026:08:56:04 -0400] "GET /wp-content/plugins/nx_up_b795c12d/nx_up_b795c12d.php HTTP/1.1" 404 48982 "-" "Mozilla/5.0"
216.73.217.142 - - [26/Jul/2026:08:56:06 -0400] "GET /detail/diamo51907068.html HTTP/1.1" 404 7586 "-" "Mozilla/5.0 AppleWebKit/537.36 (KHTML, like Gecko; compatible; ClaudeBot/1.0; +claudebot@anthropic.com)"
104.28.165.219 - - [26/Jul/2026:08:56:07 -0400] "GET /wp-content/plugins/nx_up_b795c12d/nx_up_b795c12d.php HTTP/1.1" 404 48982 "-" "Mozilla/5.0"
104.28.165.219 - - [26/Jul/2026:08:56:09 -0400] "GET /wp-content/plugins/nx_up_b795c12d/nx_up_b795c12d.php HTTP/1.1" 404 48982 "-" "Mozilla/5.0"
216.73.217.142 - - [26/Jul/2026:08:56:09 -0400] "GET /detail/stick70729510.html HTTP/1.1" 404 7586 "-" "Mozilla/5.0 AppleWebKit/537.36 (KHTML, like Gecko; compatible; ClaudeBot/1.0; +claudebot@anthropic.com)"
104.28.165.219 - - [26/Jul/2026:08:56:11 -0400] "POST /wp-admin/plugin-editor.php HTTP/1.1" 500 2503 "-" "Mozilla/5.0"
104.28.165.219 - - [26/Jul/2026:08:56:12 -0400] "GET /wp-content/plugins/nx_up_b795c12d/nx_up_b795c12d.php HTTP/1.1" 404 48982 "-" "Mozilla/5.0"
216.73.217.142 - - [26/Jul/2026:08:56:12 -0400] "GET /detail/dug70443942.html HTTP/1.1" 404 7586 "-" "Mozilla/5.0 AppleWebKit/537.36 (KHTML, like Gecko; compatible; ClaudeBot/1.0; +claudebot@anthropic.com)"
104.28.165.219 - - [26/Jul/2026:08:56:15 -0400] "GET /wp-content/plugins/nx_up_b795c12d/nx_up_b795c12d.php HTTP/1.1" 404 48982 "-" "Mozilla/5.0"
216.73.217.142 - - [26/Jul/2026:08:56:15 -0400] "GET /detail/meado31742514.html HTTP/1.1" 404 7586 "-" "Mozilla/5.0 AppleWebKit/537.36 (KHTML, like Gecko; compatible; ClaudeBot/1.0; +claudebot@anthropic.com)"
104.28.165.219 - - [26/Jul/2026:08:56:16 -0400] "POST /wp-admin/plugin-editor.php HTTP/1.1" 500 2540 "-" "Mozilla/5.0"
104.28.165.219 - - [26/Jul/2026:08:56:18 -0400] "GET /wp-content/plugins/nx_up_b795c12d/nx_up_b795c12d.php HTTP/1.1" 404 48982 "-" "Mozilla/5.0"
216.73.217.142 - - [26/Jul/2026:08:56:18 -0400] "GET /detail/forbi62321669.html HTTP/1.1" 404 7586 "-" "Mozilla/5.0 AppleWebKit/537.36 (KHTML, like Gecko; compatible; ClaudeBot/1.0; +claudebot@anthropic.com)"
104.28.165.219 - - [26/Jul/2026:08:56:21 -0400] "GET /wp-content/plugins/nx_up_b795c12d/nx_up_b795c12d.php HTTP/1.1" 404 48982 "-" "Mozilla/5.0"
216.73.217.142 - - [26/Jul/2026:08:56:21 -0400] "GET /detail/moral11210008.html HTTP/1.1" 404 7586 "-" "Mozilla/5.0 AppleWebKit/537.36 (KHTML, like Gecko; compatible; ClaudeBot/1.0; +claudebot@anthropic.com)"
104.28.165.219 - - [26/Jul/2026:08:56:22 -0400] "POST /wp-admin/plugin-editor.php HTTP/1.1" 500 2503 "-" "Mozilla/5.0"
104.28.165.219 - - [26/Jul/2026:08:56:23 -0400] "GET /wp-content/plugins/nx_up_b795c12d/nx_up_b795c12d.php HTTP/1.1" 404 48982 "-" "Mozilla/5.0"
216.73.217.142 - - [26/Jul/2026:08:56:24 -0400] "GET /detail/costl40419459.html HTTP/1.1" 404 7586 "-" "Mozilla/5.0 AppleWebKit/537.36 (KHTML, like Gecko; compatible; ClaudeBot/1.0; +claudebot@anthropic.com)"
104.28.165.219 - - [26/Jul/2026:08:56:26 -0400] "GET /wp-content/plugins/nx_up_b795c12d/nx_up_b795c12d.php HTTP/1.1" 404 48982 "-" "Mozilla/5.0"
216.73.217.142 - - [26/Jul/2026:08:56:27 -0400] "GET /detail/dove22007961.html HTTP/1.1" 404 7586 "-" "Mozilla/5.0 AppleWebKit/537.36 (KHTML, like Gecko; compatible; ClaudeBot/1.0; +claudebot@anthropic.com)"
104.28.165.219 - - [26/Jul/2026:08:56:28 -0400] "GET /wp-admin/theme-editor.php HTTP/1.1" 404 48951 "-" "Mozilla/5.0"
104.28.165.219 - - [26/Jul/2026:08:56:29 -0400] "POST /wp-admin/theme-editor.php HTTP/1.1" 404 48951 "-" "Mozilla/5.0"
216.73.217.142 - - [26/Jul/2026:08:56:30 -0400] "GET /detail/groan72358694.html HTTP/1.1" 404 7586 "-" "Mozilla/5.0 AppleWebKit/537.36 (KHTML, like Gecko; compatible; ClaudeBot/1.0; +claudebot@anthropic.com)"
104.28.165.219 - - [26/Jul/2026:08:56:31 -0400] "GET /wp-content/themes/create/nx-up.php HTTP/1.1" 404 48964 "-" "Mozilla/5.0"
216.73.217.142 - - [26/Jul/2026:08:56:33 -0400] "GET /detail/theor30701826.html HTTP/1.1" 404 7586 "-" "Mozilla/5.0 AppleWebKit/537.36 (KHTML, like Gecko; compatible; ClaudeBot/1.0; +claudebot@anthropic.com)"
104.28.165.219 - - [26/Jul/2026:08:56:34 -0400] "GET /wp-content/themes/create/nx-up.php HTTP/1.1" 404 48964 "-" "Mozilla/5.0"
179.43.174.147 - - [26/Jul/2026:08:56:36 -0400] "GET / HTTP/1.1" 301 1 "-" "CNSTX Monitor 1.2"
179.43.174.147 - - [26/Jul/2026:08:56:36 -0400] "GET / HTTP/1.1" 200 10852 "https://192.210.134.12" "CNSTX Monitor 1.2"
216.73.217.142 - - [26/Jul/2026:08:56:36 -0400] "GET /detail/farm42993051.html HTTP/1.1" 404 7586 "-" "Mozilla/5.0 AppleWebKit/537.36 (KHTML, like Gecko; compatible; ClaudeBot/1.0; +claudebot@anthropic.com)"
104.28.165.219 - - [26/Jul/2026:08:56:37 -0400] "GET /wp-content/themes/create/nx-up.php HTTP/1.1" 404 48964 "-" "Mozilla/5.0"
216.73.217.142 - - [26/Jul/2026:08:56:39 -0400] "GET /detail/lonel71132878.html HTTP/1.1" 404 7586 "-" "Mozilla/5.0 AppleWebKit/537.36 (KHTML, like Gecko; compatible; ClaudeBot/1.0; +claudebot@anthropic.com)"
216.73.217.142 - - [26/Jul/2026:08:56:42 -0400] "GET /detail/ultim52766388.html HTTP/1.1" 404 7586 "-" "Mozilla/5.0 AppleWebKit/537.36 (KHTML, like Gecko; compatible; ClaudeBot/1.0; +claudebot@anthropic.com)"
216.73.217.142 - - [26/Jul/2026:08:56:45 -0400] "GET /detail/retir10685568.html HTTP/1.1" 404 7586 "-" "Mozilla/5.0 AppleWebKit/537.36 (KHTML, like Gecko; compatible; ClaudeBot/1.0; +claudebot@anthropic.com)"
216.73.217.142 - - [26/Jul/2026:08:56:48 -0400] "GET /detail/radia60271453.html HTTP/1.1" 404 7586 "-" "Mozilla/5.0 AppleWebKit/537.36 (KHTML, like Gecko; compatible; ClaudeBot/1.0; +claudebot@anthropic.com)"
216.73.217.142 - - [26/Jul/2026:08:56:52 -0400] "GET /detail/cucum10723568.html HTTP/1.1" 404 7586 "-" "Mozilla/5.0 AppleWebKit/537.36 (KHTML, like Gecko; compatible; ClaudeBot/1.0; +claudebot@anthropic.com)"
216.73.217.142 - - [26/Jul/2026:08:56:55 -0400] "GET /detail/biote61455741.html HTTP/1.1" 404 7586 "-" "Mozilla/5.0 AppleWebKit/537.36 (KHTML, like Gecko; compatible; ClaudeBot/1.0; +claudebot@anthropic.com)"
216.73.217.142 - - [26/Jul/2026:08:56:58 -0400] "GET /detail/prepo22603633.html HTTP/1.1" 404 7586 "-" "Mozilla/5.0 AppleWebKit/537.36 (KHTML, like Gecko; compatible; ClaudeBot/1.0; +claudebot@anthropic.com)"
216.73.217.142 - - [26/Jul/2026:08:57:01 -0400] "GET /detail/shrie31402930.html HTTP/1.1" 404 7586 "-" "Mozilla/5.0 AppleWebKit/537.36 (KHTML, like Gecko; compatible; ClaudeBot/1.0; +claudebot@anthropic.com)"
216.73.217.142 - - [26/Jul/2026:08:57:04 -0400] "GET /detail/smash10267688.html HTTP/1.1" 404 7586 "-" "Mozilla/5.0 AppleWebKit/537.36 (KHTML, like Gecko; compatible; ClaudeBot/1.0; +claudebot@anthropic.com)"
216.73.217.142 - - [26/Jul/2026:08:57:07 -0400] "GET /detail/gasp32526674.html HTTP/1.1" 404 7586 "-" "Mozilla/5.0 AppleWebKit/537.36 (KHTML, like Gecko; compatible; ClaudeBot/1.0; +claudebot@anthropic.com)"
216.73.217.142 - - [26/Jul/2026:08:57:10 -0400] "GET /detail/lake41388171.html HTTP/1.1" 404 7586 "-" "Mozilla/5.0 AppleWebKit/537.36 (KHTML, like Gecko; compatible; ClaudeBot/1.0; +claudebot@anthropic.com)"
216.73.217.142 - - [26/Jul/2026:08:57:13 -0400] "GET /detail/blame12174376.html HTTP/1.1" 404 7586 "-" "Mozilla/5.0 AppleWebKit/537.36 (KHTML, like Gecko; compatible; ClaudeBot/1.0; +claudebot@anthropic.com)"
216.73.217.142 - - [26/Jul/2026:08:57:16 -0400] "GET /detail/lawn61659229.html HTTP/1.1" 404 7586 "-" "Mozilla/5.0 AppleWebKit/537.36 (KHTML, like Gecko; compatible; ClaudeBot/1.0; +claudebot@anthropic.com)"
216.73.217.142 - - [26/Jul/2026:08:57:19 -0400] "GET /detail/belov40346595.html HTTP/1.1" 404 7586 "-" "Mozilla/5.0 AppleWebKit/537.36 (KHTML, like Gecko; compatible; ClaudeBot/1.0; +claudebot@anthropic.com)"
216.73.217.142 - - [26/Jul/2026:08:57:22 -0400] "GET /detail/draug70631662.html HTTP/1.1" 404 7586 "-" "Mozilla/5.0 AppleWebKit/537.36 (KHTML, like Gecko; compatible; ClaudeBot/1.0; +claudebot@anthropic.com)"
216.73.217.142 - - [26/Jul/2026:08:57:25 -0400] "GET /detail/vest61951901.html HTTP/1.1" 404 7586 "-" "Mozilla/5.0 AppleWebKit/537.36 (KHTML, like Gecko; compatible; ClaudeBot/1.0; +claudebot@anthropic.com)"
216.73.217.142 - - [26/Jul/2026:08:57:28 -0400] "GET /detail/greed80607319.html HTTP/1.1" 404 7586 "-" "Mozilla/5.0 AppleWebKit/537.36 (KHTML, like Gecko; compatible; ClaudeBot/1.0; +claudebot@anthropic.com)"
216.73.217.142 - - [26/Jul/2026:08:57:31 -0400] "GET /detail/chine42048267.html HTTP/1.1" 404 7586 "-" "Mozilla/5.0 AppleWebKit/537.36 (KHTML, like Gecko; compatible; ClaudeBot/1.0; +claudebot@anthropic.com)"
216.73.217.142 - - [26/Jul/2026:08:57:34 -0400] "GET /detail/home61996173.html HTTP/1.1" 404 7586 "-" "Mozilla/5.0 AppleWebKit/537.36 (KHTML, like Gecko; compatible; ClaudeBot/1.0; +claudebot@anthropic.com)"
179.43.174.147 - - [26/Jul/2026:08:57:36 -0400] "GET / HTTP/1.1" 301 1 "-" "CNSTX Monitor 1.2"
179.43.174.147 - - [26/Jul/2026:08:57:36 -0400] "GET / HTTP/1.1" 200 10852 "https://192.210.134.12" "CNSTX Monitor 1.2"
216.73.217.142 - - [26/Jul/2026:08:57:37 -0400] "GET /detail/inher31538146.html HTTP/1.1" 404 7586 "-" "Mozilla/5.0 AppleWebKit/537.36 (KHTML, like Gecko; compatible; ClaudeBot/1.0; +claudebot@anthropic.com)"
216.73.217.142 - - [26/Jul/2026:08:57:40 -0400] "GET /detail/liber62577893.html HTTP/1.1" 404 7586 "-" "Mozilla/5.0 AppleWebKit/537.36 (KHTML, like Gecko; compatible; ClaudeBot/1.0; +claudebot@anthropic.com)"
216.73.217.142 - - [26/Jul/2026:08:57:43 -0400] "GET /detail/favor12953536.html HTTP/1.1" 404 7586 "-" "Mozilla/5.0 AppleWebKit/537.36 (KHTML, like Gecko; compatible; ClaudeBot/1.0; +claudebot@anthropic.com)"
216.73.217.142 - - [26/Jul/2026:08:57:46 -0400] "GET /detail/retai72478190.html HTTP/1.1" 404 7586 "-" "Mozilla/5.0 AppleWebKit/537.36 (KHTML, like Gecko; compatible; ClaudeBot/1.0; +claudebot@anthropic.com)"
216.73.217.142 - - [26/Jul/2026:08:57:49 -0400] "GET /detail/smoke60420349.html HTTP/1.1" 404 7586 "-" "Mozilla/5.0 AppleWebKit/537.36 (KHTML, like Gecko; compatible; ClaudeBot/1.0; +claudebot@anthropic.com)"
216.73.217.142 - - [26/Jul/2026:08:57:52 -0400] "GET /detail/langu42640715.html HTTP/1.1" 404 7586 "-" "Mozilla/5.0 AppleWebKit/537.36 (KHTML, like Gecko; compatible; ClaudeBot/1.0; +claudebot@anthropic.com)"
216.73.217.142 - - [26/Jul/2026:08:57:55 -0400] "GET /detail/tuiti51686212.html HTTP/1.1" 404 7586 "-" "Mozilla/5.0 AppleWebKit/537.36 (KHTML, like Gecko; compatible; ClaudeBot/1.0; +claudebot@anthropic.com)"
216.73.217.142 - - [26/Jul/2026:08:57:58 -0400] "GET /detail/carel11601000.html HTTP/1.1" 404 7586 "-" "Mozilla/5.0 AppleWebKit/537.36 (KHTML, like Gecko; compatible; ClaudeBot/1.0; +claudebot@anthropic.com)"
216.73.217.142 - - [26/Jul/2026:08:58:01 -0400] "GET /detail/signi61822381.html HTTP/1.1" 404 7586 "-" "Mozilla/5.0 AppleWebKit/537.36 (KHTML, like Gecko; compatible; ClaudeBot/1.0; +claudebot@anthropic.com)"
216.73.217.142 - - [26/Jul/2026:08:58:04 -0400] "GET /detail/sulfu50543108.html HTTP/1.1" 404 7586 "-" "Mozilla/5.0 AppleWebKit/537.36 (KHTML, like Gecko; compatible; ClaudeBot/1.0; +claudebot@anthropic.com)"
216.73.217.142 - - [26/Jul/2026:08:58:07 -0400] "GET /detail/pupil10624120.html HTTP/1.1" 404 7586 "-" "Mozilla/5.0 AppleWebKit/537.36 (KHTML, like Gecko; compatible; ClaudeBot/1.0; +claudebot@anthropic.com)"
216.73.217.142 - - [26/Jul/2026:08:58:10 -0400] "GET /detail/japan42448491.html HTTP/1.1" 404 7586 "-" "Mozilla/5.0 AppleWebKit/537.36 (KHTML, like Gecko; compatible; ClaudeBot/1.0; +claudebot@anthropic.com)"
216.73.217.142 - - [26/Jul/2026:08:58:13 -0400] "GET /detail/kilom10049248.html HTTP/1.1" 404 7586 "-" "Mozilla/5.0 AppleWebKit/537.36 (KHTML, like Gecko; compatible; ClaudeBot/1.0; +claudebot@anthropic.com)"
216.73.217.142 - - [26/Jul/2026:08:58:16 -0400] "GET /detail/lake42700171.html HTTP/1.1" 404 7586 "-" "Mozilla/5.0 AppleWebKit/537.36 (KHTML, like Gecko; compatible; ClaudeBot/1.0; +claudebot@anthropic.com)"
216.73.217.142 - - [26/Jul/2026:08:58:19 -0400] "GET /detail/cowar50823284.html HTTP/1.1" 404 7586 "-" "Mozilla/5.0 AppleWebKit/537.36 (KHTML, like Gecko; compatible; ClaudeBot/1.0; +claudebot@anthropic.com)"
216.73.217.142 - - [26/Jul/2026:08:58:22 -0400] "GET /detail/porti21534705.html HTTP/1.1" 404 7586 "-" "Mozilla/5.0 AppleWebKit/537.36 (KHTML, like Gecko; compatible; ClaudeBot/1.0; +claudebot@anthropic.com)"
216.73.217.142 - - [26/Jul/2026:08:58:25 -0400] "GET /detail/undou71390326.html HTTP/1.1" 404 7586 "-" "Mozilla/5.0 AppleWebKit/537.36 (KHTML, like Gecko; compatible; ClaudeBot/1.0; +claudebot@anthropic.com)"
216.73.217.142 - - [26/Jul/2026:08:58:28 -0400] "GET /detail/soda81231695.html HTTP/1.1" 404 7586 "-" "Mozilla/5.0 AppleWebKit/537.36 (KHTML, like Gecko; compatible; ClaudeBot/1.0; +claudebot@anthropic.com)"
216.73.217.142 - - [26/Jul/2026:08:58:31 -0400] "GET /detail/reass12898408.html HTTP/1.1" 404 7586 "-" "Mozilla/5.0 AppleWebKit/537.36 (KHTML, like Gecko; compatible; ClaudeBot/1.0; +claudebot@anthropic.com)"
216.73.217.142 - - [26/Jul/2026:08:58:34 -0400] "GET /detail/gasol42343155.html HTTP/1.1" 404 7586 "-" "Mozilla/5.0 AppleWebKit/537.36 (KHTML, like Gecko; compatible; ClaudeBot/1.0; +claudebot@anthropic.com)"
179.43.174.147 - - [26/Jul/2026:08:58:36 -0400] "GET / HTTP/1.1" 301 1 "-" "CNSTX Monitor 1.2"
179.43.174.147 - - [26/Jul/2026:08:58:37 -0400] "GET / HTTP/1.1" 200 10852 "https://192.210.134.12" "CNSTX Monitor 1.2"
216.73.217.142 - - [26/Jul/2026:08:58:37 -0400] "GET /detail/stock42838075.html HTTP/1.1" 404 7586 "-" "Mozilla/5.0 AppleWebKit/537.36 (KHTML, like Gecko; compatible; ClaudeBot/1.0; +claudebot@anthropic.com)"
216.73.217.142 - - [26/Jul/2026:08:58:40 -0400] "GET /detail/locat72794230.html HTTP/1.1" 404 7586 "-" "Mozilla/5.0 AppleWebKit/537.36 (KHTML, like Gecko; compatible; ClaudeBot/1.0; +claudebot@anthropic.com)"
216.73.217.142 - - [26/Jul/2026:08:58:43 -0400] "GET /detail/acros40777179.html HTTP/1.1" 404 7586 "-" "Mozilla/5.0 AppleWebKit/537.36 (KHTML, like Gecko; compatible; ClaudeBot/1.0; +claudebot@anthropic.com)"
216.73.217.142 - - [26/Jul/2026:08:58:46 -0400] "GET /detail/balan41425467.html HTTP/1.1" 404 7586 "-" "Mozilla/5.0 AppleWebKit/537.36 (KHTML, like Gecko; compatible; ClaudeBot/1.0; +claudebot@anthropic.com)"
216.73.217.142 - - [26/Jul/2026:08:58:49 -0400] "GET /detail/malfu70202422.html HTTP/1.1" 404 7586 "-" "Mozilla/5.0 AppleWebKit/537.36 (KHTML, like Gecko; compatible; ClaudeBot/1.0; +claudebot@anthropic.com)"
216.73.217.142 - - [26/Jul/2026:08:58:52 -0400] "GET /detail/diplo22905993.html HTTP/1.1" 404 7586 "-" "Mozilla/5.0 AppleWebKit/537.36 (KHTML, like Gecko; compatible; ClaudeBot/1.0; +claudebot@anthropic.com)"
216.73.217.142 - - [26/Jul/2026:08:58:55 -0400] "GET /detail/sacri80274727.html HTTP/1.1" 404 7586 "-" "Mozilla/5.0 AppleWebKit/537.36 (KHTML, like Gecko; compatible; ClaudeBot/1.0; +claudebot@anthropic.com)"
216.73.217.142 - - [26/Jul/2026:08:58:58 -0400] "GET /detail/keenl12114056.html HTTP/1.1" 404 7586 "-" "Mozilla/5.0 AppleWebKit/537.36 (KHTML, like Gecko; compatible; ClaudeBot/1.0; +claudebot@anthropic.com)"
216.73.217.142 - - [26/Jul/2026:08:59:01 -0400] "GET /detail/bet81346823.html HTTP/1.1" 404 7586 "-" "Mozilla/5.0 AppleWebKit/537.36 (KHTML, like Gecko; compatible; ClaudeBot/1.0; +claudebot@anthropic.com)"
216.73.217.142 - - [26/Jul/2026:08:59:04 -0400] "GET /detail/door40520091.html HTTP/1.1" 404 7586 "-" "Mozilla/5.0 AppleWebKit/537.36 (KHTML, like Gecko; compatible; ClaudeBot/1.0; +claudebot@anthropic.com)"
216.73.217.142 - - [26/Jul/2026:08:59:07 -0400] "GET /detail/recre51519700.html HTTP/1.1" 404 7586 "-" "Mozilla/5.0 AppleWebKit/537.36 (KHTML, like Gecko; compatible; ClaudeBot/1.0; +claudebot@anthropic.com)"
216.73.217.142 - - [26/Jul/2026:08:59:10 -0400] "GET /detail/food11565288.html HTTP/1.1" 404 7586 "-" "Mozilla/5.0 AppleWebKit/537.36 (KHTML, like Gecko; compatible; ClaudeBot/1.0; +claudebot@anthropic.com)"
216.73.217.142 - - [26/Jul/2026:08:59:13 -0400] "GET /detail/cruel40849267.html HTTP/1.1" 404 7586 "-" "Mozilla/5.0 AppleWebKit/537.36 (KHTML, like Gecko; compatible; ClaudeBot/1.0; +claudebot@anthropic.com)"
216.73.217.142 - - [26/Jul/2026:08:59:16 -0400] "GET /detail/keenl10610056.html HTTP/1.1" 404 7586 "-" "Mozilla/5.0 AppleWebKit/537.36 (KHTML, like Gecko; compatible; ClaudeBot/1.0; +claudebot@anthropic.com)"
216.73.217.142 - - [26/Jul/2026:08:59:19 -0400] "GET /detail/gun20700713.html HTTP/1.1" 404 7586 "-" "Mozilla/5.0 AppleWebKit/537.36 (KHTML, like Gecko; compatible; ClaudeBot/1.0; +claudebot@anthropic.com)"
216.73.217.142 - - [26/Jul/2026:08:59:22 -0400] "GET /detail/vehic41404363.html HTTP/1.1" 404 7586 "-" "Mozilla/5.0 AppleWebKit/537.36 (KHTML, like Gecko; compatible; ClaudeBot/1.0; +claudebot@anthropic.com)"
216.73.217.142 - - [26/Jul/2026:08:59:25 -0400] "GET /detail/bet81286823.html HTTP/1.1" 404 7586 "-" "Mozilla/5.0 AppleWebKit/537.36 (KHTML, like Gecko; compatible; ClaudeBot/1.0; +claudebot@anthropic.com)"
216.73.217.142 - - [26/Jul/2026:08:59:28 -0400] "GET /detail/tumor62421917.html HTTP/1.1" 404 7586 "-" "Mozilla/5.0 AppleWebKit/537.36 (KHTML, like Gecko; compatible; ClaudeBot/1.0; +claudebot@anthropic.com)"
216.73.217.142 - - [26/Jul/2026:08:59:31 -0400] "GET /detail/natur50308148.html HTTP/1.1" 404 7586 "-" "Mozilla/5.0 AppleWebKit/537.36 (KHTML, like Gecko; compatible; ClaudeBot/1.0; +claudebot@anthropic.com)"
216.73.217.142 - - [26/Jul/2026:08:59:34 -0400] "GET /detail/leadi51747468.html HTTP/1.1" 404 7586 "-" "Mozilla/5.0 AppleWebKit/537.36 (KHTML, like Gecko; compatible; ClaudeBot/1.0; +claudebot@anthropic.com)"
179.43.174.147 - - [26/Jul/2026:08:59:36 -0400] "GET / HTTP/1.1" 301 1 "-" "CNSTX Monitor 1.2"
179.43.174.147 - - [26/Jul/2026:08:59:36 -0400] "GET / HTTP/1.1" 200 10852 "https://192.210.134.12" "CNSTX Monitor 1.2"
216.73.217.142 - - [26/Jul/2026:08:59:37 -0400] "GET /detail/burde31838042.html HTTP/1.1" 404 7586 "-" "Mozilla/5.0 AppleWebKit/537.36 (KHTML, like Gecko; compatible; ClaudeBot/1.0; +claudebot@anthropic.com)"
216.73.217.142 - - [26/Jul/2026:08:59:40 -0400] "GET /detail/enhan61070189.html HTTP/1.1" 404 7586 "-" "Mozilla/5.0 AppleWebKit/537.36 (KHTML, like Gecko; compatible; ClaudeBot/1.0; +claudebot@anthropic.com)"
216.73.217.142 - - [26/Jul/2026:08:59:43 -0400] "GET /detail/oral22483553.html HTTP/1.1" 404 7586 "-" "Mozilla/5.0 AppleWebKit/537.36 (KHTML, like Gecko; compatible; ClaudeBot/1.0; +claudebot@anthropic.com)"
216.73.217.142 - - [26/Jul/2026:08:59:46 -0400] "GET /detail/seldo40196939.html HTTP/1.1" 404 7586 "-" "Mozilla/5.0 AppleWebKit/537.36 (KHTML, like Gecko; compatible; ClaudeBot/1.0; +claudebot@anthropic.com)"
216.73.217.142 - - [26/Jul/2026:08:59:49 -0400] "GET /detail/lumbe82654639.html HTTP/1.1" 404 7586 "-" "Mozilla/5.0 AppleWebKit/537.36 (KHTML, like Gecko; compatible; ClaudeBot/1.0; +claudebot@anthropic.com)"
216.73.217.142 - - [26/Jul/2026:08:59:52 -0400] "GET /detail/displ32121658.html HTTP/1.1" 404 7586 "-" "Mozilla/5.0 AppleWebKit/537.36 (KHTML, like Gecko; compatible; ClaudeBot/1.0; +claudebot@anthropic.com)"
216.73.217.142 - - [26/Jul/2026:08:59:55 -0400] "GET /detail/cowar52751284.html HTTP/1.1" 404 7586 "-" "Mozilla/5.0 AppleWebKit/537.36 (KHTML, like Gecko; compatible; ClaudeBot/1.0; +claudebot@anthropic.com)"
216.73.217.142 - - [26/Jul/2026:08:59:58 -0400] "GET /detail/ensur30038050.html HTTP/1.1" 404 7586 "-" "Mozilla/5.0 AppleWebKit/537.36 (KHTML, like Gecko; compatible; ClaudeBot/1.0; +claudebot@anthropic.com)"
216.73.217.142 - - [26/Jul/2026:09:00:01 -0400] "GET /detail/heati31650938.html HTTP/1.1" 404 7586 "-" "Mozilla/5.0 AppleWebKit/537.36 (KHTML, like Gecko; compatible; ClaudeBot/1.0; +claudebot@anthropic.com)"
216.73.217.142 - - [26/Jul/2026:09:00:04 -0400] "GET /detail/coupo10611728.html HTTP/1.1" 404 7586 "-" "Mozilla/5.0 AppleWebKit/537.36 (KHTML, like Gecko; compatible; ClaudeBot/1.0; +claudebot@anthropic.com)"
216.73.217.142 - - [26/Jul/2026:09:00:07 -0400] "GET /detail/grand62700013.html HTTP/1.1" 404 7586 "-" "Mozilla/5.0 AppleWebKit/537.36 (KHTML, like Gecko; compatible; ClaudeBot/1.0; +claudebot@anthropic.com)"
216.73.217.142 - - [26/Jul/2026:09:00:10 -0400] "GET /detail/cock51818772.html HTTP/1.1" 404 7586 "-" "Mozilla/5.0 AppleWebKit/537.36 (KHTML, like Gecko; compatible; ClaudeBot/1.0; +claudebot@anthropic.com)"
216.73.217.142 - - [26/Jul/2026:09:00:13 -0400] "GET /detail/freez42793747.html HTTP/1.1" 404 7586 "-" "Mozilla/5.0 AppleWebKit/537.36 (KHTML, like Gecko; compatible; ClaudeBot/1.0; +claudebot@anthropic.com)"
216.73.217.142 - - [26/Jul/2026:09:00:16 -0400] "GET /detail/drama40298139.html HTTP/1.1" 404 7586 "-" "Mozilla/5.0 AppleWebKit/537.36 (KHTML, like Gecko; compatible; ClaudeBot/1.0; +claudebot@anthropic.com)"
216.73.217.142 - - [26/Jul/2026:09:00:19 -0400] "GET /detail/lumbe80802639.html HTTP/1.1" 404 7586 "-" "Mozilla/5.0 AppleWebKit/537.36 (KHTML, like Gecko; compatible; ClaudeBot/1.0; +claudebot@anthropic.com)"
216.73.217.142 - - [26/Jul/2026:09:00:22 -0400] "GET /detail/jury41822843.html HTTP/1.1" 404 7586 "-" "Mozilla/5.0 AppleWebKit/537.36 (KHTML, like Gecko; compatible; ClaudeBot/1.0; +claudebot@anthropic.com)"
216.73.217.142 - - [26/Jul/2026:09:00:25 -0400] "GET /detail/crude80670551.html HTTP/1.1" 404 7586 "-" "Mozilla/5.0 AppleWebKit/537.36 (KHTML, like Gecko; compatible; ClaudeBot/1.0; +claudebot@anthropic.com)"
216.73.217.142 - - [26/Jul/2026:09:00:28 -0400] "GET /detail/lumbe80414639.html HTTP/1.1" 404 7586 "-" "Mozilla/5.0 AppleWebKit/537.36 (KHTML, like Gecko; compatible; ClaudeBot/1.0; +claudebot@anthropic.com)"
216.73.217.142 - - [26/Jul/2026:09:00:31 -0400] "GET /detail/latin12310800.html HTTP/1.1" 404 7586 "-" "Mozilla/5.0 AppleWebKit/537.36 (KHTML, like Gecko; compatible; ClaudeBot/1.0; +claudebot@anthropic.com)"
216.73.217.142 - - [26/Jul/2026:09:00:34 -0400] "GET /detail/shed80223007.html HTTP/1.1" 404 7586 "-" "Mozilla/5.0 AppleWebKit/537.36 (KHTML, like Gecko; compatible; ClaudeBot/1.0; +claudebot@anthropic.com)"
179.43.174.147 - - [26/Jul/2026:09:00:36 -0400] "GET / HTTP/1.1" 301 1 "-" "CNSTX Monitor 1.2"
179.43.174.147 - - [26/Jul/2026:09:00:36 -0400] "GET / HTTP/1.1" 200 10852 "https://192.210.134.12" "CNSTX Monitor 1.2"
216.73.217.142 - - [26/Jul/2026:09:00:37 -0400] "GET /detail/racia71430166.html HTTP/1.1" 404 7586 "-" "Mozilla/5.0 AppleWebKit/537.36 (KHTML, like Gecko; compatible; ClaudeBot/1.0; +claudebot@anthropic.com)"
216.73.217.142 - - [26/Jul/2026:09:00:40 -0400] "GET /detail/karen61191989.html HTTP/1.1" 404 7586 "-" "Mozilla/5.0 AppleWebKit/537.36 (KHTML, like Gecko; compatible; ClaudeBot/1.0; +claudebot@anthropic.com)"
