57.141.0.12 - - [26/Jul/2026:11:08:51 -0400] "GET /detail/prepa72852166.html HTTP/1.1" 404 34327 "-" "Mozilla/5.0 (Macintosh; Intel Mac OS X 10_15_7) AppleWebKit/537.36 (KHTML, like Gecko) Chrome/145.0.0.0 Safari/537.36 (compatible; meta-externalagent/1.1 (+https://developers.facebook.com/docs/sharing/webmasters/crawler))"
216.73.217.142 - - [26/Jul/2026:11:08:51 -0400] "GET /detail/summi82367759.html HTTP/1.1" 404 7586 "-" "Mozilla/5.0 AppleWebKit/537.36 (KHTML, like Gecko; compatible; ClaudeBot/1.0; +claudebot@anthropic.com)"
57.141.0.35 - - [26/Jul/2026:11:08:53 -0400] "GET /detail/all20080921.html HTTP/1.1" 404 34331 "-" "Mozilla/5.0 (Windows NT 10.0; Win64; x64) AppleWebKit/537.36 (KHTML, like Gecko) Chrome/145.0.0.0 Safari/537.36 (compatible; meta-externalagent/1.1 (+https://developers.facebook.com/docs/sharing/webmasters/crawler))"
216.73.217.142 - - [26/Jul/2026:11:08:54 -0400] "GET /detail/only22572993.html HTTP/1.1" 404 7586 "-" "Mozilla/5.0 AppleWebKit/537.36 (KHTML, like Gecko; compatible; ClaudeBot/1.0; +claudebot@anthropic.com)"
57.141.0.71 - - [26/Jul/2026:11:08:55 -0400] "GET /detail/float51475076.html HTTP/1.1" 404 34332 "-" "Mozilla/5.0 (Windows NT 10.0; Win64; x64) AppleWebKit/537.36 (KHTML, like Gecko) Chrome/143.0.0.0 Safari/537.36 Edg/143.0.0.0 (compatible; meta-externalagent/1.1 (+https://developers.facebook.com/docs/sharing/webmasters/crawler))"
57.141.0.20 - - [26/Jul/2026:11:08:57 -0400] "GET /detail/odd52671028.html HTTP/1.1" 404 34331 "-" "Mozilla/5.0 (Windows NT 10.0; Win64; x64) AppleWebKit/537.36 (KHTML, like Gecko) Chrome/145.0.0.0 Safari/537.36 (compatible; meta-externalagent/1.1 (+https://developers.facebook.com/docs/sharing/webmasters/crawler))"
216.73.217.142 - - [26/Jul/2026:11:08:57 -0400] "GET /detail/groce41265859.html HTTP/1.1" 404 7586 "-" "Mozilla/5.0 AppleWebKit/537.36 (KHTML, like Gecko; compatible; ClaudeBot/1.0; +claudebot@anthropic.com)"
57.141.0.35 - - [26/Jul/2026:11:08:59 -0400] "GET /detail/occas41222147.html HTTP/1.1" 404 34331 "-" "Mozilla/5.0 (Windows NT 10.0; Win64; x64) AppleWebKit/537.36 (KHTML, like Gecko) Chrome/145.0.0.0 Safari/537.36 (compatible; meta-externalagent/1.1 (+https://developers.facebook.com/docs/sharing/webmasters/crawler))"
216.73.217.142 - - [26/Jul/2026:11:09:01 -0400] "GET /detail/faith72181974.html HTTP/1.1" 404 7586 "-" "Mozilla/5.0 AppleWebKit/537.36 (KHTML, like Gecko; compatible; ClaudeBot/1.0; +claudebot@anthropic.com)"
57.141.0.58 - - [26/Jul/2026:11:09:01 -0400] "GET /detail/survi32626258.html HTTP/1.1" 404 34331 "-" "Mozilla/5.0 (Windows NT 10.0; Win64; x64) AppleWebKit/537.36 (KHTML, like Gecko) Chrome/145.0.0.0 Safari/537.36 (compatible; meta-externalagent/1.1 (+https://developers.facebook.com/docs/sharing/webmasters/crawler))"
57.141.0.3 - - [26/Jul/2026:11:09:03 -0400] "GET /detail/femal72267374.html HTTP/1.1" 404 34327 "-" "Mozilla/5.0 (Macintosh; Intel Mac OS X 10_15_7) AppleWebKit/537.36 (KHTML, like Gecko) Chrome/145.0.0.0 Safari/537.36 (compatible; meta-externalagent/1.1 (+https://developers.facebook.com/docs/sharing/webmasters/crawler))"
216.73.217.142 - - [26/Jul/2026:11:09:04 -0400] "GET /detail/gaseo42622539.html HTTP/1.1" 404 7586 "-" "Mozilla/5.0 AppleWebKit/537.36 (KHTML, like Gecko; compatible; ClaudeBot/1.0; +claudebot@anthropic.com)"
57.141.0.43 - - [26/Jul/2026:11:09:05 -0400] "GET /detail/termi81013991.html HTTP/1.1" 404 34331 "-" "Mozilla/5.0 (Windows NT 10.0; Win64; x64) AppleWebKit/537.36 (KHTML, like Gecko) Chrome/145.0.0.0 Safari/537.36 (compatible; meta-externalagent/1.1 (+https://developers.facebook.com/docs/sharing/webmasters/crawler))"
216.73.217.142 - - [26/Jul/2026:11:09:07 -0400] "GET /detail/livin70938470.html HTTP/1.1" 404 7586 "-" "Mozilla/5.0 AppleWebKit/537.36 (KHTML, like Gecko; compatible; ClaudeBot/1.0; +claudebot@anthropic.com)"
57.141.0.64 - - [26/Jul/2026:11:09:08 -0400] "GET /detail/widow20887233.html HTTP/1.1" 404 34327 "-" "Mozilla/5.0 (Macintosh; Intel Mac OS X 10_15_7) AppleWebKit/537.36 (KHTML, like Gecko) Chrome/145.0.0.0 Safari/537.36 (compatible; meta-externalagent/1.1 (+https://developers.facebook.com/docs/sharing/webmasters/crawler))"
57.141.0.59 - - [26/Jul/2026:11:09:09 -0400] "GET /detail/pat40278691.html HTTP/1.1" 404 34331 "-" "Mozilla/5.0 (Windows NT 10.0; Win64; x64) AppleWebKit/537.36 (KHTML, like Gecko) Chrome/145.0.0.0 Safari/537.36 (compatible; meta-externalagent/1.1 (+https://developers.facebook.com/docs/sharing/webmasters/crawler))"
216.73.217.142 - - [26/Jul/2026:11:09:10 -0400] "GET /detail/dress21480665.html HTTP/1.1" 404 7586 "-" "Mozilla/5.0 AppleWebKit/537.36 (KHTML, like Gecko; compatible; ClaudeBot/1.0; +claudebot@anthropic.com)"
57.141.0.23 - - [26/Jul/2026:11:09:12 -0400] "GET /detail/dumpl50576612.html HTTP/1.1" 404 34331 "-" "Mozilla/5.0 (Windows NT 10.0; Win64; x64) AppleWebKit/537.36 (KHTML, like Gecko) Chrome/145.0.0.0 Safari/537.36 (compatible; meta-externalagent/1.1 (+https://developers.facebook.com/docs/sharing/webmasters/crawler))"
216.73.217.142 - - [26/Jul/2026:11:09:13 -0400] "GET /detail/disab11061624.html HTTP/1.1" 404 7586 "-" "Mozilla/5.0 AppleWebKit/537.36 (KHTML, like Gecko; compatible; ClaudeBot/1.0; +claudebot@anthropic.com)"
57.141.0.33 - - [26/Jul/2026:11:09:13 -0400] "GET /detail/categ82547815.html HTTP/1.1" 404 34329 "-" "Mozilla/5.0 (X11; Linux x86_64) AppleWebKit/537.36 (KHTML, like Gecko) Chrome/145.0.0.0 Safari/537.36 (compatible; meta-externalagent/1.1 (+https://developers.facebook.com/docs/sharing/webmasters/crawler))"
57.141.0.25 - - [26/Jul/2026:11:09:15 -0400] "GET /detail/amazi31893762.html HTTP/1.1" 404 34327 "-" "Mozilla/5.0 (Macintosh; Intel Mac OS X 10_15_7) AppleWebKit/537.36 (KHTML, like Gecko) Chrome/145.0.0.0 Safari/537.36 (compatible; meta-externalagent/1.1 (+https://developers.facebook.com/docs/sharing/webmasters/crawler))"
57.141.0.66 - - [26/Jul/2026:11:09:16 -0400] "GET /detail/jew11241392.html HTTP/1.1" 404 34331 "-" "Mozilla/5.0 (Windows NT 10.0; Win64; x64) AppleWebKit/537.36 (KHTML, like Gecko) Chrome/145.0.0.0 Safari/537.36 (compatible; meta-externalagent/1.1 (+https://developers.facebook.com/docs/sharing/webmasters/crawler))"
216.73.217.142 - - [26/Jul/2026:11:09:16 -0400] "GET /detail/trunk82535343.html HTTP/1.1" 404 7586 "-" "Mozilla/5.0 AppleWebKit/537.36 (KHTML, like Gecko; compatible; ClaudeBot/1.0; +claudebot@anthropic.com)"
57.141.0.70 - - [26/Jul/2026:11:09:18 -0400] "GET /detail/low80600399.html HTTP/1.1" 404 34331 "-" "Mozilla/5.0 (Windows NT 10.0; Win64; x64) AppleWebKit/537.36 (KHTML, like Gecko) Chrome/145.0.0.0 Safari/537.36 (compatible; meta-externalagent/1.1 (+https://developers.facebook.com/docs/sharing/webmasters/crawler))"
216.73.217.142 - - [26/Jul/2026:11:09:19 -0400] "GET /detail/becom52809724.html HTTP/1.1" 404 7586 "-" "Mozilla/5.0 AppleWebKit/537.36 (KHTML, like Gecko; compatible; ClaudeBot/1.0; +claudebot@anthropic.com)"
216.73.217.142 - - [26/Jul/2026:11:09:22 -0400] "GET /detail/borde20801601.html HTTP/1.1" 404 7586 "-" "Mozilla/5.0 AppleWebKit/537.36 (KHTML, like Gecko; compatible; ClaudeBot/1.0; +claudebot@anthropic.com)"
57.141.0.25 - - [26/Jul/2026:11:09:22 -0400] "GET /detail/lands70459734.html HTTP/1.1" 404 34331 "-" "Mozilla/5.0 (Windows NT 10.0; Win64; x64) AppleWebKit/537.36 (KHTML, like Gecko) Chrome/145.0.0.0 Safari/537.36 (compatible; meta-externalagent/1.1 (+https://developers.facebook.com/docs/sharing/webmasters/crawler))"
57.141.0.68 - - [26/Jul/2026:11:09:23 -0400] "GET /detail/jewis11278600.html HTTP/1.1" 404 34331 "-" "Mozilla/5.0 (Windows NT 10.0; Win64; x64) AppleWebKit/537.36 (KHTML, like Gecko) Chrome/145.0.0.0 Safari/537.36 (compatible; meta-externalagent/1.1 (+https://developers.facebook.com/docs/sharing/webmasters/crawler))"
57.141.0.42 - - [26/Jul/2026:11:09:25 -0400] "GET /detail/toast21557329.html HTTP/1.1" 404 34331 "-" "Mozilla/5.0 (Windows NT 10.0; Win64; x64) AppleWebKit/537.36 (KHTML, like Gecko) Chrome/145.0.0.0 Safari/537.36 (compatible; meta-externalagent/1.1 (+https://developers.facebook.com/docs/sharing/webmasters/crawler))"
216.73.217.142 - - [26/Jul/2026:11:09:25 -0400] "GET /detail/expec50617212.html HTTP/1.1" 404 7586 "-" "Mozilla/5.0 AppleWebKit/537.36 (KHTML, like Gecko; compatible; ClaudeBot/1.0; +claudebot@anthropic.com)"
57.141.0.6 - - [26/Jul/2026:11:09:27 -0400] "GET /detail/suppe71132494.html HTTP/1.1" 404 34331 "-" "Mozilla/5.0 (Windows NT 10.0; Win64; x64) AppleWebKit/537.36 (KHTML, like Gecko) Chrome/145.0.0.0 Safari/537.36 (compatible; meta-externalagent/1.1 (+https://developers.facebook.com/docs/sharing/webmasters/crawler))"
216.73.217.142 - - [26/Jul/2026:11:09:28 -0400] "GET /detail/compi71278830.html HTTP/1.1" 404 7586 "-" "Mozilla/5.0 AppleWebKit/537.36 (KHTML, like Gecko; compatible; ClaudeBot/1.0; +claudebot@anthropic.com)"
62.60.130.128 - - [26/Jul/2026:11:09:29 -0400] "POST /?rest_route=/batch/v1 HTTP/1.1" 207 16 "-" "Mozilla/5.0"
57.141.0.28 - - [26/Jul/2026:11:09:29 -0400] "GET /detail/extra60273365.html HTTP/1.1" 404 34329 "-" "Mozilla/5.0 (X11; Linux x86_64) AppleWebKit/537.36 (KHTML, like Gecko) Chrome/145.0.0.0 Safari/537.36 (compatible; meta-externalagent/1.1 (+https://developers.facebook.com/docs/sharing/webmasters/crawler))"
62.60.130.128 - - [26/Jul/2026:11:09:30 -0400] "POST /?rest_route=/batch/v1 HTTP/1.1" 207 182632 "-" "Mozilla/5.0"
57.141.0.56 - - [26/Jul/2026:11:09:31 -0400] "GET /detail/seaso82632623.html HTTP/1.1" 404 34331 "-" "Mozilla/5.0 (Windows NT 10.0; Win64; x64) AppleWebKit/537.36 (KHTML, like Gecko) Chrome/145.0.0.0 Safari/537.36 (compatible; meta-externalagent/1.1 (+https://developers.facebook.com/docs/sharing/webmasters/crawler))"
62.60.130.128 - - [26/Jul/2026:11:09:31 -0400] "POST /?rest_route=/batch/v1 HTTP/1.1" 207 182632 "-" "Mozilla/5.0"
216.73.217.142 - - [26/Jul/2026:11:09:32 -0400] "GET /detail/album50957676.html HTTP/1.1" 404 7586 "-" "Mozilla/5.0 AppleWebKit/537.36 (KHTML, like Gecko; compatible; ClaudeBot/1.0; +claudebot@anthropic.com)"
62.60.130.128 - - [26/Jul/2026:11:09:32 -0400] "GET /?rest_route=%2Fwp%2Fv2%2Fposts&per_page=1&_fields=link HTTP/1.1" 200 2 "-" "Mozilla/5.0"
62.60.130.128 - - [26/Jul/2026:11:09:33 -0400] "GET /?rest_route=%2Fwp%2Fv2%2Fpages&per_page=1&_fields=link HTTP/1.1" 200 63 "-" "Mozilla/5.0"
57.141.0.41 - - [26/Jul/2026:11:09:34 -0400] "GET /detail/baker42962347.html HTTP/1.1" 404 34327 "-" "Mozilla/5.0 (Macintosh; Intel Mac OS X 10_15_7) AppleWebKit/537.36 (KHTML, like Gecko) Chrome/145.0.0.0 Safari/537.36 (compatible; meta-externalagent/1.1 (+https://developers.facebook.com/docs/sharing/webmasters/crawler))"
62.60.130.128 - - [26/Jul/2026:11:09:34 -0400] "POST /?rest_route=/batch/v1 HTTP/1.1" 207 5418 "-" "Mozilla/5.0"
216.73.217.142 - - [26/Jul/2026:11:09:35 -0400] "GET /detail/pictu41268027.html HTTP/1.1" 404 7586 "-" "Mozilla/5.0 AppleWebKit/537.36 (KHTML, like Gecko; compatible; ClaudeBot/1.0; +claudebot@anthropic.com)"
57.141.0.27 - - [26/Jul/2026:11:09:35 -0400] "GET /detail/loan40762267.html HTTP/1.1" 404 34327 "-" "Mozilla/5.0 (Macintosh; Intel Mac OS X 10_15_7) AppleWebKit/537.36 (KHTML, like Gecko) Chrome/145.0.0.0 Safari/537.36 (compatible; meta-externalagent/1.1 (+https://developers.facebook.com/docs/sharing/webmasters/crawler))"
62.60.130.128 - - [26/Jul/2026:11:09:35 -0400] "POST /?rest_route=/batch/v1 HTTP/1.1" 207 182819 "-" "Mozilla/5.0"
179.43.174.147 - - [26/Jul/2026:11:09:36 -0400] "GET / HTTP/1.1" 301 1 "-" "CNSTX Monitor 1.2"
62.60.130.128 - - [26/Jul/2026:11:09:36 -0400] "POST /?rest_route=/batch/v1 HTTP/1.1" 207 182868 "-" "Mozilla/5.0"
179.43.174.147 - - [26/Jul/2026:11:09:36 -0400] "GET / HTTP/1.1" 200 10852 "https://192.210.134.12" "CNSTX Monitor 1.2"
57.141.0.7 - - [26/Jul/2026:11:09:37 -0400] "GET /detail/waist71799766.html HTTP/1.1" 404 34332 "-" "Mozilla/5.0 (Windows NT 10.0; Win64; x64) AppleWebKit/537.36 (KHTML, like Gecko) Chrome/144.0.0.0 Safari/537.36 Edg/144.0.0.0 (compatible; meta-externalagent/1.1 (+https://developers.facebook.com/docs/sharing/webmasters/crawler))"
62.60.130.128 - - [26/Jul/2026:11:09:37 -0400] "POST /?rest_route=/batch/v1 HTTP/1.1" 207 182817 "-" "Mozilla/5.0"
216.73.217.142 - - [26/Jul/2026:11:09:38 -0400] "GET /detail/kiss51632028.html HTTP/1.1" 404 7586 "-" "Mozilla/5.0 AppleWebKit/537.36 (KHTML, like Gecko; compatible; ClaudeBot/1.0; +claudebot@anthropic.com)"
62.60.130.128 - - [26/Jul/2026:11:09:38 -0400] "POST /?rest_route=/batch/v1 HTTP/1.1" 207 182817 "-" "Mozilla/5.0"
57.141.0.22 - - [26/Jul/2026:11:09:39 -0400] "GET /detail/paint52992076.html HTTP/1.1" 404 34327 "-" "Mozilla/5.0 (Macintosh; Intel Mac OS X 10_15_7) AppleWebKit/537.36 (KHTML, like Gecko) Chrome/145.0.0.0 Safari/537.36 (compatible; meta-externalagent/1.1 (+https://developers.facebook.com/docs/sharing/webmasters/crawler))"
62.60.130.128 - - [26/Jul/2026:11:09:40 -0400] "POST /?rest_route=/batch/v1 HTTP/1.1" 207 182817 "-" "Mozilla/5.0"
216.73.217.142 - - [26/Jul/2026:11:09:41 -0400] "GET /detail/enric82821951.html HTTP/1.1" 404 7586 "-" "Mozilla/5.0 AppleWebKit/537.36 (KHTML, like Gecko; compatible; ClaudeBot/1.0; +claudebot@anthropic.com)"
57.141.0.69 - - [26/Jul/2026:11:09:41 -0400] "GET /detail/slam80775111.html HTTP/1.1" 404 34331 "-" "Mozilla/5.0 (Windows NT 10.0; Win64; x64) AppleWebKit/537.36 (KHTML, like Gecko) Chrome/145.0.0.0 Safari/537.36 (compatible; meta-externalagent/1.1 (+https://developers.facebook.com/docs/sharing/webmasters/crawler))"
62.60.130.128 - - [26/Jul/2026:11:09:41 -0400] "POST /?rest_route=/batch/v1 HTTP/1.1" 207 3424 "-" "Mozilla/5.0"
62.60.130.128 - - [26/Jul/2026:11:09:42 -0400] "GET /wp-login.php HTTP/1.1" 200 6467 "-" "Mozilla/5.0"
57.141.0.18 - - [26/Jul/2026:11:09:43 -0400] "GET /detail/avid50543820.html HTTP/1.1" 404 34331 "-" "Mozilla/5.0 (Windows NT 10.0; Win64; x64) AppleWebKit/537.36 (KHTML, like Gecko) Chrome/145.0.0.0 Safari/537.36 (compatible; meta-externalagent/1.1 (+https://developers.facebook.com/docs/sharing/webmasters/crawler))"
62.60.130.128 - - [26/Jul/2026:11:09:43 -0400] "POST /wp-login.php HTTP/1.1" 302 - "-" "Mozilla/5.0"
216.73.217.142 - - [26/Jul/2026:11:09:44 -0400] "GET /detail/fight41265739.html HTTP/1.1" 404 7586 "-" "Mozilla/5.0 AppleWebKit/537.36 (KHTML, like Gecko; compatible; ClaudeBot/1.0; +claudebot@anthropic.com)"
62.60.130.128 - - [26/Jul/2026:11:09:44 -0400] "GET /wp-login.php?redirect_to=https%3A%2F%2Fmelbournecourtapartments.com%2Fwp-admin%2F&action=confirm_admin_email&wp_lang=en_US HTTP/1.1" 200 3670 "-" "Mozilla/5.0"
62.60.130.128 - - [26/Jul/2026:11:09:45 -0400] "GET /wp-admin/plugin-install.php?tab=upload HTTP/1.1" 404 48974 "-" "Mozilla/5.0"
57.141.0.2 - - [26/Jul/2026:11:09:45 -0400] "GET /detail/video72896086.html HTTP/1.1" 404 34331 "-" "Mozilla/5.0 (Windows NT 10.0; Win64; x64) AppleWebKit/537.36 (KHTML, like Gecko) Chrome/145.0.0.0 Safari/537.36 (compatible; meta-externalagent/1.1 (+https://developers.facebook.com/docs/sharing/webmasters/crawler))"
62.60.130.128 - - [26/Jul/2026:11:09:46 -0400] "POST /wp-admin/update.php?action=upload-plugin HTTP/1.1" 404 48976 "-" "Mozilla/5.0"
216.73.217.142 - - [26/Jul/2026:11:09:47 -0400] "GET /detail/hundr60128421.html HTTP/1.1" 404 7586 "-" "Mozilla/5.0 AppleWebKit/537.36 (KHTML, like Gecko; compatible; ClaudeBot/1.0; +claudebot@anthropic.com)"
62.60.130.128 - - [26/Jul/2026:11:09:47 -0400] "GET /wp-content/plugins/Bunk_up_eaa1b91a/Bunk_up_eaa1b91a.php HTTP/1.1" 404 48992 "-" "Mozilla/5.0"
57.141.0.32 - - [26/Jul/2026:11:09:48 -0400] "GET /detail/herse80872703.html HTTP/1.1" 404 34331 "-" "Mozilla/5.0 (Windows NT 10.0; Win64; x64) AppleWebKit/537.36 (KHTML, like Gecko) Chrome/145.0.0.0 Safari/537.36 (compatible; meta-externalagent/1.1 (+https://developers.facebook.com/docs/sharing/webmasters/crawler))"
62.60.130.128 - - [26/Jul/2026:11:09:49 -0400] "GET /wp-content/plugins/Bunk_up_eaa1b91a/Bunk_up_eaa1b91a.php HTTP/1.1" 404 48992 "-" "Mozilla/5.0"
57.141.0.27 - - [26/Jul/2026:11:09:49 -0400] "GET /detail/damp30635186.html HTTP/1.1" 404 34331 "-" "Mozilla/5.0 (Windows NT 10.0; Win64; x64) AppleWebKit/537.36 (KHTML, like Gecko) Chrome/145.0.0.0 Safari/537.36 (compatible; meta-externalagent/1.1 (+https://developers.facebook.com/docs/sharing/webmasters/crawler))"
216.73.217.142 - - [26/Jul/2026:11:09:50 -0400] "GET /detail/landl72435078.html HTTP/1.1" 404 7586 "-" "Mozilla/5.0 AppleWebKit/537.36 (KHTML, like Gecko; compatible; ClaudeBot/1.0; +claudebot@anthropic.com)"
62.60.130.128 - - [26/Jul/2026:11:09:51 -0400] "GET /wp-content/plugins/Bunk_up_eaa1b91a/Bunk_up_eaa1b91a.php HTTP/1.1" 404 48992 "-" "Mozilla/5.0"
57.141.0.28 - - [26/Jul/2026:11:09:51 -0400] "GET /detail/submi81917935.html HTTP/1.1" 404 34327 "-" "Mozilla/5.0 (Macintosh; Intel Mac OS X 10_15_7) AppleWebKit/537.36 (KHTML, like Gecko) Chrome/145.0.0.0 Safari/537.36 (compatible; meta-externalagent/1.1 (+https://developers.facebook.com/docs/sharing/webmasters/crawler))"
62.60.130.128 - - [26/Jul/2026:11:09:52 -0400] "POST /wp-admin/update.php?action=upload-plugin&from=plugins HTTP/1.1" 404 48993 "-" "Mozilla/5.0"
216.73.217.142 - - [26/Jul/2026:11:09:53 -0400] "GET /detail/inevi10714144.html HTTP/1.1" 404 7586 "-" "Mozilla/5.0 AppleWebKit/537.36 (KHTML, like Gecko; compatible; ClaudeBot/1.0; +claudebot@anthropic.com)"
62.60.130.128 - - [26/Jul/2026:11:09:53 -0400] "GET /wp-content/plugins/Bunk_up_eaa1b91a/Bunk_up_eaa1b91a.php HTTP/1.1" 404 48992 "-" "Mozilla/5.0"
57.141.0.16 - - [26/Jul/2026:11:09:53 -0400] "GET /detail/draug71575662.html HTTP/1.1" 404 34331 "-" "Mozilla/5.0 (Windows NT 10.0; Win64; x64) AppleWebKit/537.36 (KHTML, like Gecko) Chrome/145.0.0.0 Safari/537.36 (compatible; meta-externalagent/1.1 (+https://developers.facebook.com/docs/sharing/webmasters/crawler))"
62.60.130.128 - - [26/Jul/2026:11:09:55 -0400] "GET /wp-content/plugins/Bunk_up_eaa1b91a/Bunk_up_eaa1b91a.php HTTP/1.1" 404 48992 "-" "Mozilla/5.0"
57.141.0.43 - - [26/Jul/2026:11:09:55 -0400] "GET /detail/searc21756097.html HTTP/1.1" 404 34331 "-" "Mozilla/5.0 (Windows NT 10.0; Win64; x64) AppleWebKit/537.36 (KHTML, like Gecko) Chrome/145.0.0.0 Safari/537.36 (compatible; meta-externalagent/1.1 (+https://developers.facebook.com/docs/sharing/webmasters/crawler))"
216.73.217.142 - - [26/Jul/2026:11:09:56 -0400] "GET /detail/coral52695988.html HTTP/1.1" 404 7586 "-" "Mozilla/5.0 AppleWebKit/537.36 (KHTML, like Gecko; compatible; ClaudeBot/1.0; +claudebot@anthropic.com)"
57.141.0.31 - - [26/Jul/2026:11:09:57 -0400] "GET /detail/sport50917372.html HTTP/1.1" 404 34331 "-" "Mozilla/5.0 (Windows NT 10.0; Win64; x64) AppleWebKit/537.36 (KHTML, like Gecko) Chrome/145.0.0.0 Safari/537.36 (compatible; meta-externalagent/1.1 (+https://developers.facebook.com/docs/sharing/webmasters/crawler))"
62.60.130.128 - - [26/Jul/2026:11:09:57 -0400] "GET /wp-content/plugins/Bunk_up_eaa1b91a/Bunk_up_eaa1b91a.php HTTP/1.1" 404 48992 "-" "Mozilla/5.0"
62.60.130.128 - - [26/Jul/2026:11:09:58 -0400] "GET /wp-admin/plugin-install.php HTTP/1.1" 404 48959 "-" "Mozilla/5.0"
216.73.217.142 - - [26/Jul/2026:11:09:59 -0400] "GET /detail/sport51733372.html HTTP/1.1" 404 7586 "-" "Mozilla/5.0 AppleWebKit/537.36 (KHTML, like Gecko; compatible; ClaudeBot/1.0; +claudebot@anthropic.com)"
62.60.130.128 - - [26/Jul/2026:11:09:59 -0400] "POST /wp-admin/update.php?action=upload-plugin HTTP/1.1" 404 48976 "-" "Mozilla/5.0"
57.141.0.37 - - [26/Jul/2026:11:10:00 -0400] "GET /detail/spotl51793452.html HTTP/1.1" 404 34331 "-" "Mozilla/5.0 (Windows NT 10.0; Win64; x64) AppleWebKit/537.36 (KHTML, like Gecko) Chrome/145.0.0.0 Safari/537.36 (compatible; meta-externalagent/1.1 (+https://developers.facebook.com/docs/sharing/webmasters/crawler))"
62.60.130.128 - - [26/Jul/2026:11:10:00 -0400] "GET /wp-content/plugins/Bunk_up_eaa1b91a/Bunk_up_eaa1b91a.php HTTP/1.1" 404 48992 "-" "Mozilla/5.0"
57.141.0.39 - - [26/Jul/2026:11:10:01 -0400] "GET /detail/defy12183832.html HTTP/1.1" 404 34327 "-" "Mozilla/5.0 (Macintosh; Intel Mac OS X 10_15_7) AppleWebKit/537.36 (KHTML, like Gecko) Chrome/145.0.0.0 Safari/537.36 (compatible; meta-externalagent/1.1 (+https://developers.facebook.com/docs/sharing/webmasters/crawler))"
216.73.217.142 - - [26/Jul/2026:11:10:02 -0400] "GET /detail/cultu80640031.html HTTP/1.1" 404 7586 "-" "Mozilla/5.0 AppleWebKit/537.36 (KHTML, like Gecko; compatible; ClaudeBot/1.0; +claudebot@anthropic.com)"
57.141.0.45 - - [26/Jul/2026:11:10:02 -0400] "GET /detail/prima52045156.html HTTP/1.1" 404 34331 "-" "Mozilla/5.0 (Windows NT 10.0; Win64; x64) AppleWebKit/537.36 (KHTML, like Gecko) Chrome/145.0.0.0 Safari/537.36 (compatible; meta-externalagent/1.1 (+https://developers.facebook.com/docs/sharing/webmasters/crawler))"
62.60.130.128 - - [26/Jul/2026:11:10:03 -0400] "GET /wp-content/plugins/Bunk_up_eaa1b91a/Bunk_up_eaa1b91a.php HTTP/1.1" 404 48992 "-" "Mozilla/5.0"
216.73.217.142 - - [26/Jul/2026:11:10:05 -0400] "GET /detail/glow21599209.html HTTP/1.1" 404 7586 "-" "Mozilla/5.0 AppleWebKit/537.36 (KHTML, like Gecko; compatible; ClaudeBot/1.0; +claudebot@anthropic.com)"
62.60.130.128 - - [26/Jul/2026:11:10:05 -0400] "GET /wp-content/plugins/Bunk_up_eaa1b91a/Bunk_up_eaa1b91a.php HTTP/1.1" 404 48992 "-" "Mozilla/5.0"
57.141.0.11 - - [26/Jul/2026:11:10:05 -0400] "GET /detail/blade50826820.html HTTP/1.1" 404 34327 "-" "Mozilla/5.0 (Macintosh; Intel Mac OS X 10_15_7) AppleWebKit/537.36 (KHTML, like Gecko) Chrome/145.0.0.0 Safari/537.36 (compatible; meta-externalagent/1.1 (+https://developers.facebook.com/docs/sharing/webmasters/crawler))"
62.60.130.128 - - [26/Jul/2026:11:10:06 -0400] "POST /wp-admin/update.php?action=upload-plugin&from=plugins HTTP/1.1" 404 48993 "-" "Mozilla/5.0"
62.60.130.128 - - [26/Jul/2026:11:10:07 -0400] "GET /wp-content/plugins/Bunk_up_eaa1b91a/Bunk_up_eaa1b91a.php HTTP/1.1" 404 48992 "-" "Mozilla/5.0"
57.141.0.21 - - [26/Jul/2026:11:10:07 -0400] "GET /detail/accor41547043.html HTTP/1.1" 404 34327 "-" "Mozilla/5.0 (Macintosh; Intel Mac OS X 10_15_7) AppleWebKit/537.36 (KHTML, like Gecko) Chrome/145.0.0.0 Safari/537.36 (compatible; meta-externalagent/1.1 (+https://developers.facebook.com/docs/sharing/webmasters/crawler))"
216.73.217.142 - - [26/Jul/2026:11:10:09 -0400] "GET /detail/aunt50352220.html HTTP/1.1" 404 7586 "-" "Mozilla/5.0 AppleWebKit/537.36 (KHTML, like Gecko; compatible; ClaudeBot/1.0; +claudebot@anthropic.com)"
62.60.130.128 - - [26/Jul/2026:11:10:09 -0400] "GET /wp-content/plugins/Bunk_up_eaa1b91a/Bunk_up_eaa1b91a.php HTTP/1.1" 404 48992 "-" "Mozilla/5.0"
57.141.0.40 - - [26/Jul/2026:11:10:09 -0400] "GET /detail/grip72031598.html HTTP/1.1" 404 34331 "-" "Mozilla/5.0 (Windows NT 10.0; Win64; x64) AppleWebKit/537.36 (KHTML, like Gecko) Chrome/145.0.0.0 Safari/537.36 (compatible; meta-externalagent/1.1 (+https://developers.facebook.com/docs/sharing/webmasters/crawler))"
57.141.0.56 - - [26/Jul/2026:11:10:11 -0400] "GET /detail/verti60003165.html HTTP/1.1" 404 34331 "-" "Mozilla/5.0 (Windows NT 10.0; Win64; x64) AppleWebKit/537.36 (KHTML, like Gecko) Chrome/145.0.0.0 Safari/537.36 (compatible; meta-externalagent/1.1 (+https://developers.facebook.com/docs/sharing/webmasters/crawler))"
62.60.130.128 - - [26/Jul/2026:11:10:11 -0400] "GET /wp-content/plugins/Bunk_up_eaa1b91a/Bunk_up_eaa1b91a.php HTTP/1.1" 404 48992 "-" "Mozilla/5.0"
216.73.217.142 - - [26/Jul/2026:11:10:12 -0400] "GET /detail/backg61877237.html HTTP/1.1" 404 7586 "-" "Mozilla/5.0 AppleWebKit/537.36 (KHTML, like Gecko; compatible; ClaudeBot/1.0; +claudebot@anthropic.com)"
62.60.130.128 - - [26/Jul/2026:11:10:12 -0400] "GET /wp-admin/plugins.php?page=plugin-install&tab=upload HTTP/1.1" 403 2516 "-" "Mozilla/5.0"
62.60.130.128 - - [26/Jul/2026:11:10:13 -0400] "GET /wp-admin/theme-install.php?tab=upload HTTP/1.1" 404 48973 "-" "Mozilla/5.0"
57.141.0.64 - - [26/Jul/2026:11:10:13 -0400] "GET /detail/flaw41389819.html HTTP/1.1" 404 34331 "-" "Mozilla/5.0 (Windows NT 10.0; Win64; x64) AppleWebKit/537.36 (KHTML, like Gecko) Chrome/145.0.0.0 Safari/537.36 (compatible; meta-externalagent/1.1 (+https://developers.facebook.com/docs/sharing/webmasters/crawler))"
62.60.130.128 - - [26/Jul/2026:11:10:14 -0400] "POST /wp-admin/update.php?action=upload-theme HTTP/1.1" 404 48975 "-" "Mozilla/5.0"
216.73.217.142 - - [26/Jul/2026:11:10:15 -0400] "GET /detail/obsta60445821.html HTTP/1.1" 404 7586 "-" "Mozilla/5.0 AppleWebKit/537.36 (KHTML, like Gecko; compatible; ClaudeBot/1.0; +claudebot@anthropic.com)"
57.141.0.55 - - [26/Jul/2026:11:10:15 -0400] "GET /detail/towar81897535.html HTTP/1.1" 404 34331 "-" "Mozilla/5.0 (Windows NT 10.0; Win64; x64) AppleWebKit/537.36 (KHTML, like Gecko) Chrome/145.0.0.0 Safari/537.36 (compatible; meta-externalagent/1.1 (+https://developers.facebook.com/docs/sharing/webmasters/crawler))"
62.60.130.128 - - [26/Jul/2026:11:10:15 -0400] "GET /wp-content/themes/Bunk_th_6623a4/Bunk-up.php HTTP/1.1" 404 48980 "-" "Mozilla/5.0"
57.141.0.19 - - [26/Jul/2026:11:10:17 -0400] "GET /detail/sleep51488932.html HTTP/1.1" 404 34327 "-" "Mozilla/5.0 (Macintosh; Intel Mac OS X 10_15_7) AppleWebKit/537.36 (KHTML, like Gecko) Chrome/145.0.0.0 Safari/537.36 (compatible; meta-externalagent/1.1 (+https://developers.facebook.com/docs/sharing/webmasters/crawler))"
62.60.130.128 - - [26/Jul/2026:11:10:17 -0400] "GET /wp-content/themes/Bunk_th_6623a4/Bunk-up.php HTTP/1.1" 404 48980 "-" "Mozilla/5.0"
216.73.217.142 - - [26/Jul/2026:11:10:18 -0400] "GET /detail/jet21634793.html HTTP/1.1" 404 7586 "-" "Mozilla/5.0 AppleWebKit/537.36 (KHTML, like Gecko; compatible; ClaudeBot/1.0; +claudebot@anthropic.com)"
57.141.0.16 - - [26/Jul/2026:11:10:19 -0400] "GET /detail/reach40208627.html HTTP/1.1" 404 34327 "-" "Mozilla/5.0 (Macintosh; Intel Mac OS X 10_15_7) AppleWebKit/537.36 (KHTML, like Gecko) Chrome/145.0.0.0 Safari/537.36 (compatible; meta-externalagent/1.1 (+https://developers.facebook.com/docs/sharing/webmasters/crawler))"
62.60.130.128 - - [26/Jul/2026:11:10:20 -0400] "GET /wp-content/themes/Bunk_th_6623a4/Bunk-up.php HTTP/1.1" 404 48980 "-" "Mozilla/5.0"
62.60.130.128 - - [26/Jul/2026:11:10:21 -0400] "GET /wp-admin/theme-install.php HTTP/1.1" 404 48958 "-" "Mozilla/5.0"
216.73.217.142 - - [26/Jul/2026:11:10:21 -0400] "GET /detail/requi40944611.html HTTP/1.1" 404 7586 "-" "Mozilla/5.0 AppleWebKit/537.36 (KHTML, like Gecko; compatible; ClaudeBot/1.0; +claudebot@anthropic.com)"
57.141.0.14 - - [26/Jul/2026:11:10:21 -0400] "GET /detail/victi40751667.html HTTP/1.1" 404 34329 "-" "Mozilla/5.0 (X11; Linux x86_64) AppleWebKit/537.36 (KHTML, like Gecko) Chrome/145.0.0.0 Safari/537.36 (compatible; meta-externalagent/1.1 (+https://developers.facebook.com/docs/sharing/webmasters/crawler))"
62.60.130.128 - - [26/Jul/2026:11:10:22 -0400] "POST /wp-admin/update.php?action=upload-theme HTTP/1.1" 404 48975 "-" "Mozilla/5.0"
62.60.130.128 - - [26/Jul/2026:11:10:23 -0400] "GET /wp-content/themes/Bunk_th_6623a4/Bunk-up.php HTTP/1.1" 404 48980 "-" "Mozilla/5.0"
57.141.0.24 - - [26/Jul/2026:11:10:23 -0400] "GET /detail/that20193169.html HTTP/1.1" 404 34329 "-" "Mozilla/5.0 (X11; Linux x86_64) AppleWebKit/537.36 (KHTML, like Gecko) Chrome/145.0.0.0 Safari/537.36 (compatible; meta-externalagent/1.1 (+https://developers.facebook.com/docs/sharing/webmasters/crawler))"
216.73.217.142 - - [26/Jul/2026:11:10:24 -0400] "GET /detail/facil82242407.html HTTP/1.1" 404 7586 "-" "Mozilla/5.0 AppleWebKit/537.36 (KHTML, like Gecko; compatible; ClaudeBot/1.0; +claudebot@anthropic.com)"
62.60.130.128 - - [26/Jul/2026:11:10:25 -0400] "GET /wp-content/themes/Bunk_th_6623a4/Bunk-up.php HTTP/1.1" 404 48980 "-" "Mozilla/5.0"
57.141.0.39 - - [26/Jul/2026:11:10:25 -0400] "GET /detail/hub71914446.html HTTP/1.1" 404 34327 "-" "Mozilla/5.0 (Macintosh; Intel Mac OS X 10_15_7) AppleWebKit/537.36 (KHTML, like Gecko) Chrome/145.0.0.0 Safari/537.36 (compatible; meta-externalagent/1.1 (+https://developers.facebook.com/docs/sharing/webmasters/crawler))"
57.141.0.35 - - [26/Jul/2026:11:10:26 -0400] "GET /detail/ball%2021111825.html HTTP/1.1" 404 34331 "-" "Mozilla/5.0 (Windows NT 10.0; Win64; x64) AppleWebKit/537.36 (KHTML, like Gecko) Chrome/145.0.0.0 Safari/537.36 (compatible; meta-externalagent/1.1 (+https://developers.facebook.com/docs/sharing/webmasters/crawler))"
216.73.217.142 - - [26/Jul/2026:11:10:27 -0400] "GET /detail/fract22831537.html HTTP/1.1" 404 7586 "-" "Mozilla/5.0 AppleWebKit/537.36 (KHTML, like Gecko; compatible; ClaudeBot/1.0; +claudebot@anthropic.com)"
62.60.130.128 - - [26/Jul/2026:11:10:27 -0400] "GET /wp-content/themes/Bunk_th_6623a4/Bunk-up.php HTTP/1.1" 404 48980 "-" "Mozilla/5.0"
62.60.130.128 - - [26/Jul/2026:11:10:28 -0400] "GET /wp-admin/themes.php?page=theme-install&tab=upload HTTP/1.1" 403 2516 "-" "Mozilla/5.0"
62.60.130.128 - - [26/Jul/2026:11:10:29 -0400] "GET /wp-admin/ HTTP/1.1" 200 218982 "-" "Mozilla/5.0"
57.141.0.4 - - [26/Jul/2026:11:10:30 -0400] "GET /detail/hard12588336.html HTTP/1.1" 404 34331 "-" "Mozilla/5.0 (Windows NT 10.0; Win64; x64) AppleWebKit/537.36 (KHTML, like Gecko) Chrome/145.0.0.0 Safari/537.36 (compatible; meta-externalagent/1.1 (+https://developers.facebook.com/docs/sharing/webmasters/crawler))"
216.73.217.142 - - [26/Jul/2026:11:10:30 -0400] "GET /detail/could70092406.html HTTP/1.1" 404 7586 "-" "Mozilla/5.0 AppleWebKit/537.36 (KHTML, like Gecko; compatible; ClaudeBot/1.0; +claudebot@anthropic.com)"
62.60.130.128 - - [26/Jul/2026:11:10:30 -0400] "POST /wp-json/wp/v2/plugins HTTP/1.1" 403 90 "-" "Mozilla/5.0"
62.60.130.128 - - [26/Jul/2026:11:10:31 -0400] "POST /?rest_route=/wp/v2/plugins HTTP/1.1" 403 90 "-" "Mozilla/5.0"
57.141.0.53 - - [26/Jul/2026:11:10:31 -0400] "GET /detail/cure41855099.html HTTP/1.1" 404 34331 "-" "Mozilla/5.0 (Windows NT 10.0; Win64; x64) AppleWebKit/537.36 (KHTML, like Gecko) Chrome/145.0.0.0 Safari/537.36 (compatible; meta-externalagent/1.1 (+https://developers.facebook.com/docs/sharing/webmasters/crawler))"
62.60.130.128 - - [26/Jul/2026:11:10:32 -0400] "GET /wp-admin/plugin-editor.php HTTP/1.1" 200 180023 "-" "Mozilla/5.0"
57.141.0.7 - - [26/Jul/2026:11:10:33 -0400] "GET /detail/empha80014311.html HTTP/1.1" 404 34331 "-" "Mozilla/5.0 (Windows NT 10.0; Win64; x64) AppleWebKit/537.36 (KHTML, like Gecko) Chrome/145.0.0.0 Safari/537.36 (compatible; meta-externalagent/1.1 (+https://developers.facebook.com/docs/sharing/webmasters/crawler))"
216.73.217.142 - - [26/Jul/2026:11:10:33 -0400] "GET /detail/clasp60214565.html HTTP/1.1" 404 7586 "-" "Mozilla/5.0 AppleWebKit/537.36 (KHTML, like Gecko; compatible; ClaudeBot/1.0; +claudebot@anthropic.com)"
62.60.130.128 - - [26/Jul/2026:11:10:33 -0400] "POST /wp-admin/plugin-editor.php HTTP/1.1" 500 2503 "-" "Mozilla/5.0"
62.60.130.128 - - [26/Jul/2026:11:10:34 -0400] "GET /wp-content/plugins/Bunk_up_eaa1b91a/Bunk_up_eaa1b91a.php HTTP/1.1" 404 48992 "-" "Mozilla/5.0"
57.141.0.5 - - [26/Jul/2026:11:10:34 -0400] "GET /detail/stere61458293.html HTTP/1.1" 404 34331 "-" "Mozilla/5.0 (Windows NT 10.0; Win64; x64) AppleWebKit/537.36 (KHTML, like Gecko) Chrome/145.0.0.0 Safari/537.36 (compatible; meta-externalagent/1.1 (+https://developers.facebook.com/docs/sharing/webmasters/crawler))"
179.43.174.147 - - [26/Jul/2026:11:10:36 -0400] "GET / HTTP/1.1" 301 1 "-" "CNSTX Monitor 1.2"
62.60.130.128 - - [26/Jul/2026:11:10:36 -0400] "GET /wp-content/plugins/Bunk_up_eaa1b91a/Bunk_up_eaa1b91a.php HTTP/1.1" 404 48992 "-" "Mozilla/5.0"
179.43.174.147 - - [26/Jul/2026:11:10:37 -0400] "GET / HTTP/1.1" 200 10852 "https://192.210.134.12" "CNSTX Monitor 1.2"
57.141.0.65 - - [26/Jul/2026:11:10:37 -0400] "GET /detail/puzzl20094105.html HTTP/1.1" 404 34331 "-" "Mozilla/5.0 (Windows NT 10.0; Win64; x64) AppleWebKit/537.36 (KHTML, like Gecko) Chrome/145.0.0.0 Safari/537.36 (compatible; meta-externalagent/1.1 (+https://developers.facebook.com/docs/sharing/webmasters/crawler))"
216.73.217.142 - - [26/Jul/2026:11:10:38 -0400] "GET /detail/starv10243672.html HTTP/1.1" 404 7586 "-" "Mozilla/5.0 AppleWebKit/537.36 (KHTML, like Gecko; compatible; ClaudeBot/1.0; +claudebot@anthropic.com)"
62.60.130.128 - - [26/Jul/2026:11:10:38 -0400] "GET /wp-content/plugins/Bunk_up_eaa1b91a/Bunk_up_eaa1b91a.php HTTP/1.1" 404 48992 "-" "Mozilla/5.0"
62.60.130.128 - - [26/Jul/2026:11:10:39 -0400] "POST /wp-admin/plugin-editor.php HTTP/1.1" 500 2503 "-" "Mozilla/5.0"
57.141.0.5 - - [26/Jul/2026:11:10:39 -0400] "GET /detail/perfe22896953.html HTTP/1.1" 404 34327 "-" "Mozilla/5.0 (Macintosh; Intel Mac OS X 10_15_7) AppleWebKit/537.36 (KHTML, like Gecko) Chrome/145.0.0.0 Safari/537.36 (compatible; meta-externalagent/1.1 (+https://developers.facebook.com/docs/sharing/webmasters/crawler))"
62.60.130.128 - - [26/Jul/2026:11:10:40 -0400] "GET /wp-content/plugins/Bunk_up_eaa1b91a/Bunk_up_eaa1b91a.php HTTP/1.1" 404 48992 "-" "Mozilla/5.0"
216.73.217.142 - - [26/Jul/2026:11:10:40 -0400] "GET /detail/dead82796471.html HTTP/1.1" 404 7586 "-" "Mozilla/5.0 AppleWebKit/537.36 (KHTML, like Gecko; compatible; ClaudeBot/1.0; +claudebot@anthropic.com)"
57.141.0.5 - - [26/Jul/2026:11:10:41 -0400] "GET /detail/bad31581682.html HTTP/1.1" 404 34331 "-" "Mozilla/5.0 (Windows NT 10.0; Win64; x64) AppleWebKit/537.36 (KHTML, like Gecko) Chrome/145.0.0.0 Safari/537.36 (compatible; meta-externalagent/1.1 (+https://developers.facebook.com/docs/sharing/webmasters/crawler))"
62.60.130.128 - - [26/Jul/2026:11:10:42 -0400] "GET /wp-content/plugins/Bunk_up_eaa1b91a/Bunk_up_eaa1b91a.php HTTP/1.1" 404 48992 "-" "Mozilla/5.0"
62.60.130.128 - - [26/Jul/2026:11:10:43 -0400] "POST /wp-admin/plugin-editor.php HTTP/1.1" 500 2540 "-" "Mozilla/5.0"
216.73.217.142 - - [26/Jul/2026:11:10:43 -0400] "GET /detail/dozen81592303.html HTTP/1.1" 404 7586 "-" "Mozilla/5.0 AppleWebKit/537.36 (KHTML, like Gecko; compatible; ClaudeBot/1.0; +claudebot@anthropic.com)"
57.141.0.12 - - [26/Jul/2026:11:10:43 -0400] "GET /detail/panel72214742.html HTTP/1.1" 404 34331 "-" "Mozilla/5.0 (Windows NT 10.0; Win64; x64) AppleWebKit/537.36 (KHTML, like Gecko) Chrome/145.0.0.0 Safari/537.36 (compatible; meta-externalagent/1.1 (+https://developers.facebook.com/docs/sharing/webmasters/crawler))"
62.60.130.128 - - [26/Jul/2026:11:10:44 -0400] "GET /wp-content/plugins/Bunk_up_eaa1b91a/Bunk_up_eaa1b91a.php HTTP/1.1" 404 48992 "-" "Mozilla/5.0"
57.141.0.5 - - [26/Jul/2026:11:10:45 -0400] "GET /detail/sorry11972208.html HTTP/1.1" 404 34331 "-" "Mozilla/5.0 (Windows NT 10.0; Win64; x64) AppleWebKit/537.36 (KHTML, like Gecko) Chrome/145.0.0.0 Safari/537.36 (compatible; meta-externalagent/1.1 (+https://developers.facebook.com/docs/sharing/webmasters/crawler))"
62.60.130.128 - - [26/Jul/2026:11:10:46 -0400] "GET /wp-content/plugins/Bunk_up_eaa1b91a/Bunk_up_eaa1b91a.php HTTP/1.1" 404 48992 "-" "Mozilla/5.0"
216.73.217.142 - - [26/Jul/2026:11:10:46 -0400] "GET /detail/satis12557808.html HTTP/1.1" 404 7586 "-" "Mozilla/5.0 AppleWebKit/537.36 (KHTML, like Gecko; compatible; ClaudeBot/1.0; +claudebot@anthropic.com)"
57.141.0.24 - - [26/Jul/2026:11:10:47 -0400] "GET /detail/hunge82105527.html HTTP/1.1" 404 34331 "-" "Mozilla/5.0 (Windows NT 10.0; Win64; x64) AppleWebKit/537.36 (KHTML, like Gecko) Chrome/145.0.0.0 Safari/537.36 (compatible; meta-externalagent/1.1 (+https://developers.facebook.com/docs/sharing/webmasters/crawler))"
62.60.130.128 - - [26/Jul/2026:11:10:47 -0400] "POST /wp-admin/plugin-editor.php HTTP/1.1" 500 2503 "-" "Mozilla/5.0"
62.60.130.128 - - [26/Jul/2026:11:10:48 -0400] "GET /wp-content/plugins/Bunk_up_eaa1b91a/Bunk_up_eaa1b91a.php HTTP/1.1" 404 48992 "-" "Mozilla/5.0"
216.73.217.142 - - [26/Jul/2026:11:10:49 -0400] "GET /detail/purch22758569.html HTTP/1.1" 404 7586 "-" "Mozilla/5.0 AppleWebKit/537.36 (KHTML, like Gecko; compatible; ClaudeBot/1.0; +claudebot@anthropic.com)"
57.141.0.48 - - [26/Jul/2026:11:10:50 -0400] "GET /detail/react50574228.html HTTP/1.1" 404 34331 "-" "Mozilla/5.0 (Windows NT 10.0; Win64; x64) AppleWebKit/537.36 (KHTML, like Gecko) Chrome/145.0.0.0 Safari/537.36 (compatible; meta-externalagent/1.1 (+https://developers.facebook.com/docs/sharing/webmasters/crawler))"
62.60.130.128 - - [26/Jul/2026:11:10:50 -0400] "GET /wp-content/plugins/Bunk_up_eaa1b91a/Bunk_up_eaa1b91a.php HTTP/1.1" 404 48992 "-" "Mozilla/5.0"
62.60.130.128 - - [26/Jul/2026:11:10:51 -0400] "GET /wp-admin/theme-editor.php HTTP/1.1" 404 48957 "-" "Mozilla/5.0"
57.141.0.65 - - [26/Jul/2026:11:10:51 -0400] "GET /detail/categ81659815.html HTTP/1.1" 404 34331 "-" "Mozilla/5.0 (Windows NT 10.0; Win64; x64) AppleWebKit/537.36 (KHTML, like Gecko) Chrome/145.0.0.0 Safari/537.36 (compatible; meta-externalagent/1.1 (+https://developers.facebook.com/docs/sharing/webmasters/crawler))"
62.60.130.128 - - [26/Jul/2026:11:10:52 -0400] "POST /wp-admin/theme-editor.php HTTP/1.1" 404 48957 "-" "Mozilla/5.0"
216.73.217.142 - - [26/Jul/2026:11:10:52 -0400] "GET /detail/even82980767.html HTTP/1.1" 404 7586 "-" "Mozilla/5.0 AppleWebKit/537.36 (KHTML, like Gecko; compatible; ClaudeBot/1.0; +claudebot@anthropic.com)"
62.60.130.128 - - [26/Jul/2026:11:10:53 -0400] "GET /wp-content/themes/create/Bunk-up.php HTTP/1.1" 404 48972 "-" "Mozilla/5.0"
57.141.0.49 - - [26/Jul/2026:11:10:54 -0400] "GET /detail/kite41660907.html HTTP/1.1" 404 34327 "-" "Mozilla/5.0 (Macintosh; Intel Mac OS X 10_15_7) AppleWebKit/537.36 (KHTML, like Gecko) Chrome/145.0.0.0 Safari/537.36 (compatible; meta-externalagent/1.1 (+https://developers.facebook.com/docs/sharing/webmasters/crawler))"
62.60.130.128 - - [26/Jul/2026:11:10:55 -0400] "GET /wp-content/themes/create/Bunk-up.php HTTP/1.1" 404 48972 "-" "Mozilla/5.0"
216.73.217.142 - - [26/Jul/2026:11:10:55 -0400] "GET /detail/soar41333923.html HTTP/1.1" 404 7586 "-" "Mozilla/5.0 AppleWebKit/537.36 (KHTML, like Gecko; compatible; ClaudeBot/1.0; +claudebot@anthropic.com)"
57.141.0.62 - - [26/Jul/2026:11:10:56 -0400] "GET /detail/theme52253420.html HTTP/1.1" 404 34329 "-" "Mozilla/5.0 (X11; Linux x86_64) AppleWebKit/537.36 (KHTML, like Gecko) Chrome/145.0.0.0 Safari/537.36 (compatible; meta-externalagent/1.1 (+https://developers.facebook.com/docs/sharing/webmasters/crawler))"
57.141.0.31 - - [26/Jul/2026:11:10:57 -0400] "GET /detail/tree72392390.html HTTP/1.1" 404 34327 "-" "Mozilla/5.0 (Macintosh; Intel Mac OS X 10_15_7) AppleWebKit/537.36 (KHTML, like Gecko) Chrome/145.0.0.0 Safari/537.36 (compatible; meta-externalagent/1.1 (+https://developers.facebook.com/docs/sharing/webmasters/crawler))"
62.60.130.128 - - [26/Jul/2026:11:10:58 -0400] "GET /wp-content/themes/create/Bunk-up.php HTTP/1.1" 404 48972 "-" "Mozilla/5.0"
216.73.217.142 - - [26/Jul/2026:11:10:58 -0400] "GET /detail/acade40322091.html HTTP/1.1" 404 7586 "-" "Mozilla/5.0 AppleWebKit/537.36 (KHTML, like Gecko; compatible; ClaudeBot/1.0; +claudebot@anthropic.com)"
57.141.0.28 - - [26/Jul/2026:11:11:00 -0400] "GET /detail/idiom22554489.html HTTP/1.1" 404 34327 "-" "Mozilla/5.0 (Macintosh; Intel Mac OS X 10_15_7) AppleWebKit/537.36 (KHTML, like Gecko) Chrome/145.0.0.0 Safari/537.36 (compatible; meta-externalagent/1.1 (+https://developers.facebook.com/docs/sharing/webmasters/crawler))"
57.141.0.32 - - [26/Jul/2026:11:11:01 -0400] "GET /detail/mista62089581.html HTTP/1.1" 404 34331 "-" "Mozilla/5.0 (Windows NT 10.0; Win64; x64) AppleWebKit/537.36 (KHTML, like Gecko) Chrome/145.0.0.0 Safari/537.36 (compatible; meta-externalagent/1.1 (+https://developers.facebook.com/docs/sharing/webmasters/crawler))"
216.73.217.142 - - [26/Jul/2026:11:11:01 -0400] "GET /detail/fix61156309.html HTTP/1.1" 404 7586 "-" "Mozilla/5.0 AppleWebKit/537.36 (KHTML, like Gecko; compatible; ClaudeBot/1.0; +claudebot@anthropic.com)"
57.141.0.45 - - [26/Jul/2026:11:11:04 -0400] "GET /detail/pig52344804.html HTTP/1.1" 404 34331 "-" "Mozilla/5.0 (Windows NT 10.0; Win64; x64) AppleWebKit/537.36 (KHTML, like Gecko) Chrome/145.0.0.0 Safari/537.36 (compatible; meta-externalagent/1.1 (+https://developers.facebook.com/docs/sharing/webmasters/crawler))"
57.141.0.25 - - [26/Jul/2026:11:11:06 -0400] "GET /detail/aside72790750.html HTTP/1.1" 404 34327 "-" "Mozilla/5.0 (Macintosh; Intel Mac OS X 10_15_7) AppleWebKit/537.36 (KHTML, like Gecko) Chrome/145.0.0.0 Safari/537.36 (compatible; meta-externalagent/1.1 (+https://developers.facebook.com/docs/sharing/webmasters/crawler))"
57.141.0.44 - - [26/Jul/2026:11:11:07 -0400] "GET /detail/come52681780.html HTTP/1.1" 404 34329 "-" "Mozilla/5.0 (X11; Linux x86_64) AppleWebKit/537.36 (KHTML, like Gecko) Chrome/145.0.0.0 Safari/537.36 (compatible; meta-externalagent/1.1 (+https://developers.facebook.com/docs/sharing/webmasters/crawler))"
216.73.217.142 - - [26/Jul/2026:11:11:08 -0400] "GET /detail/posta52423060.html HTTP/1.1" 404 7586 "-" "Mozilla/5.0 AppleWebKit/537.36 (KHTML, like Gecko; compatible; ClaudeBot/1.0; +claudebot@anthropic.com)"
57.141.0.26 - - [26/Jul/2026:11:11:09 -0400] "GET /detail/barri81522463.html HTTP/1.1" 404 34332 "-" "Mozilla/5.0 (Windows NT 10.0; Win64; x64) AppleWebKit/537.36 (KHTML, like Gecko) Chrome/144.0.0.0 Safari/537.36 Edg/144.0.0.0 (compatible; meta-externalagent/1.1 (+https://developers.facebook.com/docs/sharing/webmasters/crawler))"
216.73.217.142 - - [26/Jul/2026:11:11:10 -0400] "GET /detail/sting51598484.html HTTP/1.1" 404 7586 "-" "Mozilla/5.0 AppleWebKit/537.36 (KHTML, like Gecko; compatible; ClaudeBot/1.0; +claudebot@anthropic.com)"
57.141.0.38 - - [26/Jul/2026:11:11:11 -0400] "GET /detail/post40408403.html HTTP/1.1" 404 34331 "-" "Mozilla/5.0 (Windows NT 10.0; Win64; x64) AppleWebKit/537.36 (KHTML, like Gecko) Chrome/145.0.0.0 Safari/537.36 (compatible; meta-externalagent/1.1 (+https://developers.facebook.com/docs/sharing/webmasters/crawler))"
57.141.0.59 - - [26/Jul/2026:11:11:13 -0400] "GET /detail/shed80423007.html HTTP/1.1" 404 34331 "-" "Mozilla/5.0 (Windows NT 10.0; Win64; x64) AppleWebKit/537.36 (KHTML, like Gecko) Chrome/145.0.0.0 Safari/537.36 (compatible; meta-externalagent/1.1 (+https://developers.facebook.com/docs/sharing/webmasters/crawler))"
216.73.217.142 - - [26/Jul/2026:11:11:13 -0400] "GET /detail/facil81774407.html HTTP/1.1" 404 7586 "-" "Mozilla/5.0 AppleWebKit/537.36 (KHTML, like Gecko; compatible; ClaudeBot/1.0; +claudebot@anthropic.com)"
57.141.0.41 - - [26/Jul/2026:11:11:15 -0400] "GET /detail/adver30413170.html HTTP/1.1" 404 34331 "-" "Mozilla/5.0 (Windows NT 10.0; Win64; x64) AppleWebKit/537.36 (KHTML, like Gecko) Chrome/145.0.0.0 Safari/537.36 (compatible; meta-externalagent/1.1 (+https://developers.facebook.com/docs/sharing/webmasters/crawler))"
216.73.217.142 - - [26/Jul/2026:11:11:16 -0400] "GET /detail/slide52373652.html HTTP/1.1" 404 7586 "-" "Mozilla/5.0 AppleWebKit/537.36 (KHTML, like Gecko; compatible; ClaudeBot/1.0; +claudebot@anthropic.com)"
57.141.0.53 - - [26/Jul/2026:11:11:18 -0400] "GET /detail/dine72227830.html HTTP/1.1" 404 34331 "-" "Mozilla/5.0 (Windows NT 10.0; Win64; x64) AppleWebKit/537.36 (KHTML, like Gecko) Chrome/145.0.0.0 Safari/537.36 (compatible; meta-externalagent/1.1 (+https://developers.facebook.com/docs/sharing/webmasters/crawler))"
57.141.0.38 - - [26/Jul/2026:11:11:19 -0400] "GET /detail/icky52719844.html HTTP/1.1" 404 34329 "-" "Mozilla/5.0 (X11; Linux x86_64) AppleWebKit/537.36 (KHTML, like Gecko) Chrome/145.0.0.0 Safari/537.36 (compatible; meta-externalagent/1.1 (+https://developers.facebook.com/docs/sharing/webmasters/crawler))"
216.73.217.142 - - [26/Jul/2026:11:11:19 -0400] "GET /detail/pit82135511.html HTTP/1.1" 404 7586 "-" "Mozilla/5.0 AppleWebKit/537.36 (KHTML, like Gecko; compatible; ClaudeBot/1.0; +claudebot@anthropic.com)"
57.141.0.49 - - [26/Jul/2026:11:11:22 -0400] "GET /detail/exclu81178167.html HTTP/1.1" 404 34331 "-" "Mozilla/5.0 (Windows NT 10.0; Win64; x64) AppleWebKit/537.36 (KHTML, like Gecko) Chrome/145.0.0.0 Safari/537.36 (compatible; meta-externalagent/1.1 (+https://developers.facebook.com/docs/sharing/webmasters/crawler))"
216.73.217.142 - - [26/Jul/2026:11:11:22 -0400] "GET /detail/oval70087782.html HTTP/1.1" 404 7586 "-" "Mozilla/5.0 AppleWebKit/537.36 (KHTML, like Gecko; compatible; ClaudeBot/1.0; +claudebot@anthropic.com)"
57.141.0.11 - - [26/Jul/2026:11:11:23 -0400] "GET /detail/expen80769079.html HTTP/1.1" 404 34331 "-" "Mozilla/5.0 (Windows NT 10.0; Win64; x64) AppleWebKit/537.36 (KHTML, like Gecko) Chrome/145.0.0.0 Safari/537.36 (compatible; meta-externalagent/1.1 (+https://developers.facebook.com/docs/sharing/webmasters/crawler))"
216.73.217.142 - - [26/Jul/2026:11:11:25 -0400] "GET /detail/altit40710099.html HTTP/1.1" 404 7586 "-" "Mozilla/5.0 AppleWebKit/537.36 (KHTML, like Gecko; compatible; ClaudeBot/1.0; +claudebot@anthropic.com)"
57.141.0.50 - - [26/Jul/2026:11:11:25 -0400] "GET /detail/creep20923065.html HTTP/1.1" 404 34327 "-" "Mozilla/5.0 (Macintosh; Intel Mac OS X 10_15_7) AppleWebKit/537.36 (KHTML, like Gecko) Chrome/145.0.0.0 Safari/537.36 (compatible; meta-externalagent/1.1 (+https://developers.facebook.com/docs/sharing/webmasters/crawler))"
57.141.0.62 - - [26/Jul/2026:11:11:28 -0400] "GET /detail/her82860151.html HTTP/1.1" 404 34327 "-" "Mozilla/5.0 (Macintosh; Intel Mac OS X 10_15_7) AppleWebKit/537.36 (KHTML, like Gecko) Chrome/145.0.0.0 Safari/537.36 (compatible; meta-externalagent/1.1 (+https://developers.facebook.com/docs/sharing/webmasters/crawler))"
216.73.217.142 - - [26/Jul/2026:11:11:28 -0400] "GET /detail/sum71827542.html HTTP/1.1" 404 7586 "-" "Mozilla/5.0 AppleWebKit/537.36 (KHTML, like Gecko; compatible; ClaudeBot/1.0; +claudebot@anthropic.com)"
57.141.0.29 - - [26/Jul/2026:11:11:29 -0400] "GET /detail/surfa81116735.html HTTP/1.1" 404 34331 "-" "Mozilla/5.0 (Windows NT 10.0; Win64; x64) AppleWebKit/537.36 (KHTML, like Gecko) Chrome/145.0.0.0 Safari/537.36 (compatible; meta-externalagent/1.1 (+https://developers.facebook.com/docs/sharing/webmasters/crawler))"
216.73.217.142 - - [26/Jul/2026:11:11:31 -0400] "GET /detail/grasp62931133.html HTTP/1.1" 404 7586 "-" "Mozilla/5.0 AppleWebKit/537.36 (KHTML, like Gecko; compatible; ClaudeBot/1.0; +claudebot@anthropic.com)"
57.141.0.21 - - [26/Jul/2026:11:11:32 -0400] "GET /detail/susta31342058.html HTTP/1.1" 404 34331 "-" "Mozilla/5.0 (Windows NT 10.0; Win64; x64) AppleWebKit/537.36 (KHTML, like Gecko) Chrome/145.0.0.0 Safari/537.36 (compatible; meta-externalagent/1.1 (+https://developers.facebook.com/docs/sharing/webmasters/crawler))"
57.141.0.62 - - [26/Jul/2026:11:11:34 -0400] "GET /detail/comma70421542.html HTTP/1.1" 404 34331 "-" "Mozilla/5.0 (Windows NT 10.0; Win64; x64) AppleWebKit/537.36 (KHTML, like Gecko) Chrome/145.0.0.0 Safari/537.36 (compatible; meta-externalagent/1.1 (+https://developers.facebook.com/docs/sharing/webmasters/crawler))"
179.43.174.147 - - [26/Jul/2026:11:11:36 -0400] "GET / HTTP/1.1" 301 1 "-" "CNSTX Monitor 1.2"
57.141.0.27 - - [26/Jul/2026:11:11:36 -0400] "GET /detail/myrna70519990.html HTTP/1.1" 404 34331 "-" "Mozilla/5.0 (Windows NT 10.0; Win64; x64) AppleWebKit/537.36 (KHTML, like Gecko) Chrome/145.0.0.0 Safari/537.36 (compatible; meta-externalagent/1.1 (+https://developers.facebook.com/docs/sharing/webmasters/crawler))"
179.43.174.147 - - [26/Jul/2026:11:11:36 -0400] "GET / HTTP/1.1" 200 10852 "https://192.210.134.12" "CNSTX Monitor 1.2"
57.141.0.9 - - [26/Jul/2026:11:11:38 -0400] "GET /detail/exert32206610.html HTTP/1.1" 404 34331 "-" "Mozilla/5.0 (Windows NT 10.0; Win64; x64) AppleWebKit/537.36 (KHTML, like Gecko) Chrome/145.0.0.0 Safari/537.36 (compatible; meta-externalagent/1.1 (+https://developers.facebook.com/docs/sharing/webmasters/crawler))"
57.141.0.26 - - [26/Jul/2026:11:11:39 -0400] "GET /detail/apply31250394.html HTTP/1.1" 404 34327 "-" "Mozilla/5.0 (Macintosh; Intel Mac OS X 10_15_7) AppleWebKit/537.36 (KHTML, like Gecko) Chrome/145.0.0.0 Safari/537.36 (compatible; meta-externalagent/1.1 (+https://developers.facebook.com/docs/sharing/webmasters/crawler))"
57.141.0.63 - - [26/Jul/2026:11:11:41 -0400] "GET /detail/skate22128873.html HTTP/1.1" 404 34327 "-" "Mozilla/5.0 (Macintosh; Intel Mac OS X 10_15_7) AppleWebKit/537.36 (KHTML, like Gecko) Chrome/145.0.0.0 Safari/537.36 (compatible; meta-externalagent/1.1 (+https://developers.facebook.com/docs/sharing/webmasters/crawler))"
216.73.217.142 - - [26/Jul/2026:11:11:43 -0400] "GET /detail/late11416880.html HTTP/1.1" 404 7586 "-" "Mozilla/5.0 AppleWebKit/537.36 (KHTML, like Gecko; compatible; ClaudeBot/1.0; +claudebot@anthropic.com)"
57.141.0.11 - - [26/Jul/2026:11:11:43 -0400] "GET /detail/happy31796698.html HTTP/1.1" 404 34331 "-" "Mozilla/5.0 (Windows NT 10.0; Win64; x64) AppleWebKit/537.36 (KHTML, like Gecko) Chrome/145.0.0.0 Safari/537.36 (compatible; meta-externalagent/1.1 (+https://developers.facebook.com/docs/sharing/webmasters/crawler))"
57.141.0.25 - - [26/Jul/2026:11:11:44 -0400] "GET /detail/whose10144400.html HTTP/1.1" 404 34331 "-" "Mozilla/5.0 (Windows NT 10.0; Win64; x64) AppleWebKit/537.36 (KHTML, like Gecko) Chrome/145.0.0.0 Safari/537.36 (compatible; meta-externalagent/1.1 (+https://developers.facebook.com/docs/sharing/webmasters/crawler))"
216.73.217.142 - - [26/Jul/2026:11:11:46 -0400] "GET /detail/fund40009995.html HTTP/1.1" 404 7586 "-" "Mozilla/5.0 AppleWebKit/537.36 (KHTML, like Gecko; compatible; ClaudeBot/1.0; +claudebot@anthropic.com)"
57.141.0.51 - - [26/Jul/2026:11:11:47 -0400] "GET /detail/pipe82074519.html HTTP/1.1" 404 34331 "-" "Mozilla/5.0 (Windows NT 10.0; Win64; x64) AppleWebKit/537.36 (KHTML, like Gecko) Chrome/145.0.0.0 Safari/537.36 (compatible; meta-externalagent/1.1 (+https://developers.facebook.com/docs/sharing/webmasters/crawler))"
57.141.0.24 - - [26/Jul/2026:11:11:49 -0400] "GET /detail/golf72807638.html HTTP/1.1" 404 34331 "-" "Mozilla/5.0 (Windows NT 10.0; Win64; x64) AppleWebKit/537.36 (KHTML, like Gecko) Chrome/145.0.0.0 Safari/537.36 (compatible; meta-externalagent/1.1 (+https://developers.facebook.com/docs/sharing/webmasters/crawler))"
216.73.217.142 - - [26/Jul/2026:11:11:49 -0400] "GET /detail/singu72357750.html HTTP/1.1" 404 7586 "-" "Mozilla/5.0 AppleWebKit/537.36 (KHTML, like Gecko; compatible; ClaudeBot/1.0; +claudebot@anthropic.com)"
