216.73.217.142 - - [26/Jul/2026:12:25:31 -0400] "GET /detail/diffe11972904.html HTTP/1.1" 404 7586 "-" "Mozilla/5.0 AppleWebKit/537.36 (KHTML, like Gecko; compatible; ClaudeBot/1.0; +claudebot@anthropic.com)"
216.73.217.142 - - [26/Jul/2026:12:25:34 -0400] "GET /detail/indig20675609.html HTTP/1.1" 404 7586 "-" "Mozilla/5.0 AppleWebKit/537.36 (KHTML, like Gecko; compatible; ClaudeBot/1.0; +claudebot@anthropic.com)"
179.43.174.147 - - [26/Jul/2026:12:25:36 -0400] "GET / HTTP/1.1" 301 1 "-" "CNSTX Monitor 1.2"
179.43.174.147 - - [26/Jul/2026:12:25:36 -0400] "GET / HTTP/1.1" 200 10852 "https://192.210.134.12" "CNSTX Monitor 1.2"
216.73.217.142 - - [26/Jul/2026:12:25:37 -0400] "GET /detail/neces41344571.html HTTP/1.1" 404 7586 "-" "Mozilla/5.0 AppleWebKit/537.36 (KHTML, like Gecko; compatible; ClaudeBot/1.0; +claudebot@anthropic.com)"
216.73.217.142 - - [26/Jul/2026:12:25:40 -0400] "GET /detail/egg10540040.html HTTP/1.1" 404 7586 "-" "Mozilla/5.0 AppleWebKit/537.36 (KHTML, like Gecko; compatible; ClaudeBot/1.0; +claudebot@anthropic.com)"
216.73.217.142 - - [26/Jul/2026:12:25:43 -0400] "GET /detail/laser42091387.html HTTP/1.1" 404 7586 "-" "Mozilla/5.0 AppleWebKit/537.36 (KHTML, like Gecko; compatible; ClaudeBot/1.0; +claudebot@anthropic.com)"
216.73.217.142 - - [26/Jul/2026:12:25:46 -0400] "GET /detail/subdi21289937.html HTTP/1.1" 404 7586 "-" "Mozilla/5.0 AppleWebKit/537.36 (KHTML, like Gecko; compatible; ClaudeBot/1.0; +claudebot@anthropic.com)"
216.73.217.142 - - [26/Jul/2026:12:25:49 -0400] "GET /detail/cemen60202989.html HTTP/1.1" 404 7586 "-" "Mozilla/5.0 AppleWebKit/537.36 (KHTML, like Gecko; compatible; ClaudeBot/1.0; +claudebot@anthropic.com)"
216.73.217.142 - - [26/Jul/2026:12:25:52 -0400] "GET /detail/endan70926262.html HTTP/1.1" 404 7586 "-" "Mozilla/5.0 AppleWebKit/537.36 (KHTML, like Gecko; compatible; ClaudeBot/1.0; +claudebot@anthropic.com)"
216.73.217.142 - - [26/Jul/2026:12:25:55 -0400] "GET /detail/just41893083.html HTTP/1.1" 404 7586 "-" "Mozilla/5.0 AppleWebKit/537.36 (KHTML, like Gecko; compatible; ClaudeBot/1.0; +claudebot@anthropic.com)"
216.73.217.142 - - [26/Jul/2026:12:25:59 -0400] "GET /detail/manly30687354.html HTTP/1.1" 404 7586 "-" "Mozilla/5.0 AppleWebKit/537.36 (KHTML, like Gecko; compatible; ClaudeBot/1.0; +claudebot@anthropic.com)"
216.73.217.142 - - [26/Jul/2026:12:26:02 -0400] "GET /detail/lens52347612.html HTTP/1.1" 404 7586 "-" "Mozilla/5.0 AppleWebKit/537.36 (KHTML, like Gecko; compatible; ClaudeBot/1.0; +claudebot@anthropic.com)"
216.73.217.142 - - [26/Jul/2026:12:26:05 -0400] "GET /detail/disti50870092.html HTTP/1.1" 404 7586 "-" "Mozilla/5.0 AppleWebKit/537.36 (KHTML, like Gecko; compatible; ClaudeBot/1.0; +claudebot@anthropic.com)"
216.73.217.142 - - [26/Jul/2026:12:26:08 -0400] "GET /detail/purse10188064.html HTTP/1.1" 404 7586 "-" "Mozilla/5.0 AppleWebKit/537.36 (KHTML, like Gecko; compatible; ClaudeBot/1.0; +claudebot@anthropic.com)"
216.73.217.142 - - [26/Jul/2026:12:26:11 -0400] "GET /detail/fact23000521.html HTTP/1.1" 404 7586 "-" "Mozilla/5.0 AppleWebKit/537.36 (KHTML, like Gecko; compatible; ClaudeBot/1.0; +claudebot@anthropic.com)"
216.73.217.142 - - [26/Jul/2026:12:26:14 -0400] "GET /detail/sea81116759.html HTTP/1.1" 404 7586 "-" "Mozilla/5.0 AppleWebKit/537.36 (KHTML, like Gecko; compatible; ClaudeBot/1.0; +claudebot@anthropic.com)"
216.73.217.142 - - [26/Jul/2026:12:26:17 -0400] "GET /detail/locom12522824.html HTTP/1.1" 404 7586 "-" "Mozilla/5.0 AppleWebKit/537.36 (KHTML, like Gecko; compatible; ClaudeBot/1.0; +claudebot@anthropic.com)"
216.73.217.142 - - [26/Jul/2026:12:26:20 -0400] "GET /detail/alarm62946741.html HTTP/1.1" 404 7586 "-" "Mozilla/5.0 AppleWebKit/537.36 (KHTML, like Gecko; compatible; ClaudeBot/1.0; +claudebot@anthropic.com)"
216.73.217.142 - - [26/Jul/2026:12:26:23 -0400] "GET /detail/revol11870296.html HTTP/1.1" 404 7586 "-" "Mozilla/5.0 AppleWebKit/537.36 (KHTML, like Gecko; compatible; ClaudeBot/1.0; +claudebot@anthropic.com)"
216.73.217.142 - - [26/Jul/2026:12:26:26 -0400] "GET /detail/plant81716071.html HTTP/1.1" 404 7586 "-" "Mozilla/5.0 AppleWebKit/537.36 (KHTML, like Gecko; compatible; ClaudeBot/1.0; +claudebot@anthropic.com)"
216.73.217.142 - - [26/Jul/2026:12:26:29 -0400] "GET /detail/belie50180244.html HTTP/1.1" 404 7586 "-" "Mozilla/5.0 AppleWebKit/537.36 (KHTML, like Gecko; compatible; ClaudeBot/1.0; +claudebot@anthropic.com)"
216.73.217.142 - - [26/Jul/2026:12:26:32 -0400] "GET /detail/museu50056900.html HTTP/1.1" 404 7586 "-" "Mozilla/5.0 AppleWebKit/537.36 (KHTML, like Gecko; compatible; ClaudeBot/1.0; +claudebot@anthropic.com)"
216.73.217.142 - - [26/Jul/2026:12:26:35 -0400] "GET /detail/revol11562296.html HTTP/1.1" 404 7586 "-" "Mozilla/5.0 AppleWebKit/537.36 (KHTML, like Gecko; compatible; ClaudeBot/1.0; +claudebot@anthropic.com)"
179.43.174.147 - - [26/Jul/2026:12:26:36 -0400] "GET / HTTP/1.1" 301 1 "-" "CNSTX Monitor 1.2"
179.43.174.147 - - [26/Jul/2026:12:26:36 -0400] "GET / HTTP/1.1" 200 10852 "https://192.210.134.12" "CNSTX Monitor 1.2"
216.73.217.142 - - [26/Jul/2026:12:26:38 -0400] "GET /detail/looko20309457.html HTTP/1.1" 404 7586 "-" "Mozilla/5.0 AppleWebKit/537.36 (KHTML, like Gecko; compatible; ClaudeBot/1.0; +claudebot@anthropic.com)"
216.73.217.142 - - [26/Jul/2026:12:26:41 -0400] "GET /detail/duty51208500.html HTTP/1.1" 404 7586 "-" "Mozilla/5.0 AppleWebKit/537.36 (KHTML, like Gecko; compatible; ClaudeBot/1.0; +claudebot@anthropic.com)"
216.73.217.142 - - [26/Jul/2026:12:26:44 -0400] "GET /detail/hill21929105.html HTTP/1.1" 404 7586 "-" "Mozilla/5.0 AppleWebKit/537.36 (KHTML, like Gecko; compatible; ClaudeBot/1.0; +claudebot@anthropic.com)"
216.73.217.142 - - [26/Jul/2026:12:26:47 -0400] "GET /detail/kilom12997248.html HTTP/1.1" 404 7586 "-" "Mozilla/5.0 AppleWebKit/537.36 (KHTML, like Gecko; compatible; ClaudeBot/1.0; +claudebot@anthropic.com)"
216.73.217.142 - - [26/Jul/2026:12:26:50 -0400] "GET /detail/fist80227039.html HTTP/1.1" 404 7586 "-" "Mozilla/5.0 AppleWebKit/537.36 (KHTML, like Gecko; compatible; ClaudeBot/1.0; +claudebot@anthropic.com)"
216.73.217.142 - - [26/Jul/2026:12:26:53 -0400] "GET /detail/indoo41561539.html HTTP/1.1" 404 7586 "-" "Mozilla/5.0 AppleWebKit/537.36 (KHTML, like Gecko; compatible; ClaudeBot/1.0; +claudebot@anthropic.com)"
216.73.217.142 - - [26/Jul/2026:12:26:56 -0400] "GET /detail/namel72722398.html HTTP/1.1" 404 7586 "-" "Mozilla/5.0 AppleWebKit/537.36 (KHTML, like Gecko; compatible; ClaudeBot/1.0; +claudebot@anthropic.com)"
216.73.217.142 - - [26/Jul/2026:12:26:59 -0400] "GET /detail/hire42354003.html HTTP/1.1" 404 7586 "-" "Mozilla/5.0 AppleWebKit/537.36 (KHTML, like Gecko; compatible; ClaudeBot/1.0; +claudebot@anthropic.com)"
216.73.217.142 - - [26/Jul/2026:12:27:02 -0400] "GET /detail/orang60597125.html HTTP/1.1" 404 7586 "-" "Mozilla/5.0 AppleWebKit/537.36 (KHTML, like Gecko; compatible; ClaudeBot/1.0; +claudebot@anthropic.com)"
216.73.217.142 - - [26/Jul/2026:12:27:05 -0400] "GET /detail/atomi12046992.html HTTP/1.1" 404 7586 "-" "Mozilla/5.0 AppleWebKit/537.36 (KHTML, like Gecko; compatible; ClaudeBot/1.0; +claudebot@anthropic.com)"
216.73.217.142 - - [26/Jul/2026:12:27:08 -0400] "GET /detail/soul70307886.html HTTP/1.1" 404 7586 "-" "Mozilla/5.0 AppleWebKit/537.36 (KHTML, like Gecko; compatible; ClaudeBot/1.0; +claudebot@anthropic.com)"
216.73.217.142 - - [26/Jul/2026:12:27:11 -0400] "GET /detail/unifo22893537.html HTTP/1.1" 404 7586 "-" "Mozilla/5.0 AppleWebKit/537.36 (KHTML, like Gecko; compatible; ClaudeBot/1.0; +claudebot@anthropic.com)"
216.73.217.142 - - [26/Jul/2026:12:27:14 -0400] "GET /detail/shiel12702560.html HTTP/1.1" 404 7586 "-" "Mozilla/5.0 AppleWebKit/537.36 (KHTML, like Gecko; compatible; ClaudeBot/1.0; +claudebot@anthropic.com)"
216.73.217.142 - - [26/Jul/2026:12:27:17 -0400] "GET /detail/farm41101051.html HTTP/1.1" 404 7586 "-" "Mozilla/5.0 AppleWebKit/537.36 (KHTML, like Gecko; compatible; ClaudeBot/1.0; +claudebot@anthropic.com)"
216.73.217.142 - - [26/Jul/2026:12:27:20 -0400] "GET /detail/campu32406818.html HTTP/1.1" 404 7586 "-" "Mozilla/5.0 AppleWebKit/537.36 (KHTML, like Gecko; compatible; ClaudeBot/1.0; +claudebot@anthropic.com)"
216.73.217.142 - - [26/Jul/2026:12:27:23 -0400] "GET /detail/tempo50627516.html HTTP/1.1" 404 7586 "-" "Mozilla/5.0 AppleWebKit/537.36 (KHTML, like Gecko; compatible; ClaudeBot/1.0; +claudebot@anthropic.com)"
216.73.217.142 - - [26/Jul/2026:12:27:26 -0400] "GET /detail/dissa80726439.html HTTP/1.1" 404 7586 "-" "Mozilla/5.0 AppleWebKit/537.36 (KHTML, like Gecko; compatible; ClaudeBot/1.0; +claudebot@anthropic.com)"
216.73.217.142 - - [26/Jul/2026:12:27:29 -0400] "GET /detail/magne30674962.html HTTP/1.1" 404 7586 "-" "Mozilla/5.0 AppleWebKit/537.36 (KHTML, like Gecko; compatible; ClaudeBot/1.0; +claudebot@anthropic.com)"
216.73.217.142 - - [26/Jul/2026:12:27:32 -0400] "GET /detail/annua70046238.html HTTP/1.1" 404 7586 "-" "Mozilla/5.0 AppleWebKit/537.36 (KHTML, like Gecko; compatible; ClaudeBot/1.0; +claudebot@anthropic.com)"
216.73.217.142 - - [26/Jul/2026:12:27:35 -0400] "GET /detail/mouth80828991.html HTTP/1.1" 404 7586 "-" "Mozilla/5.0 AppleWebKit/537.36 (KHTML, like Gecko; compatible; ClaudeBot/1.0; +claudebot@anthropic.com)"
179.43.174.147 - - [26/Jul/2026:12:27:36 -0400] "GET / HTTP/1.1" 301 1 "-" "CNSTX Monitor 1.2"
179.43.174.147 - - [26/Jul/2026:12:27:37 -0400] "GET / HTTP/1.1" 200 10852 "https://192.210.134.12" "CNSTX Monitor 1.2"
216.73.217.142 - - [26/Jul/2026:12:27:38 -0400] "GET /detail/looko22593457.html HTTP/1.1" 404 7586 "-" "Mozilla/5.0 AppleWebKit/537.36 (KHTML, like Gecko; compatible; ClaudeBot/1.0; +claudebot@anthropic.com)"
216.73.217.142 - - [26/Jul/2026:12:27:41 -0400] "GET /detail/favor12777536.html HTTP/1.1" 404 7586 "-" "Mozilla/5.0 AppleWebKit/537.36 (KHTML, like Gecko; compatible; ClaudeBot/1.0; +claudebot@anthropic.com)"
216.73.217.142 - - [26/Jul/2026:12:27:44 -0400] "GET /detail/shock80489439.html HTTP/1.1" 404 7586 "-" "Mozilla/5.0 AppleWebKit/537.36 (KHTML, like Gecko; compatible; ClaudeBot/1.0; +claudebot@anthropic.com)"
216.73.217.142 - - [26/Jul/2026:12:27:47 -0400] "GET /detail/jeer72867846.html HTTP/1.1" 404 7586 "-" "Mozilla/5.0 AppleWebKit/537.36 (KHTML, like Gecko; compatible; ClaudeBot/1.0; +claudebot@anthropic.com)"
216.73.217.142 - - [26/Jul/2026:12:27:50 -0400] "GET /detail/relie21909881.html HTTP/1.1" 404 7586 "-" "Mozilla/5.0 AppleWebKit/537.36 (KHTML, like Gecko; compatible; ClaudeBot/1.0; +claudebot@anthropic.com)"
216.73.217.142 - - [26/Jul/2026:12:27:53 -0400] "GET /detail/alive62408525.html HTTP/1.1" 404 7586 "-" "Mozilla/5.0 AppleWebKit/537.36 (KHTML, like Gecko; compatible; ClaudeBot/1.0; +claudebot@anthropic.com)"
216.73.217.142 - - [26/Jul/2026:12:27:56 -0400] "GET /detail/avow62859821.html HTTP/1.1" 404 7586 "-" "Mozilla/5.0 AppleWebKit/537.36 (KHTML, like Gecko; compatible; ClaudeBot/1.0; +claudebot@anthropic.com)"
216.73.217.142 - - [26/Jul/2026:12:28:00 -0400] "GET /detail/pillo62135597.html HTTP/1.1" 404 7586 "-" "Mozilla/5.0 AppleWebKit/537.36 (KHTML, like Gecko; compatible; ClaudeBot/1.0; +claudebot@anthropic.com)"
216.73.217.142 - - [26/Jul/2026:12:28:03 -0400] "GET /detail/anger30427154.html HTTP/1.1" 404 7586 "-" "Mozilla/5.0 AppleWebKit/537.36 (KHTML, like Gecko; compatible; ClaudeBot/1.0; +claudebot@anthropic.com)"
216.73.217.142 - - [26/Jul/2026:12:28:10 -0400] "GET /detail/impor30160162.html HTTP/1.1" 404 7586 "-" "Mozilla/5.0 AppleWebKit/537.36 (KHTML, like Gecko; compatible; ClaudeBot/1.0; +claudebot@anthropic.com)"
216.73.217.142 - - [26/Jul/2026:12:28:13 -0400] "GET /detail/disab10377624.html HTTP/1.1" 404 7586 "-" "Mozilla/5.0 AppleWebKit/537.36 (KHTML, like Gecko; compatible; ClaudeBot/1.0; +claudebot@anthropic.com)"
216.73.217.142 - - [26/Jul/2026:12:28:16 -0400] "GET /detail/navig41374883.html HTTP/1.1" 404 7586 "-" "Mozilla/5.0 AppleWebKit/537.36 (KHTML, like Gecko; compatible; ClaudeBot/1.0; +claudebot@anthropic.com)"
216.73.217.142 - - [26/Jul/2026:12:28:19 -0400] "GET /detail/wife10964512.html HTTP/1.1" 404 7586 "-" "Mozilla/5.0 AppleWebKit/537.36 (KHTML, like Gecko; compatible; ClaudeBot/1.0; +claudebot@anthropic.com)"
216.73.217.142 - - [26/Jul/2026:12:28:22 -0400] "GET /detail/unifo20909537.html HTTP/1.1" 404 7586 "-" "Mozilla/5.0 AppleWebKit/537.36 (KHTML, like Gecko; compatible; ClaudeBot/1.0; +claudebot@anthropic.com)"
216.73.217.142 - - [26/Jul/2026:12:28:25 -0400] "GET /detail/mercy42930915.html HTTP/1.1" 404 7586 "-" "Mozilla/5.0 AppleWebKit/537.36 (KHTML, like Gecko; compatible; ClaudeBot/1.0; +claudebot@anthropic.com)"
216.73.217.142 - - [26/Jul/2026:12:28:28 -0400] "GET /detail/truck71412990.html HTTP/1.1" 404 7586 "-" "Mozilla/5.0 AppleWebKit/537.36 (KHTML, like Gecko; compatible; ClaudeBot/1.0; +claudebot@anthropic.com)"
216.73.217.142 - - [26/Jul/2026:12:28:31 -0400] "GET /detail/strug11910328.html HTTP/1.1" 404 7586 "-" "Mozilla/5.0 AppleWebKit/537.36 (KHTML, like Gecko; compatible; ClaudeBot/1.0; +claudebot@anthropic.com)"
216.73.217.142 - - [26/Jul/2026:12:28:34 -0400] "GET /detail/diame42382731.html HTTP/1.1" 404 7586 "-" "Mozilla/5.0 AppleWebKit/537.36 (KHTML, like Gecko; compatible; ClaudeBot/1.0; +claudebot@anthropic.com)"
179.43.174.147 - - [26/Jul/2026:12:28:36 -0400] "GET / HTTP/1.1" 301 1 "-" "CNSTX Monitor 1.2"
179.43.174.147 - - [26/Jul/2026:12:28:36 -0400] "GET / HTTP/1.1" 200 10852 "https://192.210.134.12" "CNSTX Monitor 1.2"
216.73.217.142 - - [26/Jul/2026:12:28:37 -0400] "GET /detail/story81744423.html HTTP/1.1" 404 7586 "-" "Mozilla/5.0 AppleWebKit/537.36 (KHTML, like Gecko; compatible; ClaudeBot/1.0; +claudebot@anthropic.com)"
216.73.217.142 - - [26/Jul/2026:12:28:40 -0400] "GET /detail/court22029441.html HTTP/1.1" 404 7586 "-" "Mozilla/5.0 AppleWebKit/537.36 (KHTML, like Gecko; compatible; ClaudeBot/1.0; +claudebot@anthropic.com)"
216.73.217.142 - - [26/Jul/2026:12:28:43 -0400] "GET /detail/male71439334.html HTTP/1.1" 404 7586 "-" "Mozilla/5.0 AppleWebKit/537.36 (KHTML, like Gecko; compatible; ClaudeBot/1.0; +claudebot@anthropic.com)"
216.73.217.142 - - [26/Jul/2026:12:28:46 -0400] "GET /detail/amazi30597762.html HTTP/1.1" 404 7586 "-" "Mozilla/5.0 AppleWebKit/537.36 (KHTML, like Gecko; compatible; ClaudeBot/1.0; +claudebot@anthropic.com)"
216.73.217.142 - - [26/Jul/2026:12:28:49 -0400] "GET /detail/magni10802648.html HTTP/1.1" 404 7586 "-" "Mozilla/5.0 AppleWebKit/537.36 (KHTML, like Gecko; compatible; ClaudeBot/1.0; +claudebot@anthropic.com)"
216.73.217.142 - - [26/Jul/2026:12:28:52 -0400] "GET /detail/airpo62684725.html HTTP/1.1" 404 7586 "-" "Mozilla/5.0 AppleWebKit/537.36 (KHTML, like Gecko; compatible; ClaudeBot/1.0; +claudebot@anthropic.com)"
216.73.217.142 - - [26/Jul/2026:12:28:55 -0400] "GET /detail/nearb52429604.html HTTP/1.1" 404 7586 "-" "Mozilla/5.0 AppleWebKit/537.36 (KHTML, like Gecko; compatible; ClaudeBot/1.0; +claudebot@anthropic.com)"
216.73.217.142 - - [26/Jul/2026:12:28:58 -0400] "GET /detail/near21124817.html HTTP/1.1" 404 7586 "-" "Mozilla/5.0 AppleWebKit/537.36 (KHTML, like Gecko; compatible; ClaudeBot/1.0; +claudebot@anthropic.com)"
216.73.217.142 - - [26/Jul/2026:12:29:01 -0400] "GET /detail/hopel51238780.html HTTP/1.1" 404 7586 "-" "Mozilla/5.0 AppleWebKit/537.36 (KHTML, like Gecko; compatible; ClaudeBot/1.0; +claudebot@anthropic.com)"
216.73.217.142 - - [26/Jul/2026:12:29:04 -0400] "GET /detail/exert30558610.html HTTP/1.1" 404 7586 "-" "Mozilla/5.0 AppleWebKit/537.36 (KHTML, like Gecko; compatible; ClaudeBot/1.0; +claudebot@anthropic.com)"
216.73.217.142 - - [26/Jul/2026:12:29:07 -0400] "GET /sitemapc.xml HTTP/1.1" 200 14776 "-" "Mozilla/5.0 AppleWebKit/537.36 (KHTML, like Gecko; compatible; ClaudeBot/1.0; +claudebot@anthropic.com)"
216.73.217.142 - - [26/Jul/2026:12:29:10 -0400] "GET /sitemapd.xml HTTP/1.1" 200 16193 "-" "Mozilla/5.0 AppleWebKit/537.36 (KHTML, like Gecko; compatible; ClaudeBot/1.0; +claudebot@anthropic.com)"
216.73.217.142 - - [26/Jul/2026:12:29:13 -0400] "GET /sitemapa.xml HTTP/1.1" 200 16391 "-" "Mozilla/5.0 AppleWebKit/537.36 (KHTML, like Gecko; compatible; ClaudeBot/1.0; +claudebot@anthropic.com)"
179.43.174.147 - - [26/Jul/2026:12:29:36 -0400] "GET / HTTP/1.1" 301 1 "-" "CNSTX Monitor 1.2"
179.43.174.147 - - [26/Jul/2026:12:29:36 -0400] "GET / HTTP/1.1" 200 10852 "https://192.210.134.12" "CNSTX Monitor 1.2"
216.73.217.142 - - [26/Jul/2026:12:30:22 -0400] "GET /detail/loon32887850.html HTTP/1.1" 404 7586 "-" "Mozilla/5.0 AppleWebKit/537.36 (KHTML, like Gecko; compatible; ClaudeBot/1.0; +claudebot@anthropic.com)"
179.43.174.147 - - [26/Jul/2026:12:30:36 -0400] "GET / HTTP/1.1" 301 1 "-" "CNSTX Monitor 1.2"
179.43.174.147 - - [26/Jul/2026:12:30:36 -0400] "GET / HTTP/1.1" 200 10852 "https://192.210.134.12" "CNSTX Monitor 1.2"
179.43.174.147 - - [26/Jul/2026:12:31:36 -0400] "GET / HTTP/1.1" 301 1 "-" "CNSTX Monitor 1.2"
179.43.174.147 - - [26/Jul/2026:12:31:37 -0400] "GET / HTTP/1.1" 200 10852 "https://192.210.134.12" "CNSTX Monitor 1.2"
216.73.217.142 - - [26/Jul/2026:12:32:00 -0400] "GET /detail/entit10837880.html HTTP/1.1" 404 7586 "-" "Mozilla/5.0 AppleWebKit/537.36 (KHTML, like Gecko; compatible; ClaudeBot/1.0; +claudebot@anthropic.com)"
216.73.217.142 - - [26/Jul/2026:12:32:08 -0400] "GET /detail/scien61000685.html HTTP/1.1" 404 7586 "-" "Mozilla/5.0 AppleWebKit/537.36 (KHTML, like Gecko; compatible; ClaudeBot/1.0; +claudebot@anthropic.com)"
216.73.217.142 - - [26/Jul/2026:12:32:19 -0400] "GET /sitemapb.xml HTTP/1.1" 200 13169 "-" "Mozilla/5.0 AppleWebKit/537.36 (KHTML, like Gecko; compatible; ClaudeBot/1.0; +claudebot@anthropic.com)"
179.43.174.147 - - [26/Jul/2026:12:32:36 -0400] "GET / HTTP/1.1" 301 1 "-" "CNSTX Monitor 1.2"
179.43.174.147 - - [26/Jul/2026:12:32:37 -0400] "GET / HTTP/1.1" 200 10852 "https://192.210.134.12" "CNSTX Monitor 1.2"
216.73.217.142 - - [26/Jul/2026:12:33:11 -0400] "GET /detail/conse70497918.html HTTP/1.1" 404 7586 "-" "Mozilla/5.0 AppleWebKit/537.36 (KHTML, like Gecko; compatible; ClaudeBot/1.0; +claudebot@anthropic.com)"
216.73.217.142 - - [26/Jul/2026:12:33:14 -0400] "GET /detail/hambu10345128.html HTTP/1.1" 404 7586 "-" "Mozilla/5.0 AppleWebKit/537.36 (KHTML, like Gecko; compatible; ClaudeBot/1.0; +claudebot@anthropic.com)"
179.43.174.147 - - [26/Jul/2026:12:33:36 -0400] "GET / HTTP/1.1" 301 1 "-" "CNSTX Monitor 1.2"
179.43.174.147 - - [26/Jul/2026:12:33:36 -0400] "GET / HTTP/1.1" 200 10852 "https://192.210.134.12" "CNSTX Monitor 1.2"
179.43.174.147 - - [26/Jul/2026:12:34:36 -0400] "GET / HTTP/1.1" 301 1 "-" "CNSTX Monitor 1.2"
179.43.174.147 - - [26/Jul/2026:12:34:37 -0400] "GET / HTTP/1.1" 200 10852 "https://192.210.134.12" "CNSTX Monitor 1.2"
216.73.217.142 - - [26/Jul/2026:12:34:51 -0400] "GET /detail/fish10677008.html HTTP/1.1" 404 7586 "-" "Mozilla/5.0 AppleWebKit/537.36 (KHTML, like Gecko; compatible; ClaudeBot/1.0; +claudebot@anthropic.com)"
216.73.217.142 - - [26/Jul/2026:12:35:05 -0400] "GET /detail/ash51094852.html HTTP/1.1" 404 7586 "-" "Mozilla/5.0 AppleWebKit/537.36 (KHTML, like Gecko; compatible; ClaudeBot/1.0; +claudebot@anthropic.com)"
216.73.217.142 - - [26/Jul/2026:12:35:08 -0400] "GET /detail/repav22846425.html HTTP/1.1" 404 7586 "-" "Mozilla/5.0 AppleWebKit/537.36 (KHTML, like Gecko; compatible; ClaudeBot/1.0; +claudebot@anthropic.com)"
216.73.217.142 - - [26/Jul/2026:12:35:13 -0400] "GET /detail/credi21342641.html HTTP/1.1" 404 7586 "-" "Mozilla/5.0 AppleWebKit/537.36 (KHTML, like Gecko; compatible; ClaudeBot/1.0; +claudebot@anthropic.com)"
216.73.217.142 - - [26/Jul/2026:12:35:16 -0400] "GET /detail/effec82974399.html HTTP/1.1" 404 7586 "-" "Mozilla/5.0 AppleWebKit/537.36 (KHTML, like Gecko; compatible; ClaudeBot/1.0; +claudebot@anthropic.com)"
216.73.217.142 - - [26/Jul/2026:12:35:32 -0400] "GET /detail/lectu50518540.html HTTP/1.1" 404 7586 "-" "Mozilla/5.0 AppleWebKit/537.36 (KHTML, like Gecko; compatible; ClaudeBot/1.0; +claudebot@anthropic.com)"
216.73.217.142 - - [26/Jul/2026:12:35:35 -0400] "GET /detail/refue50090436.html HTTP/1.1" 404 7586 "-" "Mozilla/5.0 AppleWebKit/537.36 (KHTML, like Gecko; compatible; ClaudeBot/1.0; +claudebot@anthropic.com)"
179.43.174.147 - - [26/Jul/2026:12:35:36 -0400] "GET / HTTP/1.1" 301 1 "-" "CNSTX Monitor 1.2"
179.43.174.147 - - [26/Jul/2026:12:35:37 -0400] "GET / HTTP/1.1" 200 10852 "https://192.210.134.12" "CNSTX Monitor 1.2"
216.73.217.142 - - [26/Jul/2026:12:35:41 -0400] "GET /detail/build72084462.html HTTP/1.1" 404 7586 "-" "Mozilla/5.0 AppleWebKit/537.36 (KHTML, like Gecko; compatible; ClaudeBot/1.0; +claudebot@anthropic.com)"
216.73.217.142 - - [26/Jul/2026:12:35:44 -0400] "GET /detail/concl11658432.html HTTP/1.1" 404 7586 "-" "Mozilla/5.0 AppleWebKit/537.36 (KHTML, like Gecko; compatible; ClaudeBot/1.0; +claudebot@anthropic.com)"
216.73.217.142 - - [26/Jul/2026:12:35:59 -0400] "GET /detail/ident10074000.html HTTP/1.1" 404 7586 "-" "Mozilla/5.0 AppleWebKit/537.36 (KHTML, like Gecko; compatible; ClaudeBot/1.0; +claudebot@anthropic.com)"
216.73.217.142 - - [26/Jul/2026:12:36:02 -0400] "GET /detail/sugge22956737.html HTTP/1.1" 404 7586 "-" "Mozilla/5.0 AppleWebKit/537.36 (KHTML, like Gecko; compatible; ClaudeBot/1.0; +claudebot@anthropic.com)"
216.73.217.142 - - [26/Jul/2026:12:36:17 -0400] "GET /detail/metho73000446.html HTTP/1.1" 404 7586 "-" "Mozilla/5.0 AppleWebKit/537.36 (KHTML, like Gecko; compatible; ClaudeBot/1.0; +claudebot@anthropic.com)"
216.73.217.142 - - [26/Jul/2026:12:36:20 -0400] "GET /detail/earne72427366.html HTTP/1.1" 404 7586 "-" "Mozilla/5.0 AppleWebKit/537.36 (KHTML, like Gecko; compatible; ClaudeBot/1.0; +claudebot@anthropic.com)"
216.73.217.142 - - [26/Jul/2026:12:36:35 -0400] "GET /detail/joy82545015.html HTTP/1.1" 404 7586 "-" "Mozilla/5.0 AppleWebKit/537.36 (KHTML, like Gecko; compatible; ClaudeBot/1.0; +claudebot@anthropic.com)"
179.43.174.147 - - [26/Jul/2026:12:36:36 -0400] "GET / HTTP/1.1" 301 1 "-" "CNSTX Monitor 1.2"
179.43.174.147 - - [26/Jul/2026:12:36:37 -0400] "GET / HTTP/1.1" 200 10852 "https://192.210.134.12" "CNSTX Monitor 1.2"
216.73.217.142 - - [26/Jul/2026:12:36:38 -0400] "GET /detail/influ10372864.html HTTP/1.1" 404 7586 "-" "Mozilla/5.0 AppleWebKit/537.36 (KHTML, like Gecko; compatible; ClaudeBot/1.0; +claudebot@anthropic.com)"
216.73.217.142 - - [26/Jul/2026:12:36:52 -0400] "GET /detail/happi21402713.html HTTP/1.1" 404 7586 "-" "Mozilla/5.0 AppleWebKit/537.36 (KHTML, like Gecko; compatible; ClaudeBot/1.0; +claudebot@anthropic.com)"
45.80.105.138 - - [26/Jul/2026:12:36:53 -0400] "GET /wp-login.php HTTP/1.1" 200 1675 "-" "Mozilla/5.0 (Macintosh; Intel Mac OS X 10_15_7) AppleWebKit/605.1.15 (KHTML, like Gecko) Version/18.0 Safari/605.1.15"
216.73.217.142 - - [26/Jul/2026:12:36:55 -0400] "GET /detail/on82873071.html HTTP/1.1" 404 7586 "-" "Mozilla/5.0 AppleWebKit/537.36 (KHTML, like Gecko; compatible; ClaudeBot/1.0; +claudebot@anthropic.com)"
45.80.105.138 - - [26/Jul/2026:12:37:00 -0400] "POST /xmlrpc.php HTTP/1.1" 200 167 "-" "Mozilla/5.0 (Macintosh; Intel Mac OS X 10_15_7) AppleWebKit/605.1.15 (KHTML, like Gecko) Version/18.0 Safari/605.1.15"
45.80.105.138 - - [26/Jul/2026:12:37:05 -0400] "GET /wp-login.php HTTP/1.1" 200 1675 "-" "Mozilla/5.0 (Windows NT 10.0; Win64; x64) AppleWebKit/537.36 (KHTML, like Gecko) Chrome/124.0.0.0 Safari/537.36"
45.80.105.138 - - [26/Jul/2026:12:37:07 -0400] "POST /wp-login.php HTTP/1.1" 200 1784 "https://melbournecourtapartments.com/wp-login.php" "Mozilla/5.0 (Windows NT 10.0; Win64; x64) AppleWebKit/537.36 (KHTML, like Gecko) Chrome/124.0.0.0 Safari/537.36"
216.73.217.142 - - [26/Jul/2026:12:37:19 -0400] "GET /detail/damp31579186.html HTTP/1.1" 404 7586 "-" "Mozilla/5.0 AppleWebKit/537.36 (KHTML, like Gecko; compatible; ClaudeBot/1.0; +claudebot@anthropic.com)"
216.73.217.142 - - [26/Jul/2026:12:37:22 -0400] "GET /detail/ridic20651201.html HTTP/1.1" 404 7586 "-" "Mozilla/5.0 AppleWebKit/537.36 (KHTML, like Gecko; compatible; ClaudeBot/1.0; +claudebot@anthropic.com)"
179.43.174.147 - - [26/Jul/2026:12:37:36 -0400] "GET / HTTP/1.1" 301 1 "-" "CNSTX Monitor 1.2"
179.43.174.147 - - [26/Jul/2026:12:37:36 -0400] "GET / HTTP/1.1" 200 10852 "https://192.210.134.12" "CNSTX Monitor 1.2"
216.73.217.142 - - [26/Jul/2026:12:37:44 -0400] "GET /detail/disli12685760.html HTTP/1.1" 404 7586 "-" "Mozilla/5.0 AppleWebKit/537.36 (KHTML, like Gecko; compatible; ClaudeBot/1.0; +claudebot@anthropic.com)"
216.73.217.142 - - [26/Jul/2026:12:37:47 -0400] "GET /detail/anyth10416088.html HTTP/1.1" 404 7586 "-" "Mozilla/5.0 AppleWebKit/537.36 (KHTML, like Gecko; compatible; ClaudeBot/1.0; +claudebot@anthropic.com)"
216.73.217.142 - - [26/Jul/2026:12:37:51 -0400] "GET /detail/knee40636459.html HTTP/1.1" 404 7586 "-" "Mozilla/5.0 AppleWebKit/537.36 (KHTML, like Gecko; compatible; ClaudeBot/1.0; +claudebot@anthropic.com)"
66.249.73.98 - - [26/Jul/2026:12:37:52 -0400] "GET /detail/total20928353.html HTTP/1.1" 200 20491 "-" "Mozilla/5.0 (Linux; Android 6.0.1; Nexus 5X Build/MMB29P) AppleWebKit/537.36 (KHTML, like Gecko) Chrome/150.0.7871.128 Mobile Safari/537.36 (compatible; Googlebot/2.1; +http://www.google.com/bot.html)"
216.73.217.142 - - [26/Jul/2026:12:37:54 -0400] "GET /detail/rarel70506598.html HTTP/1.1" 404 7586 "-" "Mozilla/5.0 AppleWebKit/537.36 (KHTML, like Gecko; compatible; ClaudeBot/1.0; +claudebot@anthropic.com)"
216.73.217.142 - - [26/Jul/2026:12:38:10 -0400] "GET /detail/farew60563045.html HTTP/1.1" 404 7586 "-" "Mozilla/5.0 AppleWebKit/537.36 (KHTML, like Gecko; compatible; ClaudeBot/1.0; +claudebot@anthropic.com)"
216.73.217.142 - - [26/Jul/2026:12:38:13 -0400] "GET /detail/adequ62690157.html HTTP/1.1" 404 7586 "-" "Mozilla/5.0 AppleWebKit/537.36 (KHTML, like Gecko; compatible; ClaudeBot/1.0; +claudebot@anthropic.com)"
179.43.174.147 - - [26/Jul/2026:12:38:36 -0400] "GET / HTTP/1.1" 301 1 "-" "CNSTX Monitor 1.2"
179.43.174.147 - - [26/Jul/2026:12:38:36 -0400] "GET / HTTP/1.1" 200 10852 "https://192.210.134.12" "CNSTX Monitor 1.2"
216.73.217.142 - - [26/Jul/2026:12:39:19 -0400] "GET /detail/here70716214.html HTTP/1.1" 404 7586 "-" "Mozilla/5.0 AppleWebKit/537.36 (KHTML, like Gecko; compatible; ClaudeBot/1.0; +claudebot@anthropic.com)"
179.43.174.147 - - [26/Jul/2026:12:39:36 -0400] "GET / HTTP/1.1" 301 1 "-" "CNSTX Monitor 1.2"
179.43.174.147 - - [26/Jul/2026:12:39:36 -0400] "GET / HTTP/1.1" 200 10852 "https://192.210.134.12" "CNSTX Monitor 1.2"
216.73.217.142 - - [26/Jul/2026:12:39:41 -0400] "GET /detail/visib41866331.html HTTP/1.1" 404 7586 "-" "Mozilla/5.0 AppleWebKit/537.36 (KHTML, like Gecko; compatible; ClaudeBot/1.0; +claudebot@anthropic.com)"
179.43.174.147 - - [26/Jul/2026:12:40:36 -0400] "GET / HTTP/1.1" 301 1 "-" "CNSTX Monitor 1.2"
179.43.174.147 - - [26/Jul/2026:12:40:37 -0400] "GET / HTTP/1.1" 200 10852 "https://192.210.134.12" "CNSTX Monitor 1.2"
179.43.174.147 - - [26/Jul/2026:12:41:36 -0400] "GET / HTTP/1.1" 301 1 "-" "CNSTX Monitor 1.2"
179.43.174.147 - - [26/Jul/2026:12:41:36 -0400] "GET / HTTP/1.1" 200 10852 "https://192.210.134.12" "CNSTX Monitor 1.2"
179.43.174.147 - - [26/Jul/2026:12:42:36 -0400] "GET / HTTP/1.1" 301 1 "-" "CNSTX Monitor 1.2"
179.43.174.147 - - [26/Jul/2026:12:42:36 -0400] "GET / HTTP/1.1" 200 10852 "https://192.210.134.12" "CNSTX Monitor 1.2"
179.43.174.147 - - [26/Jul/2026:12:43:36 -0400] "GET / HTTP/1.1" 301 1 "-" "CNSTX Monitor 1.2"
179.43.174.147 - - [26/Jul/2026:12:43:36 -0400] "GET / HTTP/1.1" 200 10852 "https://192.210.134.12" "CNSTX Monitor 1.2"
65.21.4.11 - - [26/Jul/2026:12:43:59 -0400] "GET /wp-content/uploads/2018/05/Melbourne-Court-Building-4-13-768x480.png HTTP/1.1" 200 52105 "-" "Mozilla/5.0 (X11; Ubuntu; Linux x86_64; rv:72.0) Gecko/20100101 Firefox/72.0"
179.43.174.147 - - [26/Jul/2026:12:44:36 -0400] "GET / HTTP/1.1" 301 1 "-" "CNSTX Monitor 1.2"
179.43.174.147 - - [26/Jul/2026:12:44:37 -0400] "GET / HTTP/1.1" 200 10852 "https://192.210.134.12" "CNSTX Monitor 1.2"
191.232.199.39 - - [26/Jul/2026:12:44:48 -0400] "GET /wp-content/themes/admin.php HTTP/1.1" 404 7585 "-" "Mozilla/5.0 (Windows NT 10.0; Win64; x64) AppleWebKit/537.36 (KHTML, like Gecko) Chrome/120.0.0.0 Safari/537.36"
191.232.199.39 - - [26/Jul/2026:12:44:49 -0400] "GET /m.php HTTP/1.1" 404 7585 "-" "Mozilla/5.0 (Windows NT 10.0; Win64; x64) AppleWebKit/537.36 (KHTML, like Gecko) Chrome/120.0.0.0 Safari/537.36"
191.232.199.39 - - [26/Jul/2026:12:44:49 -0400] "GET /wp-admin/css/wp-login.php HTTP/1.1" 404 7585 "-" "Mozilla/5.0 (Windows NT 10.0; Win64; x64) AppleWebKit/537.36 (KHTML, like Gecko) Chrome/120.0.0.0 Safari/537.36"
191.232.199.39 - - [26/Jul/2026:12:44:50 -0400] "GET /wk/index.php HTTP/1.1" 301 1 "-" "Mozilla/5.0 (Windows NT 10.0; Win64; x64) AppleWebKit/537.36 (KHTML, like Gecko) Chrome/120.0.0.0 Safari/537.36"
191.232.199.39 - - [26/Jul/2026:12:44:50 -0400] "GET /mini.php HTTP/1.1" 404 7585 "-" "Mozilla/5.0 (Windows NT 10.0; Win64; x64) AppleWebKit/537.36 (KHTML, like Gecko) Chrome/120.0.0.0 Safari/537.36"
191.232.199.39 - - [26/Jul/2026:12:44:51 -0400] "GET /aa.php HTTP/1.1" 404 7585 "-" "Mozilla/5.0 (Windows NT 10.0; Win64; x64) AppleWebKit/537.36 (KHTML, like Gecko) Chrome/120.0.0.0 Safari/537.36"
191.232.199.39 - - [26/Jul/2026:12:44:52 -0400] "GET /w.php HTTP/1.1" 404 7585 "-" "Mozilla/5.0 (Windows NT 10.0; Win64; x64) AppleWebKit/537.36 (KHTML, like Gecko) Chrome/120.0.0.0 Safari/537.36"
191.232.199.39 - - [26/Jul/2026:12:44:52 -0400] "GET /admin.php HTTP/1.1" 404 7585 "-" "Mozilla/5.0 (Windows NT 10.0; Win64; x64) AppleWebKit/537.36 (KHTML, like Gecko) Chrome/120.0.0.0 Safari/537.36"
191.232.199.39 - - [26/Jul/2026:12:44:53 -0400] "GET /404.php HTTP/1.1" 404 7585 "-" "Mozilla/5.0 (Windows NT 10.0; Win64; x64) AppleWebKit/537.36 (KHTML, like Gecko) Chrome/120.0.0.0 Safari/537.36"
191.232.199.39 - - [26/Jul/2026:12:44:53 -0400] "GET /init.php HTTP/1.1" 404 7585 "-" "Mozilla/5.0 (Windows NT 10.0; Win64; x64) AppleWebKit/537.36 (KHTML, like Gecko) Chrome/120.0.0.0 Safari/537.36"
191.232.199.39 - - [26/Jul/2026:12:44:54 -0400] "GET /adminfuns.php HTTP/1.1" 404 7585 "-" "Mozilla/5.0 (Windows NT 10.0; Win64; x64) AppleWebKit/537.36 (KHTML, like Gecko) Chrome/120.0.0.0 Safari/537.36"
191.232.199.39 - - [26/Jul/2026:12:44:54 -0400] "GET /file.php HTTP/1.1" 404 7585 "-" "Mozilla/5.0 (Windows NT 10.0; Win64; x64) AppleWebKit/537.36 (KHTML, like Gecko) Chrome/120.0.0.0 Safari/537.36"
191.232.199.39 - - [26/Jul/2026:12:44:55 -0400] "GET /222.php HTTP/1.1" 404 7585 "-" "Mozilla/5.0 (Windows NT 10.0; Win64; x64) AppleWebKit/537.36 (KHTML, like Gecko) Chrome/120.0.0.0 Safari/537.36"
191.232.199.39 - - [26/Jul/2026:12:44:55 -0400] "GET /wp-includes/js/codemirror/about.php HTTP/1.1" 404 7585 "-" "Mozilla/5.0 (Windows NT 10.0; Win64; x64) AppleWebKit/537.36 (KHTML, like Gecko) Chrome/120.0.0.0 Safari/537.36"
191.232.199.39 - - [26/Jul/2026:12:44:56 -0400] "GET /wp-admin/css/colors/blue/ HTTP/1.1" 404 7585 "-" "Mozilla/5.0 (Windows NT 10.0; Win64; x64) AppleWebKit/537.36 (KHTML, like Gecko) Chrome/120.0.0.0 Safari/537.36"
191.232.199.39 - - [26/Jul/2026:12:44:56 -0400] "GET /wp-includes/Requests/library/ HTTP/1.1" 404 7585 "-" "Mozilla/5.0 (Windows NT 10.0; Win64; x64) AppleWebKit/537.36 (KHTML, like Gecko) Chrome/120.0.0.0 Safari/537.36"
191.232.199.39 - - [26/Jul/2026:12:44:57 -0400] "GET /wp-content/admin.php HTTP/1.1" 404 7585 "-" "Mozilla/5.0 (Windows NT 10.0; Win64; x64) AppleWebKit/537.36 (KHTML, like Gecko) Chrome/120.0.0.0 Safari/537.36"
191.232.199.39 - - [26/Jul/2026:12:44:57 -0400] "GET /wp-configs.php HTTP/1.1" 404 7585 "-" "Mozilla/5.0 (Windows NT 10.0; Win64; x64) AppleWebKit/537.36 (KHTML, like Gecko) Chrome/120.0.0.0 Safari/537.36"
191.232.199.39 - - [26/Jul/2026:12:44:58 -0400] "GET /php.php HTTP/1.1" 404 7585 "-" "Mozilla/5.0 (Windows NT 10.0; Win64; x64) AppleWebKit/537.36 (KHTML, like Gecko) Chrome/120.0.0.0 Safari/537.36"
191.232.199.39 - - [26/Jul/2026:12:44:58 -0400] "GET /wp-includes/index.php HTTP/1.1" 301 1 "-" "Mozilla/5.0 (Windows NT 10.0; Win64; x64) AppleWebKit/537.36 (KHTML, like Gecko) Chrome/120.0.0.0 Safari/537.36"
191.232.199.39 - - [26/Jul/2026:12:44:59 -0400] "GET /wp-admin/a.php HTTP/1.1" 404 7585 "-" "Mozilla/5.0 (Windows NT 10.0; Win64; x64) AppleWebKit/537.36 (KHTML, like Gecko) Chrome/120.0.0.0 Safari/537.36"
191.232.199.39 - - [26/Jul/2026:12:45:00 -0400] "GET /wp-includes/sitemaps/providers/ HTTP/1.1" 404 7585 "-" "Mozilla/5.0 (Windows NT 10.0; Win64; x64) AppleWebKit/537.36 (KHTML, like Gecko) Chrome/120.0.0.0 Safari/537.36"
191.232.199.39 - - [26/Jul/2026:12:45:00 -0400] "GET /wp-includes/block-bindings/ HTTP/1.1" 404 7585 "-" "Mozilla/5.0 (Windows NT 10.0; Win64; x64) AppleWebKit/537.36 (KHTML, like Gecko) Chrome/120.0.0.0 Safari/537.36"
191.232.199.39 - - [26/Jul/2026:12:45:01 -0400] "GET /wp-includes/Text/about.php HTTP/1.1" 404 7585 "-" "Mozilla/5.0 (Windows NT 10.0; Win64; x64) AppleWebKit/537.36 (KHTML, like Gecko) Chrome/120.0.0.0 Safari/537.36"
191.232.199.39 - - [26/Jul/2026:12:45:01 -0400] "GET /wp-admin.php HTTP/1.1" 404 7585 "-" "Mozilla/5.0 (Windows NT 10.0; Win64; x64) AppleWebKit/537.36 (KHTML, like Gecko) Chrome/120.0.0.0 Safari/537.36"
191.232.199.39 - - [26/Jul/2026:12:45:02 -0400] "GET /size.php HTTP/1.1" 404 7585 "-" "Mozilla/5.0 (Windows NT 10.0; Win64; x64) AppleWebKit/537.36 (KHTML, like Gecko) Chrome/120.0.0.0 Safari/537.36"
191.232.199.39 - - [26/Jul/2026:12:45:02 -0400] "GET /wp-includes/wp-class.php HTTP/1.1" 404 7585 "-" "Mozilla/5.0 (Windows NT 10.0; Win64; x64) AppleWebKit/537.36 (KHTML, like Gecko) Chrome/120.0.0.0 Safari/537.36"
191.232.199.39 - - [26/Jul/2026:12:45:03 -0400] "GET /403.php HTTP/1.1" 404 7585 "-" "Mozilla/5.0 (Windows NT 10.0; Win64; x64) AppleWebKit/537.36 (KHTML, like Gecko) Chrome/120.0.0.0 Safari/537.36"
191.232.199.39 - - [26/Jul/2026:12:45:03 -0400] "GET /wp-includes/IXR/wp-login.php HTTP/1.1" 404 7585 "-" "Mozilla/5.0 (Windows NT 10.0; Win64; x64) AppleWebKit/537.36 (KHTML, like Gecko) Chrome/120.0.0.0 Safari/537.36"
191.232.199.39 - - [26/Jul/2026:12:45:04 -0400] "GET /as.php HTTP/1.1" 404 7585 "-" "Mozilla/5.0 (Windows NT 10.0; Win64; x64) AppleWebKit/537.36 (KHTML, like Gecko) Chrome/120.0.0.0 Safari/537.36"
191.232.199.39 - - [26/Jul/2026:12:45:04 -0400] "GET /wp-admin/includes/index.php HTTP/1.1" 301 1 "-" "Mozilla/5.0 (Windows NT 10.0; Win64; x64) AppleWebKit/537.36 (KHTML, like Gecko) Chrome/120.0.0.0 Safari/537.36"
191.232.199.39 - - [26/Jul/2026:12:45:05 -0400] "GET /wp-admin/js/widgets/index.php HTTP/1.1" 301 1 "-" "Mozilla/5.0 (Windows NT 10.0; Win64; x64) AppleWebKit/537.36 (KHTML, like Gecko) Chrome/120.0.0.0 Safari/537.36"
191.232.199.39 - - [26/Jul/2026:12:45:06 -0400] "GET /plugins.php HTTP/1.1" 404 7585 "-" "Mozilla/5.0 (Windows NT 10.0; Win64; x64) AppleWebKit/537.36 (KHTML, like Gecko) Chrome/120.0.0.0 Safari/537.36"
191.232.199.39 - - [26/Jul/2026:12:45:06 -0400] "GET /wp-includes/js/index.php HTTP/1.1" 301 1 "-" "Mozilla/5.0 (Windows NT 10.0; Win64; x64) AppleWebKit/537.36 (KHTML, like Gecko) Chrome/120.0.0.0 Safari/537.36"
191.232.199.39 - - [26/Jul/2026:12:45:07 -0400] "GET /go.php HTTP/1.1" 404 7585 "-" "Mozilla/5.0 (Windows NT 10.0; Win64; x64) AppleWebKit/537.36 (KHTML, like Gecko) Chrome/120.0.0.0 Safari/537.36"
191.232.199.39 - - [26/Jul/2026:12:45:07 -0400] "GET /aaa.php HTTP/1.1" 404 7585 "-" "Mozilla/5.0 (Windows NT 10.0; Win64; x64) AppleWebKit/537.36 (KHTML, like Gecko) Chrome/120.0.0.0 Safari/537.36"
191.232.199.39 - - [26/Jul/2026:12:45:08 -0400] "GET /getid3-core.php HTTP/1.1" 404 7585 "-" "Mozilla/5.0 (Windows NT 10.0; Win64; x64) AppleWebKit/537.36 (KHTML, like Gecko) Chrome/120.0.0.0 Safari/537.36"
191.232.199.39 - - [26/Jul/2026:12:45:08 -0400] "GET /adminer.php HTTP/1.1" 404 7585 "-" "Mozilla/5.0 (Windows NT 10.0; Win64; x64) AppleWebKit/537.36 (KHTML, like Gecko) Chrome/120.0.0.0 Safari/537.36"
191.232.199.39 - - [26/Jul/2026:12:45:09 -0400] "GET /wp-admin/maint/index.php HTTP/1.1" 301 1 "-" "Mozilla/5.0 (Windows NT 10.0; Win64; x64) AppleWebKit/537.36 (KHTML, like Gecko) Chrome/120.0.0.0 Safari/537.36"
191.232.199.39 - - [26/Jul/2026:12:45:09 -0400] "GET /wp-content/uploads/2024/ HTTP/1.1" 404 7585 "-" "Mozilla/5.0 (Windows NT 10.0; Win64; x64) AppleWebKit/537.36 (KHTML, like Gecko) Chrome/120.0.0.0 Safari/537.36"
191.232.199.39 - - [26/Jul/2026:12:45:10 -0400] "GET /alfa.php HTTP/1.1" 404 7585 "-" "Mozilla/5.0 (Windows NT 10.0; Win64; x64) AppleWebKit/537.36 (KHTML, like Gecko) Chrome/120.0.0.0 Safari/537.36"
191.232.199.39 - - [26/Jul/2026:12:45:10 -0400] "GET /wp-content/uploads/ HTTP/1.1" 404 7585 "-" "Mozilla/5.0 (Windows NT 10.0; Win64; x64) AppleWebKit/537.36 (KHTML, like Gecko) Chrome/120.0.0.0 Safari/537.36"
191.232.199.39 - - [26/Jul/2026:12:45:11 -0400] "GET /wp-content/themes/alera/alpha.php HTTP/1.1" 404 7585 "-" "Mozilla/5.0 (Windows NT 10.0; Win64; x64) AppleWebKit/537.36 (KHTML, like Gecko) Chrome/120.0.0.0 Safari/537.36"
191.232.199.39 - - [26/Jul/2026:12:45:11 -0400] "GET /wp-includes/SimplePie/about.php HTTP/1.1" 404 7585 "-" "Mozilla/5.0 (Windows NT 10.0; Win64; x64) AppleWebKit/537.36 (KHTML, like Gecko) Chrome/120.0.0.0 Safari/537.36"
191.232.199.39 - - [26/Jul/2026:12:45:12 -0400] "GET /wp-content/plugins/linkpreview/index.php HTTP/1.1" 301 1 "-" "Mozilla/5.0 (Windows NT 10.0; Win64; x64) AppleWebKit/537.36 (KHTML, like Gecko) Chrome/120.0.0.0 Safari/537.36"
191.232.199.39 - - [26/Jul/2026:12:45:12 -0400] "GET /edit.php HTTP/1.1" 404 7585 "-" "Mozilla/5.0 (Windows NT 10.0; Win64; x64) AppleWebKit/537.36 (KHTML, like Gecko) Chrome/120.0.0.0 Safari/537.36"
191.232.199.39 - - [26/Jul/2026:12:45:13 -0400] "GET /wp-includes/block-supports/ HTTP/1.1" 404 7585 "-" "Mozilla/5.0 (Windows NT 10.0; Win64; x64) AppleWebKit/537.36 (KHTML, like Gecko) Chrome/120.0.0.0 Safari/537.36"
191.232.199.39 - - [26/Jul/2026:12:45:13 -0400] "GET /wp-content/ HTTP/1.1" 404 7585 "-" "Mozilla/5.0 (Windows NT 10.0; Win64; x64) AppleWebKit/537.36 (KHTML, like Gecko) Chrome/120.0.0.0 Safari/537.36"
191.232.199.39 - - [26/Jul/2026:12:45:14 -0400] "GET /file5.php HTTP/1.1" 404 7585 "-" "Mozilla/5.0 (Windows NT 10.0; Win64; x64) AppleWebKit/537.36 (KHTML, like Gecko) Chrome/120.0.0.0 Safari/537.36"
191.232.199.39 - - [26/Jul/2026:12:45:14 -0400] "GET /sf.php HTTP/1.1" 404 7585 "-" "Mozilla/5.0 (Windows NT 10.0; Win64; x64) AppleWebKit/537.36 (KHTML, like Gecko) Chrome/120.0.0.0 Safari/537.36"
191.232.199.39 - - [26/Jul/2026:12:45:15 -0400] "GET /wp-admin/js/widgets/ HTTP/1.1" 404 7585 "-" "Mozilla/5.0 (Windows NT 10.0; Win64; x64) AppleWebKit/537.36 (KHTML, like Gecko) Chrome/120.0.0.0 Safari/537.36"
191.232.199.39 - - [26/Jul/2026:12:45:15 -0400] "GET /wso.php HTTP/1.1" 404 7585 "-" "Mozilla/5.0 (Windows NT 10.0; Win64; x64) AppleWebKit/537.36 (KHTML, like Gecko) Chrome/120.0.0.0 Safari/537.36"
191.232.199.39 - - [26/Jul/2026:12:45:16 -0400] "GET /ioxi-o.php HTTP/1.1" 404 7585 "-" "Mozilla/5.0 (Windows NT 10.0; Win64; x64) AppleWebKit/537.36 (KHTML, like Gecko) Chrome/120.0.0.0 Safari/537.36"
191.232.199.39 - - [26/Jul/2026:12:45:16 -0400] "GET /file56.php HTTP/1.1" 404 7585 "-" "Mozilla/5.0 (Windows NT 10.0; Win64; x64) AppleWebKit/537.36 (KHTML, like Gecko) Chrome/120.0.0.0 Safari/537.36"
191.232.199.39 - - [26/Jul/2026:12:45:17 -0400] "GET /wp-includes/PHPMailer/admin.php HTTP/1.1" 404 7585 "-" "Mozilla/5.0 (Windows NT 10.0; Win64; x64) AppleWebKit/537.36 (KHTML, like Gecko) Chrome/120.0.0.0 Safari/537.36"
191.232.199.39 - - [26/Jul/2026:12:45:17 -0400] "GET /wp-admin/css/index.php HTTP/1.1" 301 1 "-" "Mozilla/5.0 (Windows NT 10.0; Win64; x64) AppleWebKit/537.36 (KHTML, like Gecko) Chrome/120.0.0.0 Safari/537.36"
191.232.199.39 - - [26/Jul/2026:12:45:18 -0400] "GET /wp-content/edit.php HTTP/1.1" 404 7585 "-" "Mozilla/5.0 (Windows NT 10.0; Win64; x64) AppleWebKit/537.36 (KHTML, like Gecko) Chrome/120.0.0.0 Safari/537.36"
191.232.199.39 - - [26/Jul/2026:12:45:18 -0400] "GET /2.php HTTP/1.1" 404 7585 "-" "Mozilla/5.0 (Windows NT 10.0; Win64; x64) AppleWebKit/537.36 (KHTML, like Gecko) Chrome/120.0.0.0 Safari/537.36"
191.232.199.39 - - [26/Jul/2026:12:45:19 -0400] "GET /wp-content/uploads/admin.php HTTP/1.1" 404 7585 "-" "Mozilla/5.0 (Windows NT 10.0; Win64; x64) AppleWebKit/537.36 (KHTML, like Gecko) Chrome/120.0.0.0 Safari/537.36"
191.232.199.39 - - [26/Jul/2026:12:45:19 -0400] "GET /mah.php HTTP/1.1" 404 7585 "-" "Mozilla/5.0 (Windows NT 10.0; Win64; x64) AppleWebKit/537.36 (KHTML, like Gecko) Chrome/120.0.0.0 Safari/537.36"
191.232.199.39 - - [26/Jul/2026:12:45:20 -0400] "GET /send.php HTTP/1.1" 404 7585 "-" "Mozilla/5.0 (Windows NT 10.0; Win64; x64) AppleWebKit/537.36 (KHTML, like Gecko) Chrome/120.0.0.0 Safari/537.36"
191.232.199.39 - - [26/Jul/2026:12:45:20 -0400] "GET /wp-content/plugins/dummyyummy/wp-signup.php HTTP/1.1" 404 7585 "-" "Mozilla/5.0 (Windows NT 10.0; Win64; x64) AppleWebKit/537.36 (KHTML, like Gecko) Chrome/120.0.0.0 Safari/537.36"
191.232.199.39 - - [26/Jul/2026:12:45:21 -0400] "GET /wp-includes/js/crop/ HTTP/1.1" 404 7585 "-" "Mozilla/5.0 (Windows NT 10.0; Win64; x64) AppleWebKit/537.36 (KHTML, like Gecko) Chrome/120.0.0.0 Safari/537.36"
191.232.199.39 - - [26/Jul/2026:12:45:21 -0400] "GET /about.php HTTP/1.1" 404 7585 "-" "Mozilla/5.0 (Windows NT 10.0; Win64; x64) AppleWebKit/537.36 (KHTML, like Gecko) Chrome/120.0.0.0 Safari/537.36"
191.232.199.39 - - [26/Jul/2026:12:45:22 -0400] "GET /options.php HTTP/1.1" 404 7585 "-" "Mozilla/5.0 (Windows NT 10.0; Win64; x64) AppleWebKit/537.36 (KHTML, like Gecko) Chrome/120.0.0.0 Safari/537.36"
191.232.199.39 - - [26/Jul/2026:12:45:22 -0400] "GET /wp-content/themes/index.php HTTP/1.1" 301 1 "-" "Mozilla/5.0 (Windows NT 10.0; Win64; x64) AppleWebKit/537.36 (KHTML, like Gecko) Chrome/120.0.0.0 Safari/537.36"
191.232.199.39 - - [26/Jul/2026:12:45:23 -0400] "GET /wp-file.php HTTP/1.1" 404 7585 "-" "Mozilla/5.0 (Windows NT 10.0; Win64; x64) AppleWebKit/537.36 (KHTML, like Gecko) Chrome/120.0.0.0 Safari/537.36"
191.232.199.39 - - [26/Jul/2026:12:45:23 -0400] "GET /sid3.php HTTP/1.1" 404 7585 "-" "Mozilla/5.0 (Windows NT 10.0; Win64; x64) AppleWebKit/537.36 (KHTML, like Gecko) Chrome/120.0.0.0 Safari/537.36"
191.232.199.39 - - [26/Jul/2026:12:45:24 -0400] "GET /themes.php HTTP/1.1" 404 7585 "-" "Mozilla/5.0 (Windows NT 10.0; Win64; x64) AppleWebKit/537.36 (KHTML, like Gecko) Chrome/120.0.0.0 Safari/537.36"
191.232.199.39 - - [26/Jul/2026:12:45:25 -0400] "GET /wp-content/plugins/index.php HTTP/1.1" 301 1 "-" "Mozilla/5.0 (Windows NT 10.0; Win64; x64) AppleWebKit/537.36 (KHTML, like Gecko) Chrome/120.0.0.0 Safari/537.36"
191.232.199.39 - - [26/Jul/2026:12:45:25 -0400] "GET /admin/controller/extension/extension/ HTTP/1.1" 404 7585 "-" "Mozilla/5.0 (Windows NT 10.0; Win64; x64) AppleWebKit/537.36 (KHTML, like Gecko) Chrome/120.0.0.0 Safari/537.36"
191.232.199.39 - - [26/Jul/2026:12:45:26 -0400] "GET /wp-includes/css/dist/widgets/ HTTP/1.1" 404 7585 "-" "Mozilla/5.0 (Windows NT 10.0; Win64; x64) AppleWebKit/537.36 (KHTML, like Gecko) Chrome/120.0.0.0 Safari/537.36"
191.232.199.39 - - [26/Jul/2026:12:45:26 -0400] "GET /wp-admin/images/index.php HTTP/1.1" 301 1 "-" "Mozilla/5.0 (Windows NT 10.0; Win64; x64) AppleWebKit/537.36 (KHTML, like Gecko) Chrome/120.0.0.0 Safari/537.36"
191.232.199.39 - - [26/Jul/2026:12:45:27 -0400] "GET /num.php HTTP/1.1" 404 7585 "-" "Mozilla/5.0 (Windows NT 10.0; Win64; x64) AppleWebKit/537.36 (KHTML, like Gecko) Chrome/120.0.0.0 Safari/537.36"
191.232.199.39 - - [26/Jul/2026:12:45:27 -0400] "GET /wp-admin/css/colors/ocean/ HTTP/1.1" 404 7585 "-" "Mozilla/5.0 (Windows NT 10.0; Win64; x64) AppleWebKit/537.36 (KHTML, like Gecko) Chrome/120.0.0.0 Safari/537.36"
191.232.199.39 - - [26/Jul/2026:12:45:28 -0400] "GET /wp-content/et-cache/ HTTP/1.1" 404 7585 "-" "Mozilla/5.0 (Windows NT 10.0; Win64; x64) AppleWebKit/537.36 (KHTML, like Gecko) Chrome/120.0.0.0 Safari/537.36"
191.232.199.39 - - [26/Jul/2026:12:45:28 -0400] "GET /wp-admin/images/admin.php HTTP/1.1" 404 7585 "-" "Mozilla/5.0 (Windows NT 10.0; Win64; x64) AppleWebKit/537.36 (KHTML, like Gecko) Chrome/120.0.0.0 Safari/537.36"
191.232.199.39 - - [26/Jul/2026:12:45:29 -0400] "GET /wp-content/upgrade/index.php HTTP/1.1" 301 1 "-" "Mozilla/5.0 (Windows NT 10.0; Win64; x64) AppleWebKit/537.36 (KHTML, like Gecko) Chrome/120.0.0.0 Safari/537.36"
191.232.199.39 - - [26/Jul/2026:12:45:29 -0400] "GET /wp-includes/SimplePie/index.php HTTP/1.1" 301 1 "-" "Mozilla/5.0 (Windows NT 10.0; Win64; x64) AppleWebKit/537.36 (KHTML, like Gecko) Chrome/120.0.0.0 Safari/537.36"
191.232.199.39 - - [26/Jul/2026:12:45:30 -0400] "GET /gifclass.php HTTP/1.1" 404 7585 "-" "Mozilla/5.0 (Windows NT 10.0; Win64; x64) AppleWebKit/537.36 (KHTML, like Gecko) Chrome/120.0.0.0 Safari/537.36"
191.232.199.39 - - [26/Jul/2026:12:45:30 -0400] "GET /wp-includes/certificates/ HTTP/1.1" 404 7585 "-" "Mozilla/5.0 (Windows NT 10.0; Win64; x64) AppleWebKit/537.36 (KHTML, like Gecko) Chrome/120.0.0.0 Safari/537.36"
191.232.199.39 - - [26/Jul/2026:12:45:31 -0400] "GET /wp-content/plugins/admin.php HTTP/1.1" 404 7585 "-" "Mozilla/5.0 (Windows NT 10.0; Win64; x64) AppleWebKit/537.36 (KHTML, like Gecko) Chrome/120.0.0.0 Safari/537.36"
191.232.199.39 - - [26/Jul/2026:12:45:31 -0400] "GET /css/index.php HTTP/1.1" 301 1 "-" "Mozilla/5.0 (Windows NT 10.0; Win64; x64) AppleWebKit/537.36 (KHTML, like Gecko) Chrome/120.0.0.0 Safari/537.36"
191.232.199.39 - - [26/Jul/2026:12:45:32 -0400] "GET /wp-cron.php HTTP/1.1" 200 1 "-" "Mozilla/5.0 (Windows NT 10.0; Win64; x64) AppleWebKit/537.36 (KHTML, like Gecko) Chrome/120.0.0.0 Safari/537.36"
191.232.199.39 - - [26/Jul/2026:12:45:32 -0400] "GET /wp-block.php HTTP/1.1" 404 7585 "-" "Mozilla/5.0 (Windows NT 10.0; Win64; x64) AppleWebKit/537.36 (KHTML, like Gecko) Chrome/120.0.0.0 Safari/537.36"
191.232.199.39 - - [26/Jul/2026:12:45:33 -0400] "GET /wp-includes/fonts/admin.php HTTP/1.1" 404 7585 "-" "Mozilla/5.0 (Windows NT 10.0; Win64; x64) AppleWebKit/537.36 (KHTML, like Gecko) Chrome/120.0.0.0 Safari/537.36"
191.232.199.39 - - [26/Jul/2026:12:45:33 -0400] "GET /wp-admin/css/colors/modern/ HTTP/1.1" 404 7585 "-" "Mozilla/5.0 (Windows NT 10.0; Win64; x64) AppleWebKit/537.36 (KHTML, like Gecko) Chrome/120.0.0.0 Safari/537.36"
191.232.199.39 - - [26/Jul/2026:12:45:34 -0400] "GET /classwithtostring.php HTTP/1.1" 404 7585 "-" "Mozilla/5.0 (Windows NT 10.0; Win64; x64) AppleWebKit/537.36 (KHTML, like Gecko) Chrome/120.0.0.0 Safari/537.36"
191.232.199.39 - - [26/Jul/2026:12:45:34 -0400] "GET /test1.php HTTP/1.1" 404 7585 "-" "Mozilla/5.0 (Windows NT 10.0; Win64; x64) AppleWebKit/537.36 (KHTML, like Gecko) Chrome/120.0.0.0 Safari/537.36"
191.232.199.39 - - [26/Jul/2026:12:45:35 -0400] "GET /wp-admin/images/ HTTP/1.1" 404 7585 "-" "Mozilla/5.0 (Windows NT 10.0; Win64; x64) AppleWebKit/537.36 (KHTML, like Gecko) Chrome/120.0.0.0 Safari/537.36"
191.232.199.39 - - [26/Jul/2026:12:45:35 -0400] "GET /images/index.php HTTP/1.1" 301 1 "-" "Mozilla/5.0 (Windows NT 10.0; Win64; x64) AppleWebKit/537.36 (KHTML, like Gecko) Chrome/120.0.0.0 Safari/537.36"
191.232.199.39 - - [26/Jul/2026:12:45:36 -0400] "GET /wp-includes/rest-api/fields/ HTTP/1.1" 404 7585 "-" "Mozilla/5.0 (Windows NT 10.0; Win64; x64) AppleWebKit/537.36 (KHTML, like Gecko) Chrome/120.0.0.0 Safari/537.36"
179.43.174.147 - - [26/Jul/2026:12:45:36 -0400] "GET / HTTP/1.1" 301 1 "-" "CNSTX Monitor 1.2"
191.232.199.39 - - [26/Jul/2026:12:45:36 -0400] "GET /asd.php HTTP/1.1" 404 7585 "-" "Mozilla/5.0 (Windows NT 10.0; Win64; x64) AppleWebKit/537.36 (KHTML, like Gecko) Chrome/120.0.0.0 Safari/537.36"
179.43.174.147 - - [26/Jul/2026:12:45:36 -0400] "GET / HTTP/1.1" 200 10852 "https://192.210.134.12" "CNSTX Monitor 1.2"
191.232.199.39 - - [26/Jul/2026:12:45:37 -0400] "GET /wp-includes/customize/index.php HTTP/1.1" 301 1 "-" "Mozilla/5.0 (Windows NT 10.0; Win64; x64) AppleWebKit/537.36 (KHTML, like Gecko) Chrome/120.0.0.0 Safari/537.36"
191.232.199.39 - - [26/Jul/2026:12:45:37 -0400] "GET /wp-content/plugins/core-plugin/include.php HTTP/1.1" 404 7585 "-" "Mozilla/5.0 (Windows NT 10.0; Win64; x64) AppleWebKit/537.36 (KHTML, like Gecko) Chrome/120.0.0.0 Safari/537.36"
191.232.199.39 - - [26/Jul/2026:12:45:38 -0400] "GET /atomlib.php HTTP/1.1" 404 7585 "-" "Mozilla/5.0 (Windows NT 10.0; Win64; x64) AppleWebKit/537.36 (KHTML, like Gecko) Chrome/120.0.0.0 Safari/537.36"
191.232.199.39 - - [26/Jul/2026:12:45:38 -0400] "GET /wp-includes/html-api/ HTTP/1.1" 404 7585 "-" "Mozilla/5.0 (Windows NT 10.0; Win64; x64) AppleWebKit/537.36 (KHTML, like Gecko) Chrome/120.0.0.0 Safari/537.36"
191.232.199.39 - - [26/Jul/2026:12:45:39 -0400] "GET /wp-admin/js/ HTTP/1.1" 404 7585 "-" "Mozilla/5.0 (Windows NT 10.0; Win64; x64) AppleWebKit/537.36 (KHTML, like Gecko) Chrome/120.0.0.0 Safari/537.36"
191.232.199.39 - - [26/Jul/2026:12:45:39 -0400] "GET /wp-includes/IXR/chosen.php HTTP/1.1" 404 7585 "-" "Mozilla/5.0 (Windows NT 10.0; Win64; x64) AppleWebKit/537.36 (KHTML, like Gecko) Chrome/120.0.0.0 Safari/537.36"
191.232.199.39 - - [26/Jul/2026:12:45:40 -0400] "GET /wp-admin/css/colors/ectoplasm/ HTTP/1.1" 404 7585 "-" "Mozilla/5.0 (Windows NT 10.0; Win64; x64) AppleWebKit/537.36 (KHTML, like Gecko) Chrome/120.0.0.0 Safari/537.36"
191.232.199.39 - - [26/Jul/2026:12:45:40 -0400] "GET /wp-includes/blocks/block/ HTTP/1.1" 404 7585 "-" "Mozilla/5.0 (Windows NT 10.0; Win64; x64) AppleWebKit/537.36 (KHTML, like Gecko) Chrome/120.0.0.0 Safari/537.36"
191.232.199.39 - - [26/Jul/2026:12:45:42 -0400] "GET /wp-includes/pomo/ HTTP/1.1" 404 7585 "-" "Mozilla/5.0 (Windows NT 10.0; Win64; x64) AppleWebKit/537.36 (KHTML, like Gecko) Chrome/120.0.0.0 Safari/537.36"
191.232.199.39 - - [26/Jul/2026:12:45:43 -0400] "GET /wp-includes/rest-api/ HTTP/1.1" 404 7585 "-" "Mozilla/5.0 (Windows NT 10.0; Win64; x64) AppleWebKit/537.36 (KHTML, like Gecko) Chrome/120.0.0.0 Safari/537.36"
191.232.199.39 - - [26/Jul/2026:12:45:43 -0400] "GET /inputs.php HTTP/1.1" 404 7585 "-" "Mozilla/5.0 (Windows NT 10.0; Win64; x64) AppleWebKit/537.36 (KHTML, like Gecko) Chrome/120.0.0.0 Safari/537.36"
