216.73.217.142 - - [26/Jul/2026:10:11:33 -0400] "GET /detail/lung50310564.html HTTP/1.1" 404 7586 "-" "Mozilla/5.0 AppleWebKit/537.36 (KHTML, like Gecko; compatible; ClaudeBot/1.0; +claudebot@anthropic.com)"
179.43.174.147 - - [26/Jul/2026:10:11:36 -0400] "GET / HTTP/1.1" 301 1 "-" "CNSTX Monitor 1.2"
179.43.174.147 - - [26/Jul/2026:10:11:36 -0400] "GET / HTTP/1.1" 200 10852 "https://192.210.134.12" "CNSTX Monitor 1.2"
216.73.217.142 - - [26/Jul/2026:10:11:36 -0400] "GET /detail/ok40785099.html HTTP/1.1" 404 7586 "-" "Mozilla/5.0 AppleWebKit/537.36 (KHTML, like Gecko; compatible; ClaudeBot/1.0; +claudebot@anthropic.com)"
216.73.217.142 - - [26/Jul/2026:10:11:39 -0400] "GET /detail/desig50405364.html HTTP/1.1" 404 7586 "-" "Mozilla/5.0 AppleWebKit/537.36 (KHTML, like Gecko; compatible; ClaudeBot/1.0; +claudebot@anthropic.com)"
216.73.217.142 - - [26/Jul/2026:10:11:42 -0400] "GET /detail/spry70395894.html HTTP/1.1" 404 7586 "-" "Mozilla/5.0 AppleWebKit/537.36 (KHTML, like Gecko; compatible; ClaudeBot/1.0; +claudebot@anthropic.com)"
216.73.217.142 - - [26/Jul/2026:10:11:46 -0400] "GET /detail/vile30635906.html HTTP/1.1" 404 7586 "-" "Mozilla/5.0 AppleWebKit/537.36 (KHTML, like Gecko; compatible; ClaudeBot/1.0; +claudebot@anthropic.com)"
216.73.217.142 - - [26/Jul/2026:10:11:49 -0400] "GET /detail/tedio32050066.html HTTP/1.1" 404 7586 "-" "Mozilla/5.0 AppleWebKit/537.36 (KHTML, like Gecko; compatible; ClaudeBot/1.0; +claudebot@anthropic.com)"
216.73.217.142 - - [26/Jul/2026:10:11:52 -0400] "GET /detail/age70613238.html HTTP/1.1" 404 7586 "-" "Mozilla/5.0 AppleWebKit/537.36 (KHTML, like Gecko; compatible; ClaudeBot/1.0; +claudebot@anthropic.com)"
216.73.217.142 - - [26/Jul/2026:10:11:55 -0400] "GET /detail/dig72661454.html HTTP/1.1" 404 7586 "-" "Mozilla/5.0 AppleWebKit/537.36 (KHTML, like Gecko; compatible; ClaudeBot/1.0; +claudebot@anthropic.com)"
216.73.217.142 - - [26/Jul/2026:10:11:58 -0400] "GET /detail/thoro40594963.html HTTP/1.1" 404 7586 "-" "Mozilla/5.0 AppleWebKit/537.36 (KHTML, like Gecko; compatible; ClaudeBot/1.0; +claudebot@anthropic.com)"
216.73.217.142 - - [26/Jul/2026:10:12:02 -0400] "GET /detail/roar51830716.html HTTP/1.1" 404 7586 "-" "Mozilla/5.0 AppleWebKit/537.36 (KHTML, like Gecko; compatible; ClaudeBot/1.0; +claudebot@anthropic.com)"
216.73.217.142 - - [26/Jul/2026:10:12:05 -0400] "GET /detail/parro42485723.html HTTP/1.1" 404 7586 "-" "Mozilla/5.0 AppleWebKit/537.36 (KHTML, like Gecko; compatible; ClaudeBot/1.0; +claudebot@anthropic.com)"
216.73.217.142 - - [26/Jul/2026:10:12:08 -0400] "GET /detail/rebui11683656.html HTTP/1.1" 404 7586 "-" "Mozilla/5.0 AppleWebKit/537.36 (KHTML, like Gecko; compatible; ClaudeBot/1.0; +claudebot@anthropic.com)"
216.73.217.142 - - [26/Jul/2026:10:12:11 -0400] "GET /detail/germa31307226.html HTTP/1.1" 404 7586 "-" "Mozilla/5.0 AppleWebKit/537.36 (KHTML, like Gecko; compatible; ClaudeBot/1.0; +claudebot@anthropic.com)"
216.73.217.142 - - [26/Jul/2026:10:12:14 -0400] "GET /detail/notic32921130.html HTTP/1.1" 404 7586 "-" "Mozilla/5.0 AppleWebKit/537.36 (KHTML, like Gecko; compatible; ClaudeBot/1.0; +claudebot@anthropic.com)"
216.73.217.142 - - [26/Jul/2026:10:12:17 -0400] "GET /detail/cord70567198.html HTTP/1.1" 404 7586 "-" "Mozilla/5.0 AppleWebKit/537.36 (KHTML, like Gecko; compatible; ClaudeBot/1.0; +claudebot@anthropic.com)"
216.73.217.142 - - [26/Jul/2026:10:12:20 -0400] "GET /detail/boy51872692.html HTTP/1.1" 404 7586 "-" "Mozilla/5.0 AppleWebKit/537.36 (KHTML, like Gecko; compatible; ClaudeBot/1.0; +claudebot@anthropic.com)"
216.73.217.142 - - [26/Jul/2026:10:12:23 -0400] "GET /detail/begga31603010.html HTTP/1.1" 404 7586 "-" "Mozilla/5.0 AppleWebKit/537.36 (KHTML, like Gecko; compatible; ClaudeBot/1.0; +claudebot@anthropic.com)"
216.73.217.142 - - [26/Jul/2026:10:12:26 -0400] "GET /detail/toil40491899.html HTTP/1.1" 404 7586 "-" "Mozilla/5.0 AppleWebKit/537.36 (KHTML, like Gecko; compatible; ClaudeBot/1.0; +claudebot@anthropic.com)"
216.73.217.142 - - [26/Jul/2026:10:12:29 -0400] "GET /detail/strip80954751.html HTTP/1.1" 404 7586 "-" "Mozilla/5.0 AppleWebKit/537.36 (KHTML, like Gecko; compatible; ClaudeBot/1.0; +claudebot@anthropic.com)"
216.73.217.142 - - [26/Jul/2026:10:12:32 -0400] "GET /detail/okay40522899.html HTTP/1.1" 404 7586 "-" "Mozilla/5.0 AppleWebKit/537.36 (KHTML, like Gecko; compatible; ClaudeBot/1.0; +claudebot@anthropic.com)"
216.73.217.142 - - [26/Jul/2026:10:12:35 -0400] "GET /detail/ill70968734.html HTTP/1.1" 404 7586 "-" "Mozilla/5.0 AppleWebKit/537.36 (KHTML, like Gecko; compatible; ClaudeBot/1.0; +claudebot@anthropic.com)"
179.43.174.147 - - [26/Jul/2026:10:12:36 -0400] "GET / HTTP/1.1" 301 1 "-" "CNSTX Monitor 1.2"
179.43.174.147 - - [26/Jul/2026:10:12:36 -0400] "GET / HTTP/1.1" 200 10852 "https://192.210.134.12" "CNSTX Monitor 1.2"
216.73.217.142 - - [26/Jul/2026:10:12:38 -0400] "GET /detail/sweat12169280.html HTTP/1.1" 404 7586 "-" "Mozilla/5.0 AppleWebKit/537.36 (KHTML, like Gecko; compatible; ClaudeBot/1.0; +claudebot@anthropic.com)"
216.73.217.142 - - [26/Jul/2026:10:12:41 -0400] "GET /detail/lie12388240.html HTTP/1.1" 404 7586 "-" "Mozilla/5.0 AppleWebKit/537.36 (KHTML, like Gecko; compatible; ClaudeBot/1.0; +claudebot@anthropic.com)"
216.73.217.142 - - [26/Jul/2026:10:12:44 -0400] "GET /detail/murde80864343.html HTTP/1.1" 404 7586 "-" "Mozilla/5.0 AppleWebKit/537.36 (KHTML, like Gecko; compatible; ClaudeBot/1.0; +claudebot@anthropic.com)"
216.73.217.142 - - [26/Jul/2026:10:12:47 -0400] "GET /detail/beari20951713.html HTTP/1.1" 404 7586 "-" "Mozilla/5.0 AppleWebKit/537.36 (KHTML, like Gecko; compatible; ClaudeBot/1.0; +claudebot@anthropic.com)"
216.73.217.142 - - [26/Jul/2026:10:12:50 -0400] "GET /detail/hip52775692.html HTTP/1.1" 404 7586 "-" "Mozilla/5.0 AppleWebKit/537.36 (KHTML, like Gecko; compatible; ClaudeBot/1.0; +claudebot@anthropic.com)"
216.73.217.142 - - [26/Jul/2026:10:12:53 -0400] "GET /detail/symph61949565.html HTTP/1.1" 404 7586 "-" "Mozilla/5.0 AppleWebKit/537.36 (KHTML, like Gecko; compatible; ClaudeBot/1.0; +claudebot@anthropic.com)"
216.73.217.142 - - [26/Jul/2026:10:12:56 -0400] "GET /detail/ill71112734.html HTTP/1.1" 404 7586 "-" "Mozilla/5.0 AppleWebKit/537.36 (KHTML, like Gecko; compatible; ClaudeBot/1.0; +claudebot@anthropic.com)"
216.73.217.142 - - [26/Jul/2026:10:12:59 -0400] "GET /detail/fur71239646.html HTTP/1.1" 404 7586 "-" "Mozilla/5.0 AppleWebKit/537.36 (KHTML, like Gecko; compatible; ClaudeBot/1.0; +claudebot@anthropic.com)"
216.73.217.142 - - [26/Jul/2026:10:13:02 -0400] "GET /detail/conde72374606.html HTTP/1.1" 404 7586 "-" "Mozilla/5.0 AppleWebKit/537.36 (KHTML, like Gecko; compatible; ClaudeBot/1.0; +claudebot@anthropic.com)"
216.73.217.142 - - [26/Jul/2026:10:13:05 -0400] "GET /detail/batte12297384.html HTTP/1.1" 404 7586 "-" "Mozilla/5.0 AppleWebKit/537.36 (KHTML, like Gecko; compatible; ClaudeBot/1.0; +claudebot@anthropic.com)"
216.73.217.142 - - [26/Jul/2026:10:13:08 -0400] "GET /detail/flaw41105819.html HTTP/1.1" 404 7586 "-" "Mozilla/5.0 AppleWebKit/537.36 (KHTML, like Gecko; compatible; ClaudeBot/1.0; +claudebot@anthropic.com)"
216.73.217.142 - - [26/Jul/2026:10:13:11 -0400] "GET /detail/rocke12381744.html HTTP/1.1" 404 7586 "-" "Mozilla/5.0 AppleWebKit/537.36 (KHTML, like Gecko; compatible; ClaudeBot/1.0; +claudebot@anthropic.com)"
216.73.217.142 - - [26/Jul/2026:10:13:14 -0400] "GET /detail/ticke30209186.html HTTP/1.1" 404 7586 "-" "Mozilla/5.0 AppleWebKit/537.36 (KHTML, like Gecko; compatible; ClaudeBot/1.0; +claudebot@anthropic.com)"
216.73.217.142 - - [26/Jul/2026:10:13:18 -0400] "GET /detail/late11616880.html HTTP/1.1" 404 7586 "-" "Mozilla/5.0 AppleWebKit/537.36 (KHTML, like Gecko; compatible; ClaudeBot/1.0; +claudebot@anthropic.com)"
216.73.217.142 - - [26/Jul/2026:10:13:20 -0400] "GET /detail/honor52237596.html HTTP/1.1" 404 7586 "-" "Mozilla/5.0 AppleWebKit/537.36 (KHTML, like Gecko; compatible; ClaudeBot/1.0; +claudebot@anthropic.com)"
216.73.217.142 - - [26/Jul/2026:10:13:23 -0400] "GET /detail/shear82678943.html HTTP/1.1" 404 7586 "-" "Mozilla/5.0 AppleWebKit/537.36 (KHTML, like Gecko; compatible; ClaudeBot/1.0; +claudebot@anthropic.com)"
216.73.217.142 - - [26/Jul/2026:10:13:26 -0400] "GET /detail/cat22636081.html HTTP/1.1" 404 7586 "-" "Mozilla/5.0 AppleWebKit/537.36 (KHTML, like Gecko; compatible; ClaudeBot/1.0; +claudebot@anthropic.com)"
216.73.217.142 - - [26/Jul/2026:10:13:29 -0400] "GET /detail/weath61544333.html HTTP/1.1" 404 7586 "-" "Mozilla/5.0 AppleWebKit/537.36 (KHTML, like Gecko; compatible; ClaudeBot/1.0; +claudebot@anthropic.com)"
216.73.217.142 - - [26/Jul/2026:10:13:32 -0400] "GET /detail/senio42141835.html HTTP/1.1" 404 7586 "-" "Mozilla/5.0 AppleWebKit/537.36 (KHTML, like Gecko; compatible; ClaudeBot/1.0; +claudebot@anthropic.com)"
135.148.32.173 - - [26/Jul/2026:10:13:34 -0400] "GET / HTTP/1.1" 200 47327 "http://melbournecourtapartments.com/" "Mozilla/5.0 (Windows NT 10.0; Win64; x64; rv:133.0) Gecko/20100101 Firefox/133.0"
216.73.217.142 - - [26/Jul/2026:10:13:35 -0400] "GET /detail/ninth62772429.html HTTP/1.1" 404 7586 "-" "Mozilla/5.0 AppleWebKit/537.36 (KHTML, like Gecko; compatible; ClaudeBot/1.0; +claudebot@anthropic.com)"
179.43.174.147 - - [26/Jul/2026:10:13:36 -0400] "GET / HTTP/1.1" 301 1 "-" "CNSTX Monitor 1.2"
179.43.174.147 - - [26/Jul/2026:10:13:36 -0400] "GET / HTTP/1.1" 200 10852 "https://192.210.134.12" "CNSTX Monitor 1.2"
216.73.217.142 - - [26/Jul/2026:10:13:38 -0400] "GET /detail/sweat11721280.html HTTP/1.1" 404 7586 "-" "Mozilla/5.0 AppleWebKit/537.36 (KHTML, like Gecko; compatible; ClaudeBot/1.0; +claudebot@anthropic.com)"
216.73.217.142 - - [26/Jul/2026:10:13:41 -0400] "GET /detail/seed22663513.html HTTP/1.1" 404 7586 "-" "Mozilla/5.0 AppleWebKit/537.36 (KHTML, like Gecko; compatible; ClaudeBot/1.0; +claudebot@anthropic.com)"
135.148.32.173 - - [26/Jul/2026:10:13:42 -0400] "POST /?rest_route=%2Fbatch%2Fv1 HTTP/1.1" 400 125 "http://melbournecourtapartments.com/?rest_route=/batch/v1" "Mozilla/5.0 (X11; Linux x86_64) AppleWebKit/537.36 (KHTML, like Gecko) Chrome/131.0.0.0 Safari/537.36"
135.148.32.173 - - [26/Jul/2026:10:13:43 -0400] "POST /?rest_route=%2Fbatch%2Fv1 HTTP/1.1" 400 125 "http://melbournecourtapartments.com/?rest_route=/batch/v1" "Mozilla/5.0 (Windows NT 10.0; Win64; x64) AppleWebKit/537.36 (KHTML, like Gecko) Chrome/131.0.0.0 Safari/537.36"
216.73.217.142 - - [26/Jul/2026:10:13:44 -0400] "GET /detail/lengt72118086.html HTTP/1.1" 404 7586 "-" "Mozilla/5.0 AppleWebKit/537.36 (KHTML, like Gecko; compatible; ClaudeBot/1.0; +claudebot@anthropic.com)"
216.73.217.142 - - [26/Jul/2026:10:13:47 -0400] "GET /detail/imple12537960.html HTTP/1.1" 404 7586 "-" "Mozilla/5.0 AppleWebKit/537.36 (KHTML, like Gecko; compatible; ClaudeBot/1.0; +claudebot@anthropic.com)"
216.73.217.142 - - [26/Jul/2026:10:13:50 -0400] "GET /detail/crush62894709.html HTTP/1.1" 404 7586 "-" "Mozilla/5.0 AppleWebKit/537.36 (KHTML, like Gecko; compatible; ClaudeBot/1.0; +claudebot@anthropic.com)"
216.73.217.142 - - [26/Jul/2026:10:13:53 -0400] "GET /detail/farew61835045.html HTTP/1.1" 404 7586 "-" "Mozilla/5.0 AppleWebKit/537.36 (KHTML, like Gecko; compatible; ClaudeBot/1.0; +claudebot@anthropic.com)"
216.73.217.142 - - [26/Jul/2026:10:13:57 -0400] "GET /detail/toy32664978.html HTTP/1.1" 404 7586 "-" "Mozilla/5.0 AppleWebKit/537.36 (KHTML, like Gecko; compatible; ClaudeBot/1.0; +claudebot@anthropic.com)"
216.73.217.142 - - [26/Jul/2026:10:14:00 -0400] "GET /detail/clue62158069.html HTTP/1.1" 404 7586 "-" "Mozilla/5.0 AppleWebKit/537.36 (KHTML, like Gecko; compatible; ClaudeBot/1.0; +claudebot@anthropic.com)"
216.73.217.142 - - [26/Jul/2026:10:14:03 -0400] "GET /detail/jest82227847.html HTTP/1.1" 404 7586 "-" "Mozilla/5.0 AppleWebKit/537.36 (KHTML, like Gecko; compatible; ClaudeBot/1.0; +claudebot@anthropic.com)"
216.73.217.142 - - [26/Jul/2026:10:14:06 -0400] "GET /detail/in51072748.html HTTP/1.1" 404 7586 "-" "Mozilla/5.0 AppleWebKit/537.36 (KHTML, like Gecko; compatible; ClaudeBot/1.0; +claudebot@anthropic.com)"
216.73.217.142 - - [26/Jul/2026:10:14:09 -0400] "GET /detail/mains41585843.html HTTP/1.1" 404 7586 "-" "Mozilla/5.0 AppleWebKit/537.36 (KHTML, like Gecko; compatible; ClaudeBot/1.0; +claudebot@anthropic.com)"
216.73.217.142 - - [26/Jul/2026:10:14:12 -0400] "GET /detail/heati32562938.html HTTP/1.1" 404 7586 "-" "Mozilla/5.0 AppleWebKit/537.36 (KHTML, like Gecko; compatible; ClaudeBot/1.0; +claudebot@anthropic.com)"
216.73.217.142 - - [26/Jul/2026:10:14:15 -0400] "GET /detail/print41984051.html HTTP/1.1" 404 7586 "-" "Mozilla/5.0 AppleWebKit/537.36 (KHTML, like Gecko; compatible; ClaudeBot/1.0; +claudebot@anthropic.com)"
216.73.217.142 - - [26/Jul/2026:10:14:18 -0400] "GET /detail/vibra20375289.html HTTP/1.1" 404 7586 "-" "Mozilla/5.0 AppleWebKit/537.36 (KHTML, like Gecko; compatible; ClaudeBot/1.0; +claudebot@anthropic.com)"
216.73.217.142 - - [26/Jul/2026:10:14:21 -0400] "GET /detail/tuiti50178212.html HTTP/1.1" 404 7586 "-" "Mozilla/5.0 AppleWebKit/537.36 (KHTML, like Gecko; compatible; ClaudeBot/1.0; +claudebot@anthropic.com)"
216.73.217.142 - - [26/Jul/2026:10:14:24 -0400] "GET /detail/halt62255581.html HTTP/1.1" 404 7586 "-" "Mozilla/5.0 AppleWebKit/537.36 (KHTML, like Gecko; compatible; ClaudeBot/1.0; +claudebot@anthropic.com)"
216.73.217.142 - - [26/Jul/2026:10:14:27 -0400] "GET /detail/wase61343925.html HTTP/1.1" 404 7586 "-" "Mozilla/5.0 AppleWebKit/537.36 (KHTML, like Gecko; compatible; ClaudeBot/1.0; +claudebot@anthropic.com)"
216.73.217.142 - - [26/Jul/2026:10:14:30 -0400] "GET /detail/manne40245355.html HTTP/1.1" 404 7586 "-" "Mozilla/5.0 AppleWebKit/537.36 (KHTML, like Gecko; compatible; ClaudeBot/1.0; +claudebot@anthropic.com)"
216.73.217.142 - - [26/Jul/2026:10:14:33 -0400] "GET /detail/posh41659875.html HTTP/1.1" 404 7586 "-" "Mozilla/5.0 AppleWebKit/537.36 (KHTML, like Gecko; compatible; ClaudeBot/1.0; +claudebot@anthropic.com)"
179.43.174.147 - - [26/Jul/2026:10:14:36 -0400] "GET / HTTP/1.1" 301 1 "-" "CNSTX Monitor 1.2"
216.73.217.142 - - [26/Jul/2026:10:14:36 -0400] "GET /detail/alarm60254741.html HTTP/1.1" 404 7586 "-" "Mozilla/5.0 AppleWebKit/537.36 (KHTML, like Gecko; compatible; ClaudeBot/1.0; +claudebot@anthropic.com)"
179.43.174.147 - - [26/Jul/2026:10:14:36 -0400] "GET / HTTP/1.1" 200 10852 "https://192.210.134.12" "CNSTX Monitor 1.2"
135.148.32.173 - - [26/Jul/2026:10:14:38 -0400] "POST /?rest_route=%2Fbatch%2Fv1 HTTP/1.1" 400 125 "http://melbournecourtapartments.com/?rest_route=/batch/v1" "Mozilla/5.0 (Windows NT 10.0; Win64; x64) AppleWebKit/537.36 (KHTML, like Gecko) Chrome/130.0.0.0 Safari/537.36 Edg/130.0.0.0"
135.148.32.173 - - [26/Jul/2026:10:14:39 -0400] "POST /?rest_route=%2Fbatch%2Fv1 HTTP/1.1" 400 125 "http://melbournecourtapartments.com/?rest_route=/batch/v1" "Mozilla/5.0 (Windows NT 10.0; Win64; x64; rv:133.0) Gecko/20100101 Firefox/133.0"
216.73.217.142 - - [26/Jul/2026:10:14:39 -0400] "GET /detail/peasa31778890.html HTTP/1.1" 404 7586 "-" "Mozilla/5.0 AppleWebKit/537.36 (KHTML, like Gecko; compatible; ClaudeBot/1.0; +claudebot@anthropic.com)"
135.148.32.173 - - [26/Jul/2026:10:14:40 -0400] "POST /?rest_route=%2Fbatch%2Fv1 HTTP/1.1" 400 125 "http://melbournecourtapartments.com/?rest_route=/batch/v1" "Mozilla/5.0 (X11; Linux x86_64) AppleWebKit/537.36 (KHTML, like Gecko) Chrome/131.0.0.0 Safari/537.36"
135.148.32.173 - - [26/Jul/2026:10:14:41 -0400] "POST /?rest_route=%2Fbatch%2Fv1 HTTP/1.1" 400 125 "http://melbournecourtapartments.com/?rest_route=/batch/v1" "Mozilla/5.0 (iPhone; CPU iPhone OS 17_0 like Mac OS X) AppleWebKit/605.1.15 (KHTML, like Gecko) Version/17.0 Mobile/15E148 Safari/604.1"
216.73.217.142 - - [26/Jul/2026:10:14:42 -0400] "GET /detail/turke50513620.html HTTP/1.1" 404 7586 "-" "Mozilla/5.0 AppleWebKit/537.36 (KHTML, like Gecko; compatible; ClaudeBot/1.0; +claudebot@anthropic.com)"
135.148.32.173 - - [26/Jul/2026:10:14:44 -0400] "POST /?rest_route=%2Fbatch%2Fv1 HTTP/1.1" 403 47329 "http://melbournecourtapartments.com/?rest_route=/batch/v1" "Mozilla/5.0 (Windows NT 10.0; Win64; x64) AppleWebKit/537.36 (KHTML, like Gecko) Chrome/130.0.0.0 Safari/537.36 Edg/130.0.0.0"
135.148.32.173 - - [26/Jul/2026:10:14:45 -0400] "POST /?rest_route=%2Fbatch%2Fv1 HTTP/1.1" 400 125 "http://melbournecourtapartments.com/?rest_route=/batch/v1" "Mozilla/5.0 (Macintosh; Intel Mac OS X 10_15_7) AppleWebKit/537.36 (KHTML, like Gecko) Chrome/131.0.0.0 Safari/537.36"
216.73.217.142 - - [26/Jul/2026:10:14:45 -0400] "GET /detail/riddl42712675.html HTTP/1.1" 404 7586 "-" "Mozilla/5.0 AppleWebKit/537.36 (KHTML, like Gecko; compatible; ClaudeBot/1.0; +claudebot@anthropic.com)"
135.148.32.173 - - [26/Jul/2026:10:14:46 -0400] "POST /?rest_route=%2Fbatch%2Fv1 HTTP/1.1" 403 47324 "http://melbournecourtapartments.com/?rest_route=/batch/v1" "Mozilla/5.0 (Macintosh; Intel Mac OS X 10_15_7) AppleWebKit/537.36 (KHTML, like Gecko) Chrome/131.0.0.0 Safari/537.36"
216.73.217.142 - - [26/Jul/2026:10:14:48 -0400] "GET /detail/presu81227711.html HTTP/1.1" 404 7586 "-" "Mozilla/5.0 AppleWebKit/537.36 (KHTML, like Gecko; compatible; ClaudeBot/1.0; +claudebot@anthropic.com)"
216.73.217.142 - - [26/Jul/2026:10:14:51 -0400] "GET /detail/imply71706222.html HTTP/1.1" 404 7586 "-" "Mozilla/5.0 AppleWebKit/537.36 (KHTML, like Gecko; compatible; ClaudeBot/1.0; +claudebot@anthropic.com)"
216.73.217.142 - - [26/Jul/2026:10:14:54 -0400] "GET /detail/suitc61113525.html HTTP/1.1" 404 7586 "-" "Mozilla/5.0 AppleWebKit/537.36 (KHTML, like Gecko; compatible; ClaudeBot/1.0; +claudebot@anthropic.com)"
216.73.217.142 - - [26/Jul/2026:10:14:57 -0400] "GET /detail/excur30411386.html HTTP/1.1" 404 7586 "-" "Mozilla/5.0 AppleWebKit/537.36 (KHTML, like Gecko; compatible; ClaudeBot/1.0; +claudebot@anthropic.com)"
216.73.217.142 - - [26/Jul/2026:10:15:00 -0400] "GET /detail/cruis42767771.html HTTP/1.1" 404 7586 "-" "Mozilla/5.0 AppleWebKit/537.36 (KHTML, like Gecko; compatible; ClaudeBot/1.0; +claudebot@anthropic.com)"
216.73.217.142 - - [26/Jul/2026:10:15:03 -0400] "GET /detail/penal80822023.html HTTP/1.1" 404 7586 "-" "Mozilla/5.0 AppleWebKit/537.36 (KHTML, like Gecko; compatible; ClaudeBot/1.0; +claudebot@anthropic.com)"
216.73.217.142 - - [26/Jul/2026:10:15:06 -0400] "GET /detail/tank11530448.html HTTP/1.1" 404 7586 "-" "Mozilla/5.0 AppleWebKit/537.36 (KHTML, like Gecko; compatible; ClaudeBot/1.0; +claudebot@anthropic.com)"
216.73.217.142 - - [26/Jul/2026:10:15:09 -0400] "GET /detail/besid42768443.html HTTP/1.1" 404 7586 "-" "Mozilla/5.0 AppleWebKit/537.36 (KHTML, like Gecko; compatible; ClaudeBot/1.0; +claudebot@anthropic.com)"
192.210.134.12 - - [26/Jul/2026:10:15:13 -0400] "POST /wp-cron.php?doing_wp_cron=1785075313.1455230712890625000000 HTTP/1.1" 200 1 "-" "WordPress/6.9; https://melbournecourtapartments.com"
216.73.217.142 - - [26/Jul/2026:10:15:12 -0400] "GET /detail/remin51991140.html HTTP/1.1" 404 7586 "-" "Mozilla/5.0 AppleWebKit/537.36 (KHTML, like Gecko; compatible; ClaudeBot/1.0; +claudebot@anthropic.com)"
216.73.217.142 - - [26/Jul/2026:10:15:16 -0400] "GET /detail/sacri80334727.html HTTP/1.1" 404 7586 "-" "Mozilla/5.0 AppleWebKit/537.36 (KHTML, like Gecko; compatible; ClaudeBot/1.0; +claudebot@anthropic.com)"
216.73.217.142 - - [26/Jul/2026:10:15:19 -0400] "GET /detail/neigh22225617.html HTTP/1.1" 404 7586 "-" "Mozilla/5.0 AppleWebKit/537.36 (KHTML, like Gecko; compatible; ClaudeBot/1.0; +claudebot@anthropic.com)"
216.73.217.142 - - [26/Jul/2026:10:15:22 -0400] "GET /detail/hills60230957.html HTTP/1.1" 404 7586 "-" "Mozilla/5.0 AppleWebKit/537.36 (KHTML, like Gecko; compatible; ClaudeBot/1.0; +claudebot@anthropic.com)"
216.73.217.142 - - [26/Jul/2026:10:15:25 -0400] "GET /detail/tumor60889917.html HTTP/1.1" 404 7586 "-" "Mozilla/5.0 AppleWebKit/537.36 (KHTML, like Gecko; compatible; ClaudeBot/1.0; +claudebot@anthropic.com)"
216.73.217.142 - - [26/Jul/2026:10:15:28 -0400] "GET /detail/homet81984103.html HTTP/1.1" 404 7586 "-" "Mozilla/5.0 AppleWebKit/537.36 (KHTML, like Gecko; compatible; ClaudeBot/1.0; +claudebot@anthropic.com)"
216.73.217.142 - - [26/Jul/2026:10:15:31 -0400] "GET /detail/alrea72444078.html HTTP/1.1" 404 7586 "-" "Mozilla/5.0 AppleWebKit/537.36 (KHTML, like Gecko; compatible; ClaudeBot/1.0; +claudebot@anthropic.com)"
135.148.32.173 - - [26/Jul/2026:10:15:34 -0400] "GET /wp-login.php HTTP/1.1" 200 6467 "http://melbournecourtapartments.com/wp-login.php" "Mozilla/5.0 (Windows NT 10.0; Win64; x64; rv:133.0) Gecko/20100101 Firefox/133.0"
135.148.32.173 - - [26/Jul/2026:10:15:35 -0400] "GET /wp-login.php HTTP/1.1" 200 6467 "http://melbournecourtapartments.com/wp-login.php" "Mozilla/5.0 (Windows NT 10.0; Win64; x64; rv:133.0) Gecko/20100101 Firefox/133.0"
179.43.174.147 - - [26/Jul/2026:10:15:36 -0400] "GET / HTTP/1.1" 301 1 "-" "CNSTX Monitor 1.2"
135.148.32.173 - - [26/Jul/2026:10:15:36 -0400] "GET /wp-login.php HTTP/1.1" 200 6467 "http://melbournecourtapartments.com/wp-login.php" "Mozilla/5.0 (Windows NT 10.0; Win64; x64; rv:133.0) Gecko/20100101 Firefox/133.0"
179.43.174.147 - - [26/Jul/2026:10:15:37 -0400] "GET / HTTP/1.1" 200 10852 "https://192.210.134.12" "CNSTX Monitor 1.2"
135.148.32.173 - - [26/Jul/2026:10:15:39 -0400] "GET / HTTP/1.1" 200 47327 "-" "Mozilla/5.0 (Windows NT 10.0; Win64; x64; rv:133.0) Gecko/20100101 Firefox/133.0"
135.148.32.173 - - [26/Jul/2026:10:15:39 -0400] "GET /author/melbourncourt/ HTTP/1.1" 200 36387 "-" "Mozilla/5.0 (Windows NT 10.0; Win64; x64; rv:133.0) Gecko/20100101 Firefox/133.0"
135.148.32.173 - - [26/Jul/2026:10:15:40 -0400] "GET /?rest_route=/ HTTP/1.1" 200 193007 "-" "Mozilla/5.0 (Windows NT 10.0; Win64; x64; rv:133.0) Gecko/20100101 Firefox/133.0"
135.148.32.173 - - [26/Jul/2026:10:15:40 -0400] "GET /login HTTP/1.1" 302 - "-" "Mozilla/5.0 (Windows NT 10.0; Win64; x64; rv:133.0) Gecko/20100101 Firefox/133.0"
135.148.32.173 - - [26/Jul/2026:10:15:41 -0400] "GET /admin HTTP/1.1" 302 - "-" "Mozilla/5.0 (Windows NT 10.0; Win64; x64; rv:133.0) Gecko/20100101 Firefox/133.0"
135.148.32.173 - - [26/Jul/2026:10:15:41 -0400] "GET /signin HTTP/1.1" 404 34330 "-" "Mozilla/5.0 (Windows NT 10.0; Win64; x64; rv:133.0) Gecko/20100101 Firefox/133.0"
135.148.32.173 - - [26/Jul/2026:10:15:42 -0400] "GET /sign-in HTTP/1.1" 404 34330 "-" "Mozilla/5.0 (Windows NT 10.0; Win64; x64; rv:133.0) Gecko/20100101 Firefox/133.0"
135.148.32.173 - - [26/Jul/2026:10:15:42 -0400] "GET /my-login HTTP/1.1" 404 34330 "-" "Mozilla/5.0 (Windows NT 10.0; Win64; x64; rv:133.0) Gecko/20100101 Firefox/133.0"
135.148.32.173 - - [26/Jul/2026:10:15:42 -0400] "GET /wp-login.php HTTP/1.1" 200 6467 "http://melbournecourtapartments.com/wp-login.php" "Mozilla/5.0 (Macintosh; Intel Mac OS X 10_15_7) AppleWebKit/537.36 (KHTML, like Gecko) Chrome/131.0.0.0 Safari/537.36"
135.148.32.173 - - [26/Jul/2026:10:15:42 -0400] "GET /secure-login HTTP/1.1" 404 34330 "-" "Mozilla/5.0 (Windows NT 10.0; Win64; x64; rv:133.0) Gecko/20100101 Firefox/133.0"
135.148.32.173 - - [26/Jul/2026:10:15:43 -0400] "GET /wp-login.php HTTP/1.1" 200 6467 "http://melbournecourtapartments.com/wp-login.php" "Mozilla/5.0 (Macintosh; Intel Mac OS X 10_15_7) AppleWebKit/537.36 (KHTML, like Gecko) Chrome/131.0.0.0 Safari/537.36"
135.148.32.173 - - [26/Jul/2026:10:15:43 -0400] "GET /hidden-login HTTP/1.1" 404 34330 "-" "Mozilla/5.0 (Windows NT 10.0; Win64; x64; rv:133.0) Gecko/20100101 Firefox/133.0"
135.148.32.173 - - [26/Jul/2026:10:15:43 -0400] "GET /secret-login HTTP/1.1" 404 34330 "-" "Mozilla/5.0 (Windows NT 10.0; Win64; x64; rv:133.0) Gecko/20100101 Firefox/133.0"
135.148.32.173 - - [26/Jul/2026:10:15:44 -0400] "GET /dashboard HTTP/1.1" 302 - "-" "Mozilla/5.0 (Windows NT 10.0; Win64; x64; rv:133.0) Gecko/20100101 Firefox/133.0"
135.148.32.173 - - [26/Jul/2026:10:15:44 -0400] "GET /wp-login.php HTTP/1.1" 200 6467 "http://melbournecourtapartments.com/wp-login.php" "Mozilla/5.0 (Macintosh; Intel Mac OS X 10_15_7) AppleWebKit/537.36 (KHTML, like Gecko) Chrome/131.0.0.0 Safari/537.36"
135.148.32.173 - - [26/Jul/2026:10:15:44 -0400] "GET /portal HTTP/1.1" 404 34330 "-" "Mozilla/5.0 (Windows NT 10.0; Win64; x64; rv:133.0) Gecko/20100101 Firefox/133.0"
135.148.32.173 - - [26/Jul/2026:10:15:45 -0400] "GET /member HTTP/1.1" 404 34330 "-" "Mozilla/5.0 (Windows NT 10.0; Win64; x64; rv:133.0) Gecko/20100101 Firefox/133.0"
135.148.32.173 - - [26/Jul/2026:10:15:45 -0400] "GET /auth HTTP/1.1" 404 34330 "-" "Mozilla/5.0 (Windows NT 10.0; Win64; x64; rv:133.0) Gecko/20100101 Firefox/133.0"
135.148.32.173 - - [26/Jul/2026:10:15:46 -0400] "GET /access HTTP/1.1" 404 34330 "-" "Mozilla/5.0 (Windows NT 10.0; Win64; x64; rv:133.0) Gecko/20100101 Firefox/133.0"
216.73.217.142 - - [26/Jul/2026:10:15:46 -0400] "GET /detail/forum22238129.html HTTP/1.1" 404 7586 "-" "Mozilla/5.0 AppleWebKit/537.36 (KHTML, like Gecko; compatible; ClaudeBot/1.0; +claudebot@anthropic.com)"
135.148.32.173 - - [26/Jul/2026:10:15:46 -0400] "GET /my-account HTTP/1.1" 404 34330 "-" "Mozilla/5.0 (Windows NT 10.0; Win64; x64; rv:133.0) Gecko/20100101 Firefox/133.0"
135.148.32.173 - - [26/Jul/2026:10:15:47 -0400] "GET /account HTTP/1.1" 404 34330 "-" "Mozilla/5.0 (Windows NT 10.0; Win64; x64; rv:133.0) Gecko/20100101 Firefox/133.0"
135.148.32.173 - - [26/Jul/2026:10:15:47 -0400] "GET / HTTP/1.1" 200 47324 "-" "Mozilla/5.0 (Macintosh; Intel Mac OS X 10_15_7) AppleWebKit/537.36 (KHTML, like Gecko) Chrome/131.0.0.0 Safari/537.36"
135.148.32.173 - - [26/Jul/2026:10:15:47 -0400] "GET /private HTTP/1.1" 404 34330 "-" "Mozilla/5.0 (Windows NT 10.0; Win64; x64; rv:133.0) Gecko/20100101 Firefox/133.0"
135.148.32.173 - - [26/Jul/2026:10:15:48 -0400] "GET /author/melbourncourt/ HTTP/1.1" 200 36384 "-" "Mozilla/5.0 (Macintosh; Intel Mac OS X 10_15_7) AppleWebKit/537.36 (KHTML, like Gecko) Chrome/131.0.0.0 Safari/537.36"
135.148.32.173 - - [26/Jul/2026:10:15:48 -0400] "GET /entrance HTTP/1.1" 404 34330 "-" "Mozilla/5.0 (Windows NT 10.0; Win64; x64; rv:133.0) Gecko/20100101 Firefox/133.0"
135.148.32.173 - - [26/Jul/2026:10:15:48 -0400] "GET /?rest_route=/ HTTP/1.1" 200 193007 "-" "Mozilla/5.0 (Macintosh; Intel Mac OS X 10_15_7) AppleWebKit/537.36 (KHTML, like Gecko) Chrome/131.0.0.0 Safari/537.36"
135.148.32.173 - - [26/Jul/2026:10:15:48 -0400] "GET /masuk HTTP/1.1" 404 34330 "-" "Mozilla/5.0 (Windows NT 10.0; Win64; x64; rv:133.0) Gecko/20100101 Firefox/133.0"
135.148.32.173 - - [26/Jul/2026:10:15:48 -0400] "GET /login HTTP/1.1" 302 - "-" "Mozilla/5.0 (Macintosh; Intel Mac OS X 10_15_7) AppleWebKit/537.36 (KHTML, like Gecko) Chrome/131.0.0.0 Safari/537.36"
135.148.32.173 - - [26/Jul/2026:10:15:49 -0400] "GET /log-in HTTP/1.1" 404 34330 "-" "Mozilla/5.0 (Windows NT 10.0; Win64; x64; rv:133.0) Gecko/20100101 Firefox/133.0"
135.148.32.173 - - [26/Jul/2026:10:15:49 -0400] "GET /admin HTTP/1.1" 302 - "-" "Mozilla/5.0 (Macintosh; Intel Mac OS X 10_15_7) AppleWebKit/537.36 (KHTML, like Gecko) Chrome/131.0.0.0 Safari/537.36"
135.148.32.173 - - [26/Jul/2026:10:15:49 -0400] "GET /login-page HTTP/1.1" 404 34330 "-" "Mozilla/5.0 (Windows NT 10.0; Win64; x64; rv:133.0) Gecko/20100101 Firefox/133.0"
135.148.32.173 - - [26/Jul/2026:10:15:49 -0400] "GET /signin HTTP/1.1" 404 34327 "-" "Mozilla/5.0 (Macintosh; Intel Mac OS X 10_15_7) AppleWebKit/537.36 (KHTML, like Gecko) Chrome/131.0.0.0 Safari/537.36"
135.148.32.173 - - [26/Jul/2026:10:15:49 -0400] "GET /wp-login HTTP/1.1" 404 34330 "-" "Mozilla/5.0 (Windows NT 10.0; Win64; x64; rv:133.0) Gecko/20100101 Firefox/133.0"
135.148.32.173 - - [26/Jul/2026:10:15:50 -0400] "GET /sign-in HTTP/1.1" 404 34327 "-" "Mozilla/5.0 (Macintosh; Intel Mac OS X 10_15_7) AppleWebKit/537.36 (KHTML, like Gecko) Chrome/131.0.0.0 Safari/537.36"
135.148.32.173 - - [26/Jul/2026:10:15:50 -0400] "GET /admin-login HTTP/1.1" 404 34330 "-" "Mozilla/5.0 (Windows NT 10.0; Win64; x64; rv:133.0) Gecko/20100101 Firefox/133.0"
135.148.32.173 - - [26/Jul/2026:10:15:50 -0400] "GET /my-login HTTP/1.1" 404 34327 "-" "Mozilla/5.0 (Macintosh; Intel Mac OS X 10_15_7) AppleWebKit/537.36 (KHTML, like Gecko) Chrome/131.0.0.0 Safari/537.36"
135.148.32.173 - - [26/Jul/2026:10:15:50 -0400] "GET /backend HTTP/1.1" 404 34330 "-" "Mozilla/5.0 (Windows NT 10.0; Win64; x64; rv:133.0) Gecko/20100101 Firefox/133.0"
135.148.32.173 - - [26/Jul/2026:10:15:51 -0400] "GET /secure-login HTTP/1.1" 404 34327 "-" "Mozilla/5.0 (Macintosh; Intel Mac OS X 10_15_7) AppleWebKit/537.36 (KHTML, like Gecko) Chrome/131.0.0.0 Safari/537.36"
135.148.32.173 - - [26/Jul/2026:10:15:51 -0400] "GET /panel HTTP/1.1" 404 34330 "-" "Mozilla/5.0 (Windows NT 10.0; Win64; x64; rv:133.0) Gecko/20100101 Firefox/133.0"
135.148.32.173 - - [26/Jul/2026:10:15:51 -0400] "GET /hidden-login HTTP/1.1" 404 34327 "-" "Mozilla/5.0 (Macintosh; Intel Mac OS X 10_15_7) AppleWebKit/537.36 (KHTML, like Gecko) Chrome/131.0.0.0 Safari/537.36"
135.148.32.173 - - [26/Jul/2026:10:15:51 -0400] "GET /enter HTTP/1.1" 404 34330 "-" "Mozilla/5.0 (Windows NT 10.0; Win64; x64; rv:133.0) Gecko/20100101 Firefox/133.0"
135.148.32.173 - - [26/Jul/2026:10:15:52 -0400] "GET /secret-login HTTP/1.1" 404 34327 "-" "Mozilla/5.0 (Macintosh; Intel Mac OS X 10_15_7) AppleWebKit/537.36 (KHTML, like Gecko) Chrome/131.0.0.0 Safari/537.36"
135.148.32.173 - - [26/Jul/2026:10:15:52 -0400] "GET /custom-login HTTP/1.1" 404 34330 "-" "Mozilla/5.0 (Windows NT 10.0; Win64; x64; rv:133.0) Gecko/20100101 Firefox/133.0"
135.148.32.173 - - [26/Jul/2026:10:15:52 -0400] "GET /dashboard HTTP/1.1" 302 - "-" "Mozilla/5.0 (Macintosh; Intel Mac OS X 10_15_7) AppleWebKit/537.36 (KHTML, like Gecko) Chrome/131.0.0.0 Safari/537.36"
135.148.32.173 - - [26/Jul/2026:10:15:52 -0400] "GET /site-login HTTP/1.1" 404 34330 "-" "Mozilla/5.0 (Windows NT 10.0; Win64; x64; rv:133.0) Gecko/20100101 Firefox/133.0"
135.148.32.173 - - [26/Jul/2026:10:15:52 -0400] "GET /portal HTTP/1.1" 404 34327 "-" "Mozilla/5.0 (Macintosh; Intel Mac OS X 10_15_7) AppleWebKit/537.36 (KHTML, like Gecko) Chrome/131.0.0.0 Safari/537.36"
135.148.32.173 - - [26/Jul/2026:10:15:53 -0400] "GET /manage HTTP/1.1" 404 34330 "-" "Mozilla/5.0 (Windows NT 10.0; Win64; x64; rv:133.0) Gecko/20100101 Firefox/133.0"
135.148.32.173 - - [26/Jul/2026:10:15:53 -0400] "GET /member HTTP/1.1" 404 34327 "-" "Mozilla/5.0 (Macintosh; Intel Mac OS X 10_15_7) AppleWebKit/537.36 (KHTML, like Gecko) Chrome/131.0.0.0 Safari/537.36"
135.148.32.173 - - [26/Jul/2026:10:15:53 -0400] "GET /auth HTTP/1.1" 404 34327 "-" "Mozilla/5.0 (Macintosh; Intel Mac OS X 10_15_7) AppleWebKit/537.36 (KHTML, like Gecko) Chrome/131.0.0.0 Safari/537.36"
135.148.32.173 - - [26/Jul/2026:10:15:54 -0400] "GET /access HTTP/1.1" 404 34327 "-" "Mozilla/5.0 (Macintosh; Intel Mac OS X 10_15_7) AppleWebKit/537.36 (KHTML, like Gecko) Chrome/131.0.0.0 Safari/537.36"
51.75.236.155 - - [26/Jul/2026:10:15:54 -0400] "GET /robots.txt HTTP/1.1" 200 107 "-" "Mozilla/5.0 (compatible; AhrefsBot/7.0; +http://ahrefs.com/robot/)"
135.148.32.173 - - [26/Jul/2026:10:15:54 -0400] "GET /my-account HTTP/1.1" 404 34327 "-" "Mozilla/5.0 (Macintosh; Intel Mac OS X 10_15_7) AppleWebKit/537.36 (KHTML, like Gecko) Chrome/131.0.0.0 Safari/537.36"
135.148.32.173 - - [26/Jul/2026:10:15:55 -0400] "GET /account HTTP/1.1" 404 34327 "-" "Mozilla/5.0 (Macintosh; Intel Mac OS X 10_15_7) AppleWebKit/537.36 (KHTML, like Gecko) Chrome/131.0.0.0 Safari/537.36"
135.148.32.173 - - [26/Jul/2026:10:15:55 -0400] "GET /private HTTP/1.1" 404 34327 "-" "Mozilla/5.0 (Macintosh; Intel Mac OS X 10_15_7) AppleWebKit/537.36 (KHTML, like Gecko) Chrome/131.0.0.0 Safari/537.36"
135.148.32.173 - - [26/Jul/2026:10:15:55 -0400] "GET /entrance HTTP/1.1" 404 34327 "-" "Mozilla/5.0 (Macintosh; Intel Mac OS X 10_15_7) AppleWebKit/537.36 (KHTML, like Gecko) Chrome/131.0.0.0 Safari/537.36"
135.148.32.173 - - [26/Jul/2026:10:15:56 -0400] "GET /masuk HTTP/1.1" 404 34327 "-" "Mozilla/5.0 (Macintosh; Intel Mac OS X 10_15_7) AppleWebKit/537.36 (KHTML, like Gecko) Chrome/131.0.0.0 Safari/537.36"
135.148.32.173 - - [26/Jul/2026:10:15:56 -0400] "GET /log-in HTTP/1.1" 404 34327 "-" "Mozilla/5.0 (Macintosh; Intel Mac OS X 10_15_7) AppleWebKit/537.36 (KHTML, like Gecko) Chrome/131.0.0.0 Safari/537.36"
135.148.32.173 - - [26/Jul/2026:10:15:57 -0400] "GET /login-page HTTP/1.1" 404 34327 "-" "Mozilla/5.0 (Macintosh; Intel Mac OS X 10_15_7) AppleWebKit/537.36 (KHTML, like Gecko) Chrome/131.0.0.0 Safari/537.36"
216.73.217.142 - - [26/Jul/2026:10:15:57 -0400] "GET /detail/antic52866124.html HTTP/1.1" 404 7586 "-" "Mozilla/5.0 AppleWebKit/537.36 (KHTML, like Gecko; compatible; ClaudeBot/1.0; +claudebot@anthropic.com)"
135.148.32.173 - - [26/Jul/2026:10:15:57 -0400] "GET /wp-login HTTP/1.1" 404 34327 "-" "Mozilla/5.0 (Macintosh; Intel Mac OS X 10_15_7) AppleWebKit/537.36 (KHTML, like Gecko) Chrome/131.0.0.0 Safari/537.36"
176.31.139.18 - - [26/Jul/2026:10:15:58 -0400] "GET /wp-sitemap.xml HTTP/1.1" 200 164 "-" "Mozilla/5.0 (compatible; AhrefsBot/7.0; +http://ahrefs.com/robot/)"
135.148.32.173 - - [26/Jul/2026:10:15:58 -0400] "GET /admin-login HTTP/1.1" 404 34327 "-" "Mozilla/5.0 (Macintosh; Intel Mac OS X 10_15_7) AppleWebKit/537.36 (KHTML, like Gecko) Chrome/131.0.0.0 Safari/537.36"
135.148.32.173 - - [26/Jul/2026:10:15:58 -0400] "GET /backend HTTP/1.1" 404 34327 "-" "Mozilla/5.0 (Macintosh; Intel Mac OS X 10_15_7) AppleWebKit/537.36 (KHTML, like Gecko) Chrome/131.0.0.0 Safari/537.36"
135.148.32.173 - - [26/Jul/2026:10:15:58 -0400] "GET /panel HTTP/1.1" 404 34327 "-" "Mozilla/5.0 (Macintosh; Intel Mac OS X 10_15_7) AppleWebKit/537.36 (KHTML, like Gecko) Chrome/131.0.0.0 Safari/537.36"
135.148.32.173 - - [26/Jul/2026:10:15:59 -0400] "GET /enter HTTP/1.1" 404 34327 "-" "Mozilla/5.0 (Macintosh; Intel Mac OS X 10_15_7) AppleWebKit/537.36 (KHTML, like Gecko) Chrome/131.0.0.0 Safari/537.36"
135.148.32.173 - - [26/Jul/2026:10:15:59 -0400] "GET /custom-login HTTP/1.1" 404 34327 "-" "Mozilla/5.0 (Macintosh; Intel Mac OS X 10_15_7) AppleWebKit/537.36 (KHTML, like Gecko) Chrome/131.0.0.0 Safari/537.36"
135.148.32.173 - - [26/Jul/2026:10:16:00 -0400] "GET /site-login HTTP/1.1" 404 34327 "-" "Mozilla/5.0 (Macintosh; Intel Mac OS X 10_15_7) AppleWebKit/537.36 (KHTML, like Gecko) Chrome/131.0.0.0 Safari/537.36"
216.73.217.142 - - [26/Jul/2026:10:16:00 -0400] "GET /detail/unkno42023331.html HTTP/1.1" 404 7586 "-" "Mozilla/5.0 AppleWebKit/537.36 (KHTML, like Gecko; compatible; ClaudeBot/1.0; +claudebot@anthropic.com)"
135.148.32.173 - - [26/Jul/2026:10:16:00 -0400] "GET /manage HTTP/1.1" 404 34327 "-" "Mozilla/5.0 (Macintosh; Intel Mac OS X 10_15_7) AppleWebKit/537.36 (KHTML, like Gecko) Chrome/131.0.0.0 Safari/537.36"
54.37.118.79 - - [26/Jul/2026:10:16:01 -0400] "GET /sitemapa.xml HTTP/1.1" 200 9531 "-" "Mozilla/5.0 (compatible; AhrefsBot/7.0; +http://ahrefs.com/robot/)"
216.73.217.142 - - [26/Jul/2026:10:16:03 -0400] "GET /detail/aspec81027399.html HTTP/1.1" 404 7586 "-" "Mozilla/5.0 AppleWebKit/537.36 (KHTML, like Gecko; compatible; ClaudeBot/1.0; +claudebot@anthropic.com)"
51.75.236.152 - - [26/Jul/2026:10:16:05 -0400] "GET /sitemapb.xml HTTP/1.1" 200 10960 "-" "Mozilla/5.0 (compatible; AhrefsBot/7.0; +http://ahrefs.com/robot/)"
216.73.217.142 - - [26/Jul/2026:10:16:06 -0400] "GET /detail/corn82719535.html HTTP/1.1" 404 7586 "-" "Mozilla/5.0 AppleWebKit/537.36 (KHTML, like Gecko; compatible; ClaudeBot/1.0; +claudebot@anthropic.com)"
37.59.204.129 - - [26/Jul/2026:10:16:09 -0400] "GET /sitemapc.xml HTTP/1.1" 200 11565 "-" "Mozilla/5.0 (compatible; AhrefsBot/7.0; +http://ahrefs.com/robot/)"
216.73.217.142 - - [26/Jul/2026:10:16:09 -0400] "GET /detail/park52200540.html HTTP/1.1" 404 7586 "-" "Mozilla/5.0 AppleWebKit/537.36 (KHTML, like Gecko; compatible; ClaudeBot/1.0; +claudebot@anthropic.com)"
216.73.217.142 - - [26/Jul/2026:10:16:12 -0400] "GET /detail/dread70111358.html HTTP/1.1" 404 7586 "-" "Mozilla/5.0 AppleWebKit/537.36 (KHTML, like Gecko; compatible; ClaudeBot/1.0; +claudebot@anthropic.com)"
92.222.104.198 - - [26/Jul/2026:10:16:12 -0400] "GET /sitemapd.xml HTTP/1.1" 200 10676 "-" "Mozilla/5.0 (compatible; AhrefsBot/7.0; +http://ahrefs.com/robot/)"
216.73.217.142 - - [26/Jul/2026:10:16:15 -0400] "GET /detail/lost40337531.html HTTP/1.1" 404 7586 "-" "Mozilla/5.0 AppleWebKit/537.36 (KHTML, like Gecko; compatible; ClaudeBot/1.0; +claudebot@anthropic.com)"
51.68.247.196 - - [26/Jul/2026:10:16:16 -0400] "GET /sitemape.xml HTTP/1.1" 200 14206 "-" "Mozilla/5.0 (compatible; AhrefsBot/7.0; +http://ahrefs.com/robot/)"
216.73.217.142 - - [26/Jul/2026:10:16:18 -0400] "GET /detail/hurry80241231.html HTTP/1.1" 404 7586 "-" "Mozilla/5.0 AppleWebKit/537.36 (KHTML, like Gecko; compatible; ClaudeBot/1.0; +claudebot@anthropic.com)"
51.68.247.207 - - [26/Jul/2026:10:16:20 -0400] "GET /sitemapf.xml HTTP/1.1" 200 15128 "-" "Mozilla/5.0 (compatible; AhrefsBot/7.0; +http://ahrefs.com/robot/)"
216.73.217.142 - - [26/Jul/2026:10:16:21 -0400] "GET /detail/colli40777955.html HTTP/1.1" 404 7586 "-" "Mozilla/5.0 AppleWebKit/537.36 (KHTML, like Gecko; compatible; ClaudeBot/1.0; +claudebot@anthropic.com)"
51.75.236.135 - - [26/Jul/2026:10:16:24 -0400] "GET /sitemapg.xml HTTP/1.1" 200 11137 "-" "Mozilla/5.0 (compatible; AhrefsBot/7.0; +http://ahrefs.com/robot/)"
216.73.217.142 - - [26/Jul/2026:10:16:24 -0400] "GET /detail/limit71474550.html HTTP/1.1" 404 7586 "-" "Mozilla/5.0 AppleWebKit/537.36 (KHTML, like Gecko; compatible; ClaudeBot/1.0; +claudebot@anthropic.com)"
216.73.217.142 - - [26/Jul/2026:10:16:27 -0400] "GET /detail/mill21414281.html HTTP/1.1" 404 7586 "-" "Mozilla/5.0 AppleWebKit/537.36 (KHTML, like Gecko; compatible; ClaudeBot/1.0; +claudebot@anthropic.com)"
37.59.204.139 - - [26/Jul/2026:10:16:28 -0400] "GET /sitemaph.xml HTTP/1.1" 200 14959 "-" "Mozilla/5.0 (compatible; AhrefsBot/7.0; +http://ahrefs.com/robot/)"
135.148.32.173 - - [26/Jul/2026:10:16:30 -0400] "GET /wp-login.php HTTP/1.1" 200 6467 "http://melbournecourtapartments.com/wp-login.php" "Mozilla/5.0 (Windows NT 10.0; Win64; x64) AppleWebKit/537.36 (KHTML, like Gecko) Chrome/130.0.0.0 Safari/537.36 Edg/130.0.0.0"
216.73.217.142 - - [26/Jul/2026:10:16:30 -0400] "GET /detail/awkwa21283145.html HTTP/1.1" 404 7586 "-" "Mozilla/5.0 AppleWebKit/537.36 (KHTML, like Gecko; compatible; ClaudeBot/1.0; +claudebot@anthropic.com)"
135.148.32.173 - - [26/Jul/2026:10:16:30 -0400] "GET /wp-login.php HTTP/1.1" 200 6467 "http://melbournecourtapartments.com/wp-login.php" "Mozilla/5.0 (Windows NT 10.0; Win64; x64) AppleWebKit/537.36 (KHTML, like Gecko) Chrome/130.0.0.0 Safari/537.36 Edg/130.0.0.0"
135.148.32.173 - - [26/Jul/2026:10:16:31 -0400] "GET /wp-login.php HTTP/1.1" 200 6467 "http://melbournecourtapartments.com/wp-login.php" "Mozilla/5.0 (Windows NT 10.0; Win64; x64) AppleWebKit/537.36 (KHTML, like Gecko) Chrome/130.0.0.0 Safari/537.36 Edg/130.0.0.0"
176.31.139.24 - - [26/Jul/2026:10:16:32 -0400] "GET /sitemapi.xml HTTP/1.1" 200 10915 "-" "Mozilla/5.0 (compatible; AhrefsBot/7.0; +http://ahrefs.com/robot/)"
216.73.217.142 - - [26/Jul/2026:10:16:34 -0400] "GET /detail/guita22095721.html HTTP/1.1" 404 7586 "-" "Mozilla/5.0 AppleWebKit/537.36 (KHTML, like Gecko; compatible; ClaudeBot/1.0; +claudebot@anthropic.com)"
135.148.32.173 - - [26/Jul/2026:10:16:34 -0400] "GET / HTTP/1.1" 200 47329 "-" "Mozilla/5.0 (Windows NT 10.0; Win64; x64) AppleWebKit/537.36 (KHTML, like Gecko) Chrome/130.0.0.0 Safari/537.36 Edg/130.0.0.0"
135.148.32.173 - - [26/Jul/2026:10:16:35 -0400] "GET /author/melbourncourt/ HTTP/1.1" 200 36389 "-" "Mozilla/5.0 (Windows NT 10.0; Win64; x64) AppleWebKit/537.36 (KHTML, like Gecko) Chrome/130.0.0.0 Safari/537.36 Edg/130.0.0.0"
54.37.118.72 - - [26/Jul/2026:10:16:35 -0400] "GET /sitemapj.xml HTTP/1.1" 200 12849 "-" "Mozilla/5.0 (compatible; AhrefsBot/7.0; +http://ahrefs.com/robot/)"
135.148.32.173 - - [26/Jul/2026:10:16:35 -0400] "GET /?rest_route=/ HTTP/1.1" 200 193007 "-" "Mozilla/5.0 (Windows NT 10.0; Win64; x64) AppleWebKit/537.36 (KHTML, like Gecko) Chrome/130.0.0.0 Safari/537.36 Edg/130.0.0.0"
135.148.32.173 - - [26/Jul/2026:10:16:36 -0400] "GET /login HTTP/1.1" 302 - "-" "Mozilla/5.0 (Windows NT 10.0; Win64; x64) AppleWebKit/537.36 (KHTML, like Gecko) Chrome/130.0.0.0 Safari/537.36 Edg/130.0.0.0"
179.43.174.147 - - [26/Jul/2026:10:16:36 -0400] "GET / HTTP/1.1" 301 1 "-" "CNSTX Monitor 1.2"
135.148.32.173 - - [26/Jul/2026:10:16:36 -0400] "GET /admin HTTP/1.1" 302 - "-" "Mozilla/5.0 (Windows NT 10.0; Win64; x64) AppleWebKit/537.36 (KHTML, like Gecko) Chrome/130.0.0.0 Safari/537.36 Edg/130.0.0.0"
135.148.32.173 - - [26/Jul/2026:10:16:36 -0400] "GET /signin HTTP/1.1" 404 34332 "-" "Mozilla/5.0 (Windows NT 10.0; Win64; x64) AppleWebKit/537.36 (KHTML, like Gecko) Chrome/130.0.0.0 Safari/537.36 Edg/130.0.0.0"
179.43.174.147 - - [26/Jul/2026:10:16:36 -0400] "GET / HTTP/1.1" 200 10852 "https://192.210.134.12" "CNSTX Monitor 1.2"
216.73.217.142 - - [26/Jul/2026:10:16:37 -0400] "GET /detail/retra20054377.html HTTP/1.1" 404 7586 "-" "Mozilla/5.0 AppleWebKit/537.36 (KHTML, like Gecko; compatible; ClaudeBot/1.0; +claudebot@anthropic.com)"
135.148.32.173 - - [26/Jul/2026:10:16:37 -0400] "GET /sign-in HTTP/1.1" 404 34332 "-" "Mozilla/5.0 (Windows NT 10.0; Win64; x64) AppleWebKit/537.36 (KHTML, like Gecko) Chrome/130.0.0.0 Safari/537.36 Edg/130.0.0.0"
135.148.32.173 - - [26/Jul/2026:10:16:37 -0400] "GET /my-login HTTP/1.1" 404 34332 "-" "Mozilla/5.0 (Windows NT 10.0; Win64; x64) AppleWebKit/537.36 (KHTML, like Gecko) Chrome/130.0.0.0 Safari/537.36 Edg/130.0.0.0"
135.148.32.173 - - [26/Jul/2026:10:16:38 -0400] "GET /secure-login HTTP/1.1" 404 34332 "-" "Mozilla/5.0 (Windows NT 10.0; Win64; x64) AppleWebKit/537.36 (KHTML, like Gecko) Chrome/130.0.0.0 Safari/537.36 Edg/130.0.0.0"
135.148.32.173 - - [26/Jul/2026:10:16:38 -0400] "GET /hidden-login HTTP/1.1" 404 34332 "-" "Mozilla/5.0 (Windows NT 10.0; Win64; x64) AppleWebKit/537.36 (KHTML, like Gecko) Chrome/130.0.0.0 Safari/537.36 Edg/130.0.0.0"
135.148.32.173 - - [26/Jul/2026:10:16:39 -0400] "GET /secret-login HTTP/1.1" 404 34332 "-" "Mozilla/5.0 (Windows NT 10.0; Win64; x64) AppleWebKit/537.36 (KHTML, like Gecko) Chrome/130.0.0.0 Safari/537.36 Edg/130.0.0.0"
92.222.108.103 - - [26/Jul/2026:10:16:39 -0400] "GET /sitemapk.xml HTTP/1.1" 200 11891 "-" "Mozilla/5.0 (compatible; AhrefsBot/7.0; +http://ahrefs.com/robot/)"
135.148.32.173 - - [26/Jul/2026:10:16:39 -0400] "GET /dashboard HTTP/1.1" 302 - "-" "Mozilla/5.0 (Windows NT 10.0; Win64; x64) AppleWebKit/537.36 (KHTML, like Gecko) Chrome/130.0.0.0 Safari/537.36 Edg/130.0.0.0"
135.148.32.173 - - [26/Jul/2026:10:16:39 -0400] "GET /portal HTTP/1.1" 404 34332 "-" "Mozilla/5.0 (Windows NT 10.0; Win64; x64) AppleWebKit/537.36 (KHTML, like Gecko) Chrome/130.0.0.0 Safari/537.36 Edg/130.0.0.0"
216.73.217.142 - - [26/Jul/2026:10:16:40 -0400] "GET /detail/shun61191893.html HTTP/1.1" 404 7586 "-" "Mozilla/5.0 AppleWebKit/537.36 (KHTML, like Gecko; compatible; ClaudeBot/1.0; +claudebot@anthropic.com)"
135.148.32.173 - - [26/Jul/2026:10:16:40 -0400] "GET /member HTTP/1.1" 404 34332 "-" "Mozilla/5.0 (Windows NT 10.0; Win64; x64) AppleWebKit/537.36 (KHTML, like Gecko) Chrome/130.0.0.0 Safari/537.36 Edg/130.0.0.0"
135.148.32.173 - - [26/Jul/2026:10:16:40 -0400] "GET /auth HTTP/1.1" 404 34332 "-" "Mozilla/5.0 (Windows NT 10.0; Win64; x64) AppleWebKit/537.36 (KHTML, like Gecko) Chrome/130.0.0.0 Safari/537.36 Edg/130.0.0.0"
135.148.32.173 - - [26/Jul/2026:10:16:41 -0400] "GET /access HTTP/1.1" 404 34332 "-" "Mozilla/5.0 (Windows NT 10.0; Win64; x64) AppleWebKit/537.36 (KHTML, like Gecko) Chrome/130.0.0.0 Safari/537.36 Edg/130.0.0.0"
135.148.32.173 - - [26/Jul/2026:10:16:41 -0400] "GET /my-account HTTP/1.1" 404 34332 "-" "Mozilla/5.0 (Windows NT 10.0; Win64; x64) AppleWebKit/537.36 (KHTML, like Gecko) Chrome/130.0.0.0 Safari/537.36 Edg/130.0.0.0"
135.148.32.173 - - [26/Jul/2026:10:16:42 -0400] "GET /account HTTP/1.1" 404 34332 "-" "Mozilla/5.0 (Windows NT 10.0; Win64; x64) AppleWebKit/537.36 (KHTML, like Gecko) Chrome/130.0.0.0 Safari/537.36 Edg/130.0.0.0"
135.148.32.173 - - [26/Jul/2026:10:16:42 -0400] "GET /private HTTP/1.1" 404 34332 "-" "Mozilla/5.0 (Windows NT 10.0; Win64; x64) AppleWebKit/537.36 (KHTML, like Gecko) Chrome/130.0.0.0 Safari/537.36 Edg/130.0.0.0"
5.39.1.244 - - [26/Jul/2026:10:16:43 -0400] "GET /sitemapl.xml HTTP/1.1" 200 16735 "-" "Mozilla/5.0 (compatible; AhrefsBot/7.0; +http://ahrefs.com/robot/)"
135.148.32.173 - - [26/Jul/2026:10:16:43 -0400] "GET /entrance HTTP/1.1" 404 34332 "-" "Mozilla/5.0 (Windows NT 10.0; Win64; x64) AppleWebKit/537.36 (KHTML, like Gecko) Chrome/130.0.0.0 Safari/537.36 Edg/130.0.0.0"
216.73.217.142 - - [26/Jul/2026:10:16:43 -0400] "GET /detail/franc12617608.html HTTP/1.1" 404 7586 "-" "Mozilla/5.0 AppleWebKit/537.36 (KHTML, like Gecko; compatible; ClaudeBot/1.0; +claudebot@anthropic.com)"
135.148.32.173 - - [26/Jul/2026:10:16:43 -0400] "GET /masuk HTTP/1.1" 404 34332 "-" "Mozilla/5.0 (Windows NT 10.0; Win64; x64) AppleWebKit/537.36 (KHTML, like Gecko) Chrome/130.0.0.0 Safari/537.36 Edg/130.0.0.0"
135.148.32.173 - - [26/Jul/2026:10:16:43 -0400] "GET /log-in HTTP/1.1" 404 34332 "-" "Mozilla/5.0 (Windows NT 10.0; Win64; x64) AppleWebKit/537.36 (KHTML, like Gecko) Chrome/130.0.0.0 Safari/537.36 Edg/130.0.0.0"
135.148.32.173 - - [26/Jul/2026:10:16:44 -0400] "GET /login-page HTTP/1.1" 404 34332 "-" "Mozilla/5.0 (Windows NT 10.0; Win64; x64) AppleWebKit/537.36 (KHTML, like Gecko) Chrome/130.0.0.0 Safari/537.36 Edg/130.0.0.0"
135.148.32.173 - - [26/Jul/2026:10:16:44 -0400] "GET /wp-login HTTP/1.1" 404 34332 "-" "Mozilla/5.0 (Windows NT 10.0; Win64; x64) AppleWebKit/537.36 (KHTML, like Gecko) Chrome/130.0.0.0 Safari/537.36 Edg/130.0.0.0"
135.148.32.173 - - [26/Jul/2026:10:16:45 -0400] "GET /admin-login HTTP/1.1" 404 34332 "-" "Mozilla/5.0 (Windows NT 10.0; Win64; x64) AppleWebKit/537.36 (KHTML, like Gecko) Chrome/130.0.0.0 Safari/537.36 Edg/130.0.0.0"
135.148.32.173 - - [26/Jul/2026:10:16:45 -0400] "GET /backend HTTP/1.1" 404 34332 "-" "Mozilla/5.0 (Windows NT 10.0; Win64; x64) AppleWebKit/537.36 (KHTML, like Gecko) Chrome/130.0.0.0 Safari/537.36 Edg/130.0.0.0"
135.148.32.173 - - [26/Jul/2026:10:16:46 -0400] "GET /panel HTTP/1.1" 404 34332 "-" "Mozilla/5.0 (Windows NT 10.0; Win64; x64) AppleWebKit/537.36 (KHTML, like Gecko) Chrome/130.0.0.0 Safari/537.36 Edg/130.0.0.0"
216.73.217.142 - - [26/Jul/2026:10:16:46 -0400] "GET /detail/poetr11595216.html HTTP/1.1" 404 7586 "-" "Mozilla/5.0 AppleWebKit/537.36 (KHTML, like Gecko; compatible; ClaudeBot/1.0; +claudebot@anthropic.com)"
135.148.32.173 - - [26/Jul/2026:10:16:46 -0400] "GET /enter HTTP/1.1" 404 34332 "-" "Mozilla/5.0 (Windows NT 10.0; Win64; x64) AppleWebKit/537.36 (KHTML, like Gecko) Chrome/130.0.0.0 Safari/537.36 Edg/130.0.0.0"
54.37.118.69 - - [26/Jul/2026:10:16:46 -0400] "GET /sitemapm.xml HTTP/1.1" 200 12929 "-" "Mozilla/5.0 (compatible; AhrefsBot/7.0; +http://ahrefs.com/robot/)"
135.148.32.173 - - [26/Jul/2026:10:16:47 -0400] "GET /custom-login HTTP/1.1" 404 34332 "-" "Mozilla/5.0 (Windows NT 10.0; Win64; x64) AppleWebKit/537.36 (KHTML, like Gecko) Chrome/130.0.0.0 Safari/537.36 Edg/130.0.0.0"
135.148.32.173 - - [26/Jul/2026:10:16:47 -0400] "GET /site-login HTTP/1.1" 404 34332 "-" "Mozilla/5.0 (Windows NT 10.0; Win64; x64) AppleWebKit/537.36 (KHTML, like Gecko) Chrome/130.0.0.0 Safari/537.36 Edg/130.0.0.0"
135.148.32.173 - - [26/Jul/2026:10:16:47 -0400] "GET /manage HTTP/1.1" 404 34332 "-" "Mozilla/5.0 (Windows NT 10.0; Win64; x64) AppleWebKit/537.36 (KHTML, like Gecko) Chrome/130.0.0.0 Safari/537.36 Edg/130.0.0.0"
216.73.217.142 - - [26/Jul/2026:10:16:49 -0400] "GET /detail/carto80071799.html HTTP/1.1" 404 7586 "-" "Mozilla/5.0 AppleWebKit/537.36 (KHTML, like Gecko; compatible; ClaudeBot/1.0; +claudebot@anthropic.com)"
92.222.108.97 - - [26/Jul/2026:10:16:50 -0400] "GET /sitemapn.xml HTTP/1.1" 200 17181 "-" "Mozilla/5.0 (compatible; AhrefsBot/7.0; +http://ahrefs.com/robot/)"
216.73.217.142 - - [26/Jul/2026:10:16:52 -0400] "GET /detail/rapt22087881.html HTTP/1.1" 404 7586 "-" "Mozilla/5.0 AppleWebKit/537.36 (KHTML, like Gecko; compatible; ClaudeBot/1.0; +claudebot@anthropic.com)"
176.31.139.16 - - [26/Jul/2026:10:16:54 -0400] "GET /sitemapo.xml HTTP/1.1" 200 12396 "-" "Mozilla/5.0 (compatible; AhrefsBot/7.0; +http://ahrefs.com/robot/)"
216.73.217.142 - - [26/Jul/2026:10:16:55 -0400] "GET /detail/lieut31058994.html HTTP/1.1" 404 7586 "-" "Mozilla/5.0 AppleWebKit/537.36 (KHTML, like Gecko; compatible; ClaudeBot/1.0; +claudebot@anthropic.com)"
216.73.217.142 - - [26/Jul/2026:10:16:58 -0400] "GET /detail/shame61288965.html HTTP/1.1" 404 7586 "-" "Mozilla/5.0 AppleWebKit/537.36 (KHTML, like Gecko; compatible; ClaudeBot/1.0; +claudebot@anthropic.com)"
216.73.217.142 - - [26/Jul/2026:10:17:01 -0400] "GET /detail/seep80279887.html HTTP/1.1" 404 7586 "-" "Mozilla/5.0 AppleWebKit/537.36 (KHTML, like Gecko; compatible; ClaudeBot/1.0; +claudebot@anthropic.com)"
216.73.217.142 - - [26/Jul/2026:10:17:04 -0400] "GET /detail/anony31195730.html HTTP/1.1" 404 7586 "-" "Mozilla/5.0 AppleWebKit/537.36 (KHTML, like Gecko; compatible; ClaudeBot/1.0; +claudebot@anthropic.com)"
216.73.217.142 - - [26/Jul/2026:10:17:07 -0400] "GET /detail/etiqu71145790.html HTTP/1.1" 404 7586 "-" "Mozilla/5.0 AppleWebKit/537.36 (KHTML, like Gecko; compatible; ClaudeBot/1.0; +claudebot@anthropic.com)"
216.73.217.142 - - [26/Jul/2026:10:17:10 -0400] "GET /detail/organ52033804.html HTTP/1.1" 404 7586 "-" "Mozilla/5.0 AppleWebKit/537.36 (KHTML, like Gecko; compatible; ClaudeBot/1.0; +claudebot@anthropic.com)"
216.73.217.142 - - [26/Jul/2026:10:17:13 -0400] "GET /detail/madam12596688.html HTTP/1.1" 404 7586 "-" "Mozilla/5.0 AppleWebKit/537.36 (KHTML, like Gecko; compatible; ClaudeBot/1.0; +claudebot@anthropic.com)"
216.73.217.142 - - [26/Jul/2026:10:17:16 -0400] "GET /detail/signi60106381.html HTTP/1.1" 404 7586 "-" "Mozilla/5.0 AppleWebKit/537.36 (KHTML, like Gecko; compatible; ClaudeBot/1.0; +claudebot@anthropic.com)"
216.73.217.142 - - [26/Jul/2026:10:17:19 -0400] "GET /detail/rug51270460.html HTTP/1.1" 404 7586 "-" "Mozilla/5.0 AppleWebKit/537.36 (KHTML, like Gecko; compatible; ClaudeBot/1.0; +claudebot@anthropic.com)"
