216.73.217.142 - - [26/Jul/2026:14:41:34 -0400] "GET /detail/rent41821643.html HTTP/1.1" 404 7586 "-" "Mozilla/5.0 AppleWebKit/537.36 (KHTML, like Gecko; compatible; ClaudeBot/1.0; +claudebot@anthropic.com)"
179.43.174.147 - - [26/Jul/2026:14:41:36 -0400] "GET / HTTP/1.1" 301 1 "-" "CNSTX Monitor 1.2"
179.43.174.147 - - [26/Jul/2026:14:41:37 -0400] "GET / HTTP/1.1" 200 10852 "https://192.210.134.12" "CNSTX Monitor 1.2"
216.73.217.142 - - [26/Jul/2026:14:41:38 -0400] "GET /detail/trave10413424.html HTTP/1.1" 404 7586 "-" "Mozilla/5.0 AppleWebKit/537.36 (KHTML, like Gecko; compatible; ClaudeBot/1.0; +claudebot@anthropic.com)"
216.73.217.142 - - [26/Jul/2026:14:41:41 -0400] "GET /detail/disab11697624.html HTTP/1.1" 404 7586 "-" "Mozilla/5.0 AppleWebKit/537.36 (KHTML, like Gecko; compatible; ClaudeBot/1.0; +claudebot@anthropic.com)"
216.73.217.142 - - [26/Jul/2026:14:41:44 -0400] "GET /detail/woman51065348.html HTTP/1.1" 404 7586 "-" "Mozilla/5.0 AppleWebKit/537.36 (KHTML, like Gecko; compatible; ClaudeBot/1.0; +claudebot@anthropic.com)"
216.73.217.142 - - [26/Jul/2026:14:41:47 -0400] "GET /detail/teen51921412.html HTTP/1.1" 404 7586 "-" "Mozilla/5.0 AppleWebKit/537.36 (KHTML, like Gecko; compatible; ClaudeBot/1.0; +claudebot@anthropic.com)"
216.73.217.142 - - [26/Jul/2026:14:41:50 -0400] "GET /detail/woman52597348.html HTTP/1.1" 404 7586 "-" "Mozilla/5.0 AppleWebKit/537.36 (KHTML, like Gecko; compatible; ClaudeBot/1.0; +claudebot@anthropic.com)"
216.73.217.142 - - [26/Jul/2026:14:41:53 -0400] "GET /detail/hair10628936.html HTTP/1.1" 404 7586 "-" "Mozilla/5.0 AppleWebKit/537.36 (KHTML, like Gecko; compatible; ClaudeBot/1.0; +claudebot@anthropic.com)"
216.73.217.142 - - [26/Jul/2026:14:41:56 -0400] "GET /detail/nearl82892135.html HTTP/1.1" 404 7586 "-" "Mozilla/5.0 AppleWebKit/537.36 (KHTML, like Gecko; compatible; ClaudeBot/1.0; +claudebot@anthropic.com)"
216.73.217.142 - - [26/Jul/2026:14:41:59 -0400] "GET /detail/octob72901126.html HTTP/1.1" 404 7586 "-" "Mozilla/5.0 AppleWebKit/537.36 (KHTML, like Gecko; compatible; ClaudeBot/1.0; +claudebot@anthropic.com)"
216.73.217.142 - - [26/Jul/2026:14:42:02 -0400] "GET /detail/hairc42035571.html HTTP/1.1" 404 7586 "-" "Mozilla/5.0 AppleWebKit/537.36 (KHTML, like Gecko; compatible; ClaudeBot/1.0; +claudebot@anthropic.com)"
216.73.217.142 - - [26/Jul/2026:14:42:05 -0400] "GET /detail/sale71848646.html HTTP/1.1" 404 7586 "-" "Mozilla/5.0 AppleWebKit/537.36 (KHTML, like Gecko; compatible; ClaudeBot/1.0; +claudebot@anthropic.com)"
216.73.217.142 - - [26/Jul/2026:14:42:08 -0400] "GET /detail/advoc20777849.html HTTP/1.1" 404 7586 "-" "Mozilla/5.0 AppleWebKit/537.36 (KHTML, like Gecko; compatible; ClaudeBot/1.0; +claudebot@anthropic.com)"
216.73.217.142 - - [26/Jul/2026:14:42:11 -0400] "GET /detail/repor70072206.html HTTP/1.1" 404 7586 "-" "Mozilla/5.0 AppleWebKit/537.36 (KHTML, like Gecko; compatible; ClaudeBot/1.0; +claudebot@anthropic.com)"
216.73.217.142 - - [26/Jul/2026:14:42:14 -0400] "GET /detail/greek42559283.html HTTP/1.1" 404 7586 "-" "Mozilla/5.0 AppleWebKit/537.36 (KHTML, like Gecko; compatible; ClaudeBot/1.0; +claudebot@anthropic.com)"
216.73.217.142 - - [26/Jul/2026:14:42:17 -0400] "GET /detail/hair11712936.html HTTP/1.1" 404 7586 "-" "Mozilla/5.0 AppleWebKit/537.36 (KHTML, like Gecko; compatible; ClaudeBot/1.0; +claudebot@anthropic.com)"
216.73.217.142 - - [26/Jul/2026:14:42:20 -0400] "GET /detail/love50712988.html HTTP/1.1" 404 7586 "-" "Mozilla/5.0 AppleWebKit/537.36 (KHTML, like Gecko; compatible; ClaudeBot/1.0; +claudebot@anthropic.com)"
216.73.217.142 - - [26/Jul/2026:14:42:23 -0400] "GET /detail/truck70648990.html HTTP/1.1" 404 7586 "-" "Mozilla/5.0 AppleWebKit/537.36 (KHTML, like Gecko; compatible; ClaudeBot/1.0; +claudebot@anthropic.com)"
216.73.217.142 - - [26/Jul/2026:14:42:26 -0400] "GET /detail/lift10921080.html HTTP/1.1" 404 7586 "-" "Mozilla/5.0 AppleWebKit/537.36 (KHTML, like Gecko; compatible; ClaudeBot/1.0; +claudebot@anthropic.com)"
216.73.217.142 - - [26/Jul/2026:14:42:29 -0400] "GET /detail/diame40662731.html HTTP/1.1" 404 7586 "-" "Mozilla/5.0 AppleWebKit/537.36 (KHTML, like Gecko; compatible; ClaudeBot/1.0; +claudebot@anthropic.com)"
216.73.217.142 - - [26/Jul/2026:14:42:32 -0400] "GET /detail/male71919334.html HTTP/1.1" 404 7586 "-" "Mozilla/5.0 AppleWebKit/537.36 (KHTML, like Gecko; compatible; ClaudeBot/1.0; +claudebot@anthropic.com)"
216.73.217.142 - - [26/Jul/2026:14:42:35 -0400] "GET /detail/inhab42398531.html HTTP/1.1" 404 7586 "-" "Mozilla/5.0 AppleWebKit/537.36 (KHTML, like Gecko; compatible; ClaudeBot/1.0; +claudebot@anthropic.com)"
179.43.174.147 - - [26/Jul/2026:14:42:36 -0400] "GET / HTTP/1.1" 301 1 "-" "CNSTX Monitor 1.2"
179.43.174.147 - - [26/Jul/2026:14:42:36 -0400] "GET / HTTP/1.1" 200 10852 "https://192.210.134.12" "CNSTX Monitor 1.2"
216.73.217.142 - - [26/Jul/2026:14:42:38 -0400] "GET /detail/portr41035195.html HTTP/1.1" 404 7586 "-" "Mozilla/5.0 AppleWebKit/537.36 (KHTML, like Gecko; compatible; ClaudeBot/1.0; +claudebot@anthropic.com)"
216.73.217.142 - - [26/Jul/2026:14:42:41 -0400] "GET /detail/pluge11963984.html HTTP/1.1" 404 7586 "-" "Mozilla/5.0 AppleWebKit/537.36 (KHTML, like Gecko; compatible; ClaudeBot/1.0; +claudebot@anthropic.com)"
216.73.217.142 - - [26/Jul/2026:14:42:44 -0400] "GET /detail/meado32126514.html HTTP/1.1" 404 7586 "-" "Mozilla/5.0 AppleWebKit/537.36 (KHTML, like Gecko; compatible; ClaudeBot/1.0; +claudebot@anthropic.com)"
216.73.217.142 - - [26/Jul/2026:14:42:47 -0400] "GET /detail/gaseo42282539.html HTTP/1.1" 404 7586 "-" "Mozilla/5.0 AppleWebKit/537.36 (KHTML, like Gecko; compatible; ClaudeBot/1.0; +claudebot@anthropic.com)"
216.73.217.142 - - [26/Jul/2026:14:42:50 -0400] "GET /detail/anniv42607739.html HTTP/1.1" 404 7586 "-" "Mozilla/5.0 AppleWebKit/537.36 (KHTML, like Gecko; compatible; ClaudeBot/1.0; +claudebot@anthropic.com)"
216.73.217.142 - - [26/Jul/2026:14:42:53 -0400] "GET /detail/banan32249106.html HTTP/1.1" 404 7586 "-" "Mozilla/5.0 AppleWebKit/537.36 (KHTML, like Gecko; compatible; ClaudeBot/1.0; +claudebot@anthropic.com)"
216.73.217.142 - - [26/Jul/2026:14:42:56 -0400] "GET /detail/myrna71595990.html HTTP/1.1" 404 7586 "-" "Mozilla/5.0 AppleWebKit/537.36 (KHTML, like Gecko; compatible; ClaudeBot/1.0; +claudebot@anthropic.com)"
216.73.217.142 - - [26/Jul/2026:14:42:59 -0400] "GET /detail/jar12998504.html HTTP/1.1" 404 7586 "-" "Mozilla/5.0 AppleWebKit/537.36 (KHTML, like Gecko; compatible; ClaudeBot/1.0; +claudebot@anthropic.com)"
216.73.217.142 - - [26/Jul/2026:14:43:02 -0400] "GET /detail/weed71678942.html HTTP/1.1" 404 7586 "-" "Mozilla/5.0 AppleWebKit/537.36 (KHTML, like Gecko; compatible; ClaudeBot/1.0; +claudebot@anthropic.com)"
216.73.217.142 - - [26/Jul/2026:14:43:05 -0400] "GET /detail/polar10989592.html HTTP/1.1" 404 7586 "-" "Mozilla/5.0 AppleWebKit/537.36 (KHTML, like Gecko; compatible; ClaudeBot/1.0; +claudebot@anthropic.com)"
216.73.217.142 - - [26/Jul/2026:14:43:08 -0400] "GET /detail/pronu40300699.html HTTP/1.1" 404 7586 "-" "Mozilla/5.0 AppleWebKit/537.36 (KHTML, like Gecko; compatible; ClaudeBot/1.0; +claudebot@anthropic.com)"
216.73.217.142 - - [26/Jul/2026:14:43:11 -0400] "GET /detail/hopef30311346.html HTTP/1.1" 404 7586 "-" "Mozilla/5.0 AppleWebKit/537.36 (KHTML, like Gecko; compatible; ClaudeBot/1.0; +claudebot@anthropic.com)"
216.73.217.142 - - [26/Jul/2026:14:43:15 -0400] "GET /detail/jewel70915022.html HTTP/1.1" 404 7586 "-" "Mozilla/5.0 AppleWebKit/537.36 (KHTML, like Gecko; compatible; ClaudeBot/1.0; +claudebot@anthropic.com)"
216.73.217.142 - - [26/Jul/2026:14:43:18 -0400] "GET /detail/airpo61452725.html HTTP/1.1" 404 7586 "-" "Mozilla/5.0 AppleWebKit/537.36 (KHTML, like Gecko; compatible; ClaudeBot/1.0; +claudebot@anthropic.com)"
216.73.217.142 - - [26/Jul/2026:14:43:22 -0400] "GET /detail/kanga61225557.html HTTP/1.1" 404 7586 "-" "Mozilla/5.0 AppleWebKit/537.36 (KHTML, like Gecko; compatible; ClaudeBot/1.0; +claudebot@anthropic.com)"
216.73.217.142 - - [26/Jul/2026:14:43:25 -0400] "GET /detail/taxi10220032.html HTTP/1.1" 404 7586 "-" "Mozilla/5.0 AppleWebKit/537.36 (KHTML, like Gecko; compatible; ClaudeBot/1.0; +claudebot@anthropic.com)"
216.73.217.142 - - [26/Jul/2026:14:43:28 -0400] "GET /detail/urban30395442.html HTTP/1.1" 404 7586 "-" "Mozilla/5.0 AppleWebKit/537.36 (KHTML, like Gecko; compatible; ClaudeBot/1.0; +claudebot@anthropic.com)"
216.73.217.142 - - [26/Jul/2026:14:43:34 -0400] "GET /detail/expor60215269.html HTTP/1.1" 404 7586 "-" "Mozilla/5.0 AppleWebKit/537.36 (KHTML, like Gecko; compatible; ClaudeBot/1.0; +claudebot@anthropic.com)"
179.43.174.147 - - [26/Jul/2026:14:43:36 -0400] "GET / HTTP/1.1" 301 1 "-" "CNSTX Monitor 1.2"
179.43.174.147 - - [26/Jul/2026:14:43:36 -0400] "GET / HTTP/1.1" 200 10852 "https://192.210.134.12" "CNSTX Monitor 1.2"
216.73.217.142 - - [26/Jul/2026:14:43:37 -0400] "GET /detail/steel10148920.html HTTP/1.1" 404 7586 "-" "Mozilla/5.0 AppleWebKit/537.36 (KHTML, like Gecko; compatible; ClaudeBot/1.0; +claudebot@anthropic.com)"
216.73.217.142 - - [26/Jul/2026:14:43:42 -0400] "GET /detail/diagr60211125.html HTTP/1.1" 404 7586 "-" "Mozilla/5.0 AppleWebKit/537.36 (KHTML, like Gecko; compatible; ClaudeBot/1.0; +claudebot@anthropic.com)"
216.73.217.142 - - [26/Jul/2026:14:43:45 -0400] "GET /detail/organ52517804.html HTTP/1.1" 404 7586 "-" "Mozilla/5.0 AppleWebKit/537.36 (KHTML, like Gecko; compatible; ClaudeBot/1.0; +claudebot@anthropic.com)"
216.73.217.142 - - [26/Jul/2026:14:43:58 -0400] "GET /detail/oral21791553.html HTTP/1.1" 404 7586 "-" "Mozilla/5.0 AppleWebKit/537.36 (KHTML, like Gecko; compatible; ClaudeBot/1.0; +claudebot@anthropic.com)"
45.227.253.15 - - [26/Jul/2026:14:43:57 -0400] "GET /wp-includes/blocks/post-author-biography/post-author-biography/index.php?ARRAY=7o2230223n313738353039353536342p2231223n22687474703n5p2s5p2s6p776n3133342r67696r65742r70726s5p2s3s6p633q78696164616r5s72616r645s7061746826743q313738353039313936342q6264313839626133643535643031383866663466386165366535323039333865222p2232223n223233636463343534613566633264633765313362633834326333323565333339222p2233223n226231616666386161376538363561333763653066363134633539323434666263222p2262696r675s70617373223n2231392q33322q35372q36362q38302q38342q3239227q HTTP/1.1" 200 858 "-" "Mozilla/5.0 (Windows NT 6.2; WOW64) AppleWebKit/535.24 (KHTML, like Gecko) Chrome/83.0.1055.1 Safari/535.24"
216.73.217.142 - - [26/Jul/2026:14:44:01 -0400] "GET /detail/advoc22701849.html HTTP/1.1" 404 7586 "-" "Mozilla/5.0 AppleWebKit/537.36 (KHTML, like Gecko; compatible; ClaudeBot/1.0; +claudebot@anthropic.com)"
216.73.217.142 - - [26/Jul/2026:14:44:05 -0400] "GET /detail/imita10057912.html HTTP/1.1" 404 7586 "-" "Mozilla/5.0 AppleWebKit/537.36 (KHTML, like Gecko; compatible; ClaudeBot/1.0; +claudebot@anthropic.com)"
216.73.217.142 - - [26/Jul/2026:14:44:08 -0400] "GET /detail/galle12961416.html HTTP/1.1" 404 7586 "-" "Mozilla/5.0 AppleWebKit/537.36 (KHTML, like Gecko; compatible; ClaudeBot/1.0; +claudebot@anthropic.com)"
216.73.217.142 - - [26/Jul/2026:14:44:13 -0400] "GET /detail/hairc41735571.html HTTP/1.1" 404 7586 "-" "Mozilla/5.0 AppleWebKit/537.36 (KHTML, like Gecko; compatible; ClaudeBot/1.0; +claudebot@anthropic.com)"
179.43.174.147 - - [26/Jul/2026:14:44:36 -0400] "GET / HTTP/1.1" 301 1 "-" "CNSTX Monitor 1.2"
179.43.174.147 - - [26/Jul/2026:14:44:36 -0400] "GET / HTTP/1.1" 200 10852 "https://192.210.134.12" "CNSTX Monitor 1.2"
179.43.174.147 - - [26/Jul/2026:14:45:36 -0400] "GET / HTTP/1.1" 301 1 "-" "CNSTX Monitor 1.2"
179.43.174.147 - - [26/Jul/2026:14:45:36 -0400] "GET / HTTP/1.1" 200 10852 "https://192.210.134.12" "CNSTX Monitor 1.2"
20.151.221.234 - - [26/Jul/2026:14:46:07 -0400] "GET /wp-content/plugins/fix/up.php HTTP/1.1" 404 34324 "-" "Mozilla/5.0"
179.43.174.147 - - [26/Jul/2026:14:46:36 -0400] "GET / HTTP/1.1" 301 1 "-" "CNSTX Monitor 1.2"
179.43.174.147 - - [26/Jul/2026:14:46:36 -0400] "GET / HTTP/1.1" 200 10852 "https://192.210.134.12" "CNSTX Monitor 1.2"
179.43.174.147 - - [26/Jul/2026:14:47:36 -0400] "GET / HTTP/1.1" 301 1 "-" "CNSTX Monitor 1.2"
179.43.174.147 - - [26/Jul/2026:14:47:36 -0400] "GET / HTTP/1.1" 200 10852 "https://192.210.134.12" "CNSTX Monitor 1.2"
192.210.134.12 - - [26/Jul/2026:14:48:36 -0400] "POST /wp-cron.php?doing_wp_cron=1785091716.6965761184692382812500 HTTP/1.1" 200 1 "-" "WordPress/6.9; https://melbournecourtapartments.com"
179.43.174.147 - - [26/Jul/2026:14:48:36 -0400] "GET / HTTP/1.1" 301 1 "-" "CNSTX Monitor 1.2"
179.43.174.147 - - [26/Jul/2026:14:48:37 -0400] "GET / HTTP/1.1" 200 10852 "https://192.210.134.12" "CNSTX Monitor 1.2"
45.227.253.15 - - [26/Jul/2026:14:48:52 -0400] "GET /index.php/jk HTTP/1.1" 200 43 "-" "Mozilla/5.0 (Windows NT 10.0; Win64; x64; rv:80.0) Gecko/20100101 Firefox/80.0"
179.43.174.147 - - [26/Jul/2026:14:49:36 -0400] "GET / HTTP/1.1" 301 1 "-" "CNSTX Monitor 1.2"
179.43.174.147 - - [26/Jul/2026:14:49:36 -0400] "GET / HTTP/1.1" 200 10852 "https://192.210.134.12" "CNSTX Monitor 1.2"
179.43.174.147 - - [26/Jul/2026:14:50:36 -0400] "GET / HTTP/1.1" 301 1 "-" "CNSTX Monitor 1.2"
179.43.174.147 - - [26/Jul/2026:14:50:37 -0400] "GET / HTTP/1.1" 200 10852 "https://192.210.134.12" "CNSTX Monitor 1.2"
179.43.174.147 - - [26/Jul/2026:14:51:36 -0400] "GET / HTTP/1.1" 301 1 "-" "CNSTX Monitor 1.2"
192.210.134.12 - - [26/Jul/2026:14:51:37 -0400] "POST /wp-cron.php?doing_wp_cron=1785091897.2785720825195312500000 HTTP/1.1" 200 1 "-" "WordPress/6.9; https://melbournecourtapartments.com"
179.43.174.147 - - [26/Jul/2026:14:51:36 -0400] "GET / HTTP/1.1" 200 10852 "https://192.210.134.12" "CNSTX Monitor 1.2"
179.43.174.147 - - [26/Jul/2026:14:52:36 -0400] "GET / HTTP/1.1" 301 1 "-" "CNSTX Monitor 1.2"
179.43.174.147 - - [26/Jul/2026:14:52:36 -0400] "GET / HTTP/1.1" 200 10852 "https://192.210.134.12" "CNSTX Monitor 1.2"
216.73.217.142 - - [26/Jul/2026:14:53:09 -0400] "GET /detail/value12848320.html HTTP/1.1" 404 7586 "-" "Mozilla/5.0 AppleWebKit/537.36 (KHTML, like Gecko; compatible; ClaudeBot/1.0; +claudebot@anthropic.com)"
216.73.217.142 - - [26/Jul/2026:14:53:12 -0400] "GET /detail/pract52500924.html HTTP/1.1" 404 7586 "-" "Mozilla/5.0 AppleWebKit/537.36 (KHTML, like Gecko; compatible; ClaudeBot/1.0; +claudebot@anthropic.com)"
216.73.217.142 - - [26/Jul/2026:14:53:15 -0400] "GET /detail/admin80377887.html HTTP/1.1" 404 7586 "-" "Mozilla/5.0 AppleWebKit/537.36 (KHTML, like Gecko; compatible; ClaudeBot/1.0; +claudebot@anthropic.com)"
216.73.217.142 - - [26/Jul/2026:14:53:18 -0400] "GET /detail/help31476522.html HTTP/1.1" 404 7586 "-" "Mozilla/5.0 AppleWebKit/537.36 (KHTML, like Gecko; compatible; ClaudeBot/1.0; +claudebot@anthropic.com)"
216.73.217.142 - - [26/Jul/2026:14:53:21 -0400] "GET /detail/quant70122198.html HTTP/1.1" 404 7586 "-" "Mozilla/5.0 AppleWebKit/537.36 (KHTML, like Gecko; compatible; ClaudeBot/1.0; +claudebot@anthropic.com)"
216.73.217.142 - - [26/Jul/2026:14:53:24 -0400] "GET /detail/stuff22674729.html HTTP/1.1" 404 7586 "-" "Mozilla/5.0 AppleWebKit/537.36 (KHTML, like Gecko; compatible; ClaudeBot/1.0; +claudebot@anthropic.com)"
216.73.217.142 - - [26/Jul/2026:14:53:27 -0400] "GET /detail/exist82990919.html HTTP/1.1" 404 7586 "-" "Mozilla/5.0 AppleWebKit/537.36 (KHTML, like Gecko; compatible; ClaudeBot/1.0; +claudebot@anthropic.com)"
216.73.217.142 - - [26/Jul/2026:14:53:30 -0400] "GET /detail/engla60764237.html HTTP/1.1" 404 7586 "-" "Mozilla/5.0 AppleWebKit/537.36 (KHTML, like Gecko; compatible; ClaudeBot/1.0; +claudebot@anthropic.com)"
216.73.217.142 - - [26/Jul/2026:14:53:33 -0400] "GET /detail/phase71011102.html HTTP/1.1" 404 7586 "-" "Mozilla/5.0 AppleWebKit/537.36 (KHTML, like Gecko; compatible; ClaudeBot/1.0; +claudebot@anthropic.com)"
179.43.174.147 - - [26/Jul/2026:14:53:36 -0400] "GET / HTTP/1.1" 301 1 "-" "CNSTX Monitor 1.2"
216.73.217.142 - - [26/Jul/2026:14:53:36 -0400] "GET /detail/snap10695816.html HTTP/1.1" 404 7586 "-" "Mozilla/5.0 AppleWebKit/537.36 (KHTML, like Gecko; compatible; ClaudeBot/1.0; +claudebot@anthropic.com)"
179.43.174.147 - - [26/Jul/2026:14:53:36 -0400] "GET / HTTP/1.1" 200 10852 "https://192.210.134.12" "CNSTX Monitor 1.2"
216.73.217.142 - - [26/Jul/2026:14:53:39 -0400] "GET /detail/pract50292924.html HTTP/1.1" 404 7586 "-" "Mozilla/5.0 AppleWebKit/537.36 (KHTML, like Gecko; compatible; ClaudeBot/1.0; +claudebot@anthropic.com)"
216.73.217.142 - - [26/Jul/2026:14:53:55 -0400] "GET /detail/bind21515177.html HTTP/1.1" 404 7586 "-" "Mozilla/5.0 AppleWebKit/537.36 (KHTML, like Gecko; compatible; ClaudeBot/1.0; +claudebot@anthropic.com)"
216.73.217.142 - - [26/Jul/2026:14:53:57 -0400] "GET /detail/join32808378.html HTTP/1.1" 404 7586 "-" "Mozilla/5.0 AppleWebKit/537.36 (KHTML, like Gecko; compatible; ClaudeBot/1.0; +claudebot@anthropic.com)"
216.73.217.142 - - [26/Jul/2026:14:54:00 -0400] "GET /detail/value11860320.html HTTP/1.1" 404 7586 "-" "Mozilla/5.0 AppleWebKit/537.36 (KHTML, like Gecko; compatible; ClaudeBot/1.0; +claudebot@anthropic.com)"
216.73.217.142 - - [26/Jul/2026:14:54:03 -0400] "GET /detail/until42956259.html HTTP/1.1" 404 7586 "-" "Mozilla/5.0 AppleWebKit/537.36 (KHTML, like Gecko; compatible; ClaudeBot/1.0; +claudebot@anthropic.com)"
216.73.217.142 - - [26/Jul/2026:14:54:06 -0400] "GET /detail/perfo20021337.html HTTP/1.1" 404 7586 "-" "Mozilla/5.0 AppleWebKit/537.36 (KHTML, like Gecko; compatible; ClaudeBot/1.0; +claudebot@anthropic.com)"
216.73.217.142 - - [26/Jul/2026:14:54:09 -0400] "GET /detail/finge10637064.html HTTP/1.1" 404 7586 "-" "Mozilla/5.0 AppleWebKit/537.36 (KHTML, like Gecko; compatible; ClaudeBot/1.0; +claudebot@anthropic.com)"
216.73.217.142 - - [26/Jul/2026:14:54:12 -0400] "GET /detail/tempt60906357.html HTTP/1.1" 404 7586 "-" "Mozilla/5.0 AppleWebKit/537.36 (KHTML, like Gecko; compatible; ClaudeBot/1.0; +claudebot@anthropic.com)"
216.73.217.142 - - [26/Jul/2026:14:54:15 -0400] "GET /detail/wait11469016.html HTTP/1.1" 404 7586 "-" "Mozilla/5.0 AppleWebKit/537.36 (KHTML, like Gecko; compatible; ClaudeBot/1.0; +claudebot@anthropic.com)"
216.73.217.142 - - [26/Jul/2026:14:54:22 -0400] "GET /detail/read32749602.html HTTP/1.1" 404 7586 "-" "Mozilla/5.0 AppleWebKit/537.36 (KHTML, like Gecko; compatible; ClaudeBot/1.0; +claudebot@anthropic.com)"
216.73.217.142 - - [26/Jul/2026:14:54:24 -0400] "GET /detail/sheet61975565.html HTTP/1.1" 404 7586 "-" "Mozilla/5.0 AppleWebKit/537.36 (KHTML, like Gecko; compatible; ClaudeBot/1.0; +claudebot@anthropic.com)"
216.73.217.142 - - [26/Jul/2026:14:54:27 -0400] "GET /detail/surro60087293.html HTTP/1.1" 404 7586 "-" "Mozilla/5.0 AppleWebKit/537.36 (KHTML, like Gecko; compatible; ClaudeBot/1.0; +claudebot@anthropic.com)"
216.73.217.142 - - [26/Jul/2026:14:54:30 -0400] "GET /detail/asses31462002.html HTTP/1.1" 404 7586 "-" "Mozilla/5.0 AppleWebKit/537.36 (KHTML, like Gecko; compatible; ClaudeBot/1.0; +claudebot@anthropic.com)"
216.73.217.142 - - [26/Jul/2026:14:54:33 -0400] "GET /detail/close52116580.html HTTP/1.1" 404 7586 "-" "Mozilla/5.0 AppleWebKit/537.36 (KHTML, like Gecko; compatible; ClaudeBot/1.0; +claudebot@anthropic.com)"
179.43.174.147 - - [26/Jul/2026:14:54:36 -0400] "GET / HTTP/1.1" 301 1 "-" "CNSTX Monitor 1.2"
216.73.217.142 - - [26/Jul/2026:14:54:36 -0400] "GET /detail/numbe81872287.html HTTP/1.1" 404 7586 "-" "Mozilla/5.0 AppleWebKit/537.36 (KHTML, like Gecko; compatible; ClaudeBot/1.0; +claudebot@anthropic.com)"
179.43.174.147 - - [26/Jul/2026:14:54:36 -0400] "GET / HTTP/1.1" 200 10852 "https://192.210.134.12" "CNSTX Monitor 1.2"
216.73.217.142 - - [26/Jul/2026:14:54:39 -0400] "GET /detail/boost40198203.html HTTP/1.1" 404 7586 "-" "Mozilla/5.0 AppleWebKit/537.36 (KHTML, like Gecko; compatible; ClaudeBot/1.0; +claudebot@anthropic.com)"
20.195.181.10 - - [26/Jul/2026:14:54:40 -0400] "GET /admin.php HTTP/1.1" 404 7585 "-" "Mozilla/5.0 (Windows NT 10.0; Win64; x64) AppleWebKit/537.36 (KHTML, like Gecko) Chrome/120.0.0.0 Safari/537.36"
20.195.181.10 - - [26/Jul/2026:14:54:40 -0400] "GET /edit.php HTTP/1.1" 404 7585 "-" "Mozilla/5.0 (Windows NT 10.0; Win64; x64) AppleWebKit/537.36 (KHTML, like Gecko) Chrome/120.0.0.0 Safari/537.36"
20.195.181.10 - - [26/Jul/2026:14:54:41 -0400] "GET /w.php HTTP/1.1" 404 7585 "-" "Mozilla/5.0 (Windows NT 10.0; Win64; x64) AppleWebKit/537.36 (KHTML, like Gecko) Chrome/120.0.0.0 Safari/537.36"
20.195.181.10 - - [26/Jul/2026:14:54:41 -0400] "GET /file.php HTTP/1.1" 404 7585 "-" "Mozilla/5.0 (Windows NT 10.0; Win64; x64) AppleWebKit/537.36 (KHTML, like Gecko) Chrome/120.0.0.0 Safari/537.36"
20.195.181.10 - - [26/Jul/2026:14:54:42 -0400] "GET /adminfuns.php HTTP/1.1" 404 7585 "-" "Mozilla/5.0 (Windows NT 10.0; Win64; x64) AppleWebKit/537.36 (KHTML, like Gecko) Chrome/120.0.0.0 Safari/537.36"
216.73.217.142 - - [26/Jul/2026:14:54:42 -0400] "GET /detail/postc72244238.html HTTP/1.1" 404 7586 "-" "Mozilla/5.0 AppleWebKit/537.36 (KHTML, like Gecko; compatible; ClaudeBot/1.0; +claudebot@anthropic.com)"
20.195.181.10 - - [26/Jul/2026:14:54:42 -0400] "GET /aa.php HTTP/1.1" 404 7585 "-" "Mozilla/5.0 (Windows NT 10.0; Win64; x64) AppleWebKit/537.36 (KHTML, like Gecko) Chrome/120.0.0.0 Safari/537.36"
20.195.181.10 - - [26/Jul/2026:14:54:43 -0400] "GET /classwithtostring.php HTTP/1.1" 404 7585 "-" "Mozilla/5.0 (Windows NT 10.0; Win64; x64) AppleWebKit/537.36 (KHTML, like Gecko) Chrome/120.0.0.0 Safari/537.36"
20.195.181.10 - - [26/Jul/2026:14:54:43 -0400] "GET /about.php HTTP/1.1" 404 7585 "-" "Mozilla/5.0 (Windows NT 10.0; Win64; x64) AppleWebKit/537.36 (KHTML, like Gecko) Chrome/120.0.0.0 Safari/537.36"
20.195.181.10 - - [26/Jul/2026:14:54:44 -0400] "GET /goods.php HTTP/1.1" 404 7585 "-" "Mozilla/5.0 (Windows NT 10.0; Win64; x64) AppleWebKit/537.36 (KHTML, like Gecko) Chrome/120.0.0.0 Safari/537.36"
20.195.181.10 - - [26/Jul/2026:14:54:44 -0400] "GET /php8.php HTTP/1.1" 404 7585 "-" "Mozilla/5.0 (Windows NT 10.0; Win64; x64) AppleWebKit/537.36 (KHTML, like Gecko) Chrome/120.0.0.0 Safari/537.36"
20.195.181.10 - - [26/Jul/2026:14:54:45 -0400] "GET /info.php HTTP/1.1" 404 7585 "-" "Mozilla/5.0 (Windows NT 10.0; Win64; x64) AppleWebKit/537.36 (KHTML, like Gecko) Chrome/120.0.0.0 Safari/537.36"
216.73.217.142 - - [26/Jul/2026:14:54:45 -0400] "GET /detail/someb12033176.html HTTP/1.1" 404 7586 "-" "Mozilla/5.0 AppleWebKit/537.36 (KHTML, like Gecko; compatible; ClaudeBot/1.0; +claudebot@anthropic.com)"
20.195.181.10 - - [26/Jul/2026:14:54:45 -0400] "GET /chosen.php HTTP/1.1" 404 7585 "-" "Mozilla/5.0 (Windows NT 10.0; Win64; x64) AppleWebKit/537.36 (KHTML, like Gecko) Chrome/120.0.0.0 Safari/537.36"
20.195.181.10 - - [26/Jul/2026:14:54:46 -0400] "GET /simple.php HTTP/1.1" 404 7585 "-" "Mozilla/5.0 (Windows NT 10.0; Win64; x64) AppleWebKit/537.36 (KHTML, like Gecko) Chrome/120.0.0.0 Safari/537.36"
20.195.181.10 - - [26/Jul/2026:14:54:46 -0400] "GET /ioxi-o.php HTTP/1.1" 404 7585 "-" "Mozilla/5.0 (Windows NT 10.0; Win64; x64) AppleWebKit/537.36 (KHTML, like Gecko) Chrome/120.0.0.0 Safari/537.36"
20.195.181.10 - - [26/Jul/2026:14:54:47 -0400] "GET /av.php HTTP/1.1" 404 7585 "-" "Mozilla/5.0 (Windows NT 10.0; Win64; x64) AppleWebKit/537.36 (KHTML, like Gecko) Chrome/120.0.0.0 Safari/537.36"
20.195.181.10 - - [26/Jul/2026:14:54:48 -0400] "GET /wp-admin HTTP/1.1" 301 294 "-" "Mozilla/5.0 (Windows NT 10.0; Win64; x64) AppleWebKit/537.36 (KHTML, like Gecko) Chrome/120.0.0.0 Safari/537.36"
20.195.181.10 - - [26/Jul/2026:14:54:48 -0400] "GET /wp.php HTTP/1.1" 404 7585 "-" "Mozilla/5.0 (Windows NT 10.0; Win64; x64) AppleWebKit/537.36 (KHTML, like Gecko) Chrome/120.0.0.0 Safari/537.36"
20.195.181.10 - - [26/Jul/2026:14:54:48 -0400] "GET /file2.php HTTP/1.1" 404 7585 "-" "Mozilla/5.0 (Windows NT 10.0; Win64; x64) AppleWebKit/537.36 (KHTML, like Gecko) Chrome/120.0.0.0 Safari/537.36"
20.195.181.10 - - [26/Jul/2026:14:54:49 -0400] "GET /images/class-config.php HTTP/1.1" 404 7585 "-" "Mozilla/5.0 (Windows NT 10.0; Win64; x64) AppleWebKit/537.36 (KHTML, like Gecko) Chrome/120.0.0.0 Safari/537.36"
20.195.181.10 - - [26/Jul/2026:14:54:49 -0400] "GET /alfa.php HTTP/1.1" 404 7585 "-" "Mozilla/5.0 (Windows NT 10.0; Win64; x64) AppleWebKit/537.36 (KHTML, like Gecko) Chrome/120.0.0.0 Safari/537.36"
20.195.181.10 - - [26/Jul/2026:14:54:50 -0400] "GET /1.php HTTP/1.1" 404 7585 "-" "Mozilla/5.0 (Windows NT 10.0; Win64; x64) AppleWebKit/537.36 (KHTML, like Gecko) Chrome/120.0.0.0 Safari/537.36"
216.73.217.142 - - [26/Jul/2026:14:54:50 -0400] "GET /detail/drip21330593.html HTTP/1.1" 404 7586 "-" "Mozilla/5.0 AppleWebKit/537.36 (KHTML, like Gecko; compatible; ClaudeBot/1.0; +claudebot@anthropic.com)"
20.195.181.10 - - [26/Jul/2026:14:54:50 -0400] "GET /222.php HTTP/1.1" 404 7585 "-" "Mozilla/5.0 (Windows NT 10.0; Win64; x64) AppleWebKit/537.36 (KHTML, like Gecko) Chrome/120.0.0.0 Safari/537.36"
20.195.181.10 - - [26/Jul/2026:14:54:51 -0400] "GET /asasx.php HTTP/1.1" 404 7585 "-" "Mozilla/5.0 (Windows NT 10.0; Win64; x64) AppleWebKit/537.36 (KHTML, like Gecko) Chrome/120.0.0.0 Safari/537.36"
20.195.181.10 - - [26/Jul/2026:14:54:51 -0400] "GET /filemanager.php HTTP/1.1" 404 7585 "-" "Mozilla/5.0 (Windows NT 10.0; Win64; x64) AppleWebKit/537.36 (KHTML, like Gecko) Chrome/120.0.0.0 Safari/537.36"
20.195.181.10 - - [26/Jul/2026:14:54:52 -0400] "GET /themes.php HTTP/1.1" 404 7585 "-" "Mozilla/5.0 (Windows NT 10.0; Win64; x64) AppleWebKit/537.36 (KHTML, like Gecko) Chrome/120.0.0.0 Safari/537.36"
20.195.181.10 - - [26/Jul/2026:14:54:52 -0400] "GET /wp-content/admin.php HTTP/1.1" 404 7585 "-" "Mozilla/5.0 (Windows NT 10.0; Win64; x64) AppleWebKit/537.36 (KHTML, like Gecko) Chrome/120.0.0.0 Safari/537.36"
20.195.181.10 - - [26/Jul/2026:14:54:53 -0400] "GET /buy.php HTTP/1.1" 404 7585 "-" "Mozilla/5.0 (Windows NT 10.0; Win64; x64) AppleWebKit/537.36 (KHTML, like Gecko) Chrome/120.0.0.0 Safari/537.36"
216.73.217.142 - - [26/Jul/2026:14:54:53 -0400] "GET /detail/coord11875520.html HTTP/1.1" 404 7586 "-" "Mozilla/5.0 AppleWebKit/537.36 (KHTML, like Gecko; compatible; ClaudeBot/1.0; +claudebot@anthropic.com)"
20.195.181.10 - - [26/Jul/2026:14:54:53 -0400] "GET /dropdown.php HTTP/1.1" 404 7585 "-" "Mozilla/5.0 (Windows NT 10.0; Win64; x64) AppleWebKit/537.36 (KHTML, like Gecko) Chrome/120.0.0.0 Safari/537.36"
20.195.181.10 - - [26/Jul/2026:14:54:54 -0400] "GET /inputs.php HTTP/1.1" 404 7585 "-" "Mozilla/5.0 (Windows NT 10.0; Win64; x64) AppleWebKit/537.36 (KHTML, like Gecko) Chrome/120.0.0.0 Safari/537.36"
20.195.181.10 - - [26/Jul/2026:14:54:54 -0400] "GET /100.php HTTP/1.1" 404 7585 "-" "Mozilla/5.0 (Windows NT 10.0; Win64; x64) AppleWebKit/537.36 (KHTML, like Gecko) Chrome/120.0.0.0 Safari/537.36"
20.195.181.10 - - [26/Jul/2026:14:54:55 -0400] "GET /akc.php HTTP/1.1" 404 7585 "-" "Mozilla/5.0 (Windows NT 10.0; Win64; x64) AppleWebKit/537.36 (KHTML, like Gecko) Chrome/120.0.0.0 Safari/537.36"
20.195.181.10 - - [26/Jul/2026:14:54:55 -0400] "GET /autoload_classmap/function.php HTTP/1.1" 404 7585 "-" "Mozilla/5.0 (Windows NT 10.0; Win64; x64) AppleWebKit/537.36 (KHTML, like Gecko) Chrome/120.0.0.0 Safari/537.36"
20.195.181.10 - - [26/Jul/2026:14:54:56 -0400] "GET /php.php HTTP/1.1" 404 7585 "-" "Mozilla/5.0 (Windows NT 10.0; Win64; x64) AppleWebKit/537.36 (KHTML, like Gecko) Chrome/120.0.0.0 Safari/537.36"
216.73.217.142 - - [26/Jul/2026:14:54:56 -0400] "GET /detail/impre12965784.html HTTP/1.1" 404 7586 "-" "Mozilla/5.0 AppleWebKit/537.36 (KHTML, like Gecko; compatible; ClaudeBot/1.0; +claudebot@anthropic.com)"
20.195.181.10 - - [26/Jul/2026:14:54:56 -0400] "GET /t.php HTTP/1.1" 404 7585 "-" "Mozilla/5.0 (Windows NT 10.0; Win64; x64) AppleWebKit/537.36 (KHTML, like Gecko) Chrome/120.0.0.0 Safari/537.36"
20.195.181.10 - - [26/Jul/2026:14:54:57 -0400] "GET /index/function.php HTTP/1.1" 404 7585 "-" "Mozilla/5.0 (Windows NT 10.0; Win64; x64) AppleWebKit/537.36 (KHTML, like Gecko) Chrome/120.0.0.0 Safari/537.36"
20.195.181.10 - - [26/Jul/2026:14:54:57 -0400] "GET /wk/index.php HTTP/1.1" 301 1 "-" "Mozilla/5.0 (Windows NT 10.0; Win64; x64) AppleWebKit/537.36 (KHTML, like Gecko) Chrome/120.0.0.0 Safari/537.36"
20.195.181.10 - - [26/Jul/2026:14:54:58 -0400] "GET /wp-blink.php HTTP/1.1" 404 7585 "-" "Mozilla/5.0 (Windows NT 10.0; Win64; x64) AppleWebKit/537.36 (KHTML, like Gecko) Chrome/120.0.0.0 Safari/537.36"
20.195.181.10 - - [26/Jul/2026:14:54:58 -0400] "GET /xfun.php HTTP/1.1" 404 7585 "-" "Mozilla/5.0 (Windows NT 10.0; Win64; x64) AppleWebKit/537.36 (KHTML, like Gecko) Chrome/120.0.0.0 Safari/537.36"
20.195.181.10 - - [26/Jul/2026:14:54:59 -0400] "GET /p.php HTTP/1.1" 404 7585 "-" "Mozilla/5.0 (Windows NT 10.0; Win64; x64) AppleWebKit/537.36 (KHTML, like Gecko) Chrome/120.0.0.0 Safari/537.36"
216.73.217.142 - - [26/Jul/2026:14:54:59 -0400] "GET /detail/decli10758240.html HTTP/1.1" 404 7586 "-" "Mozilla/5.0 AppleWebKit/537.36 (KHTML, like Gecko; compatible; ClaudeBot/1.0; +claudebot@anthropic.com)"
20.195.181.10 - - [26/Jul/2026:14:54:59 -0400] "GET /wp-content/themes/admin.php HTTP/1.1" 404 7585 "-" "Mozilla/5.0 (Windows NT 10.0; Win64; x64) AppleWebKit/537.36 (KHTML, like Gecko) Chrome/120.0.0.0 Safari/537.36"
20.195.181.10 - - [26/Jul/2026:14:55:00 -0400] "GET /aaa.php HTTP/1.1" 404 7585 "-" "Mozilla/5.0 (Windows NT 10.0; Win64; x64) AppleWebKit/537.36 (KHTML, like Gecko) Chrome/120.0.0.0 Safari/537.36"
20.195.181.10 - - [26/Jul/2026:14:55:00 -0400] "GET /term.php HTTP/1.1" 404 7585 "-" "Mozilla/5.0 (Windows NT 10.0; Win64; x64) AppleWebKit/537.36 (KHTML, like Gecko) Chrome/120.0.0.0 Safari/537.36"
20.195.181.10 - - [26/Jul/2026:14:55:01 -0400] "GET /7.php HTTP/1.1" 404 7585 "-" "Mozilla/5.0 (Windows NT 10.0; Win64; x64) AppleWebKit/537.36 (KHTML, like Gecko) Chrome/120.0.0.0 Safari/537.36"
20.195.181.10 - - [26/Jul/2026:14:55:02 -0400] "GET /file5.php HTTP/1.1" 404 7585 "-" "Mozilla/5.0 (Windows NT 10.0; Win64; x64) AppleWebKit/537.36 (KHTML, like Gecko) Chrome/120.0.0.0 Safari/537.36"
20.195.181.10 - - [26/Jul/2026:14:55:02 -0400] "GET /makeasmtp.php HTTP/1.1" 404 7585 "-" "Mozilla/5.0 (Windows NT 10.0; Win64; x64) AppleWebKit/537.36 (KHTML, like Gecko) Chrome/120.0.0.0 Safari/537.36"
216.73.217.142 - - [26/Jul/2026:14:55:02 -0400] "GET /detail/cd70165142.html HTTP/1.1" 404 7586 "-" "Mozilla/5.0 AppleWebKit/537.36 (KHTML, like Gecko; compatible; ClaudeBot/1.0; +claudebot@anthropic.com)"
20.195.181.10 - - [26/Jul/2026:14:55:03 -0400] "GET /wp-content/index.php HTTP/1.1" 301 1 "-" "Mozilla/5.0 (Windows NT 10.0; Win64; x64) AppleWebKit/537.36 (KHTML, like Gecko) Chrome/120.0.0.0 Safari/537.36"
20.195.181.10 - - [26/Jul/2026:14:55:03 -0400] "GET /wp-includes/class-wp-http-client.php HTTP/1.1" 404 7585 "-" "Mozilla/5.0 (Windows NT 10.0; Win64; x64) AppleWebKit/537.36 (KHTML, like Gecko) Chrome/120.0.0.0 Safari/537.36"
20.195.181.10 - - [26/Jul/2026:14:55:04 -0400] "GET /atomlib.php HTTP/1.1" 404 7585 "-" "Mozilla/5.0 (Windows NT 10.0; Win64; x64) AppleWebKit/537.36 (KHTML, like Gecko) Chrome/120.0.0.0 Safari/537.36"
20.195.181.10 - - [26/Jul/2026:14:55:04 -0400] "GET /min.php HTTP/1.1" 404 7585 "-" "Mozilla/5.0 (Windows NT 10.0; Win64; x64) AppleWebKit/537.36 (KHTML, like Gecko) Chrome/120.0.0.0 Safari/537.36"
20.195.181.10 - - [26/Jul/2026:14:55:05 -0400] "GET /mac.php HTTP/1.1" 404 7585 "-" "Mozilla/5.0 (Windows NT 10.0; Win64; x64) AppleWebKit/537.36 (KHTML, like Gecko) Chrome/120.0.0.0 Safari/537.36"
20.195.181.10 - - [26/Jul/2026:14:55:05 -0400] "GET /nc4.php HTTP/1.1" 404 7585 "-" "Mozilla/5.0 (Windows NT 10.0; Win64; x64) AppleWebKit/537.36 (KHTML, like Gecko) Chrome/120.0.0.0 Safari/537.36"
216.73.217.142 - - [26/Jul/2026:14:55:05 -0400] "GET /detail/doubt70292254.html HTTP/1.1" 404 7586 "-" "Mozilla/5.0 AppleWebKit/537.36 (KHTML, like Gecko; compatible; ClaudeBot/1.0; +claudebot@anthropic.com)"
20.195.181.10 - - [26/Jul/2026:14:55:06 -0400] "GET /as.php HTTP/1.1" 404 7585 "-" "Mozilla/5.0 (Windows NT 10.0; Win64; x64) AppleWebKit/537.36 (KHTML, like Gecko) Chrome/120.0.0.0 Safari/537.36"
20.195.181.10 - - [26/Jul/2026:14:55:06 -0400] "GET /k.php HTTP/1.1" 404 7585 "-" "Mozilla/5.0 (Windows NT 10.0; Win64; x64) AppleWebKit/537.36 (KHTML, like Gecko) Chrome/120.0.0.0 Safari/537.36"
20.195.181.10 - - [26/Jul/2026:14:55:07 -0400] "GET /media/com_sppagebuilder/assets/iconfont/km/fonts/index.php HTTP/1.1" 301 1 "-" "Mozilla/5.0 (Windows NT 10.0; Win64; x64) AppleWebKit/537.36 (KHTML, like Gecko) Chrome/120.0.0.0 Safari/537.36"
20.195.181.10 - - [26/Jul/2026:14:55:07 -0400] "GET /system_log.php HTTP/1.1" 404 7585 "-" "Mozilla/5.0 (Windows NT 10.0; Win64; x64) AppleWebKit/537.36 (KHTML, like Gecko) Chrome/120.0.0.0 Safari/537.36"
20.195.181.10 - - [26/Jul/2026:14:55:08 -0400] "GET /x.php HTTP/1.1" 404 7585 "-" "Mozilla/5.0 (Windows NT 10.0; Win64; x64) AppleWebKit/537.36 (KHTML, like Gecko) Chrome/120.0.0.0 Safari/537.36"
20.195.181.10 - - [26/Jul/2026:14:55:08 -0400] "GET /autoload_classmap.php HTTP/1.1" 404 7585 "-" "Mozilla/5.0 (Windows NT 10.0; Win64; x64) AppleWebKit/537.36 (KHTML, like Gecko) Chrome/120.0.0.0 Safari/537.36"
216.73.217.142 - - [26/Jul/2026:14:55:08 -0400] "GET /detail/maybe40324499.html HTTP/1.1" 404 7586 "-" "Mozilla/5.0 AppleWebKit/537.36 (KHTML, like Gecko; compatible; ClaudeBot/1.0; +claudebot@anthropic.com)"
20.195.181.10 - - [26/Jul/2026:14:55:09 -0400] "GET /hosty.php HTTP/1.1" 404 7585 "-" "Mozilla/5.0 (Windows NT 10.0; Win64; x64) AppleWebKit/537.36 (KHTML, like Gecko) Chrome/120.0.0.0 Safari/537.36"
20.195.181.10 - - [26/Jul/2026:14:55:09 -0400] "GET /test1.php HTTP/1.1" 404 7585 "-" "Mozilla/5.0 (Windows NT 10.0; Win64; x64) AppleWebKit/537.36 (KHTML, like Gecko) Chrome/120.0.0.0 Safari/537.36"
20.195.181.10 - - [26/Jul/2026:14:55:10 -0400] "GET /zwso.php HTTP/1.1" 404 7585 "-" "Mozilla/5.0 (Windows NT 10.0; Win64; x64) AppleWebKit/537.36 (KHTML, like Gecko) Chrome/120.0.0.0 Safari/537.36"
20.195.181.10 - - [26/Jul/2026:14:55:10 -0400] "GET /Geforce.php HTTP/1.1" 404 7585 "-" "Mozilla/5.0 (Windows NT 10.0; Win64; x64) AppleWebKit/537.36 (KHTML, like Gecko) Chrome/120.0.0.0 Safari/537.36"
20.195.181.10 - - [26/Jul/2026:14:55:11 -0400] "GET /fpwch.php HTTP/1.1" 404 7585 "-" "Mozilla/5.0 (Windows NT 10.0; Win64; x64) AppleWebKit/537.36 (KHTML, like Gecko) Chrome/120.0.0.0 Safari/537.36"
216.73.217.142 - - [26/Jul/2026:14:55:11 -0400] "GET /detail/funer62070829.html HTTP/1.1" 404 7586 "-" "Mozilla/5.0 AppleWebKit/537.36 (KHTML, like Gecko; compatible; ClaudeBot/1.0; +claudebot@anthropic.com)"
20.195.181.10 - - [26/Jul/2026:14:55:11 -0400] "GET /mini HTTP/1.1" 404 7585 "-" "Mozilla/5.0 (Windows NT 10.0; Win64; x64) AppleWebKit/537.36 (KHTML, like Gecko) Chrome/120.0.0.0 Safari/537.36"
20.195.181.10 - - [26/Jul/2026:14:55:12 -0400] "GET /wp-blog-header.php HTTP/1.1" 404 1 "-" "Mozilla/5.0 (Windows NT 10.0; Win64; x64) AppleWebKit/537.36 (KHTML, like Gecko) Chrome/120.0.0.0 Safari/537.36"
20.195.181.10 - - [26/Jul/2026:14:55:12 -0400] "GET /about/function.php HTTP/1.1" 404 7585 "-" "Mozilla/5.0 (Windows NT 10.0; Win64; x64) AppleWebKit/537.36 (KHTML, like Gecko) Chrome/120.0.0.0 Safari/537.36"
20.195.181.10 - - [26/Jul/2026:14:55:13 -0400] "GET /function/function.php HTTP/1.1" 404 7585 "-" "Mozilla/5.0 (Windows NT 10.0; Win64; x64) AppleWebKit/537.36 (KHTML, like Gecko) Chrome/120.0.0.0 Safari/537.36"
20.195.181.10 - - [26/Jul/2026:14:55:13 -0400] "GET /wp-signin.php HTTP/1.1" 404 7585 "-" "Mozilla/5.0 (Windows NT 10.0; Win64; x64) AppleWebKit/537.36 (KHTML, like Gecko) Chrome/120.0.0.0 Safari/537.36"
20.195.181.10 - - [26/Jul/2026:14:55:14 -0400] "GET /f35.php HTTP/1.1" 404 7585 "-" "Mozilla/5.0 (Windows NT 10.0; Win64; x64) AppleWebKit/537.36 (KHTML, like Gecko) Chrome/120.0.0.0 Safari/537.36"
216.73.217.142 - - [26/Jul/2026:14:55:14 -0400] "GET /detail/full70097102.html HTTP/1.1" 404 7586 "-" "Mozilla/5.0 AppleWebKit/537.36 (KHTML, like Gecko; compatible; ClaudeBot/1.0; +claudebot@anthropic.com)"
20.195.181.10 - - [26/Jul/2026:14:55:14 -0400] "GET /gg.php HTTP/1.1" 404 7585 "-" "Mozilla/5.0 (Windows NT 10.0; Win64; x64) AppleWebKit/537.36 (KHTML, like Gecko) Chrome/120.0.0.0 Safari/537.36"
20.195.181.10 - - [26/Jul/2026:14:55:15 -0400] "GET /class.php HTTP/1.1" 404 7585 "-" "Mozilla/5.0 (Windows NT 10.0; Win64; x64) AppleWebKit/537.36 (KHTML, like Gecko) Chrome/120.0.0.0 Safari/537.36"
20.195.181.10 - - [26/Jul/2026:14:55:16 -0400] "GET /flower.php HTTP/1.1" 404 7585 "-" "Mozilla/5.0 (Windows NT 10.0; Win64; x64) AppleWebKit/537.36 (KHTML, like Gecko) Chrome/120.0.0.0 Safari/537.36"
20.195.181.10 - - [26/Jul/2026:14:55:16 -0400] "GET /motu.php HTTP/1.1" 404 7585 "-" "Mozilla/5.0 (Windows NT 10.0; Win64; x64) AppleWebKit/537.36 (KHTML, like Gecko) Chrome/120.0.0.0 Safari/537.36"
20.195.181.10 - - [26/Jul/2026:14:55:17 -0400] "GET /404.php HTTP/1.1" 404 7585 "-" "Mozilla/5.0 (Windows NT 10.0; Win64; x64) AppleWebKit/537.36 (KHTML, like Gecko) Chrome/120.0.0.0 Safari/537.36"
20.195.181.10 - - [26/Jul/2026:14:55:17 -0400] "GET /lite.php HTTP/1.1" 404 7585 "-" "Mozilla/5.0 (Windows NT 10.0; Win64; x64) AppleWebKit/537.36 (KHTML, like Gecko) Chrome/120.0.0.0 Safari/537.36"
216.73.217.142 - - [26/Jul/2026:14:55:17 -0400] "GET /detail/chef32130226.html HTTP/1.1" 404 7586 "-" "Mozilla/5.0 AppleWebKit/537.36 (KHTML, like Gecko; compatible; ClaudeBot/1.0; +claudebot@anthropic.com)"
20.195.181.10 - - [26/Jul/2026:14:55:18 -0400] "GET /lock360.php HTTP/1.1" 404 7585 "-" "Mozilla/5.0 (Windows NT 10.0; Win64; x64) AppleWebKit/537.36 (KHTML, like Gecko) Chrome/120.0.0.0 Safari/537.36"
20.195.181.10 - - [26/Jul/2026:14:55:18 -0400] "GET /wp-content/wp-conflg.php HTTP/1.1" 404 7585 "-" "Mozilla/5.0 (Windows NT 10.0; Win64; x64) AppleWebKit/537.36 (KHTML, like Gecko) Chrome/120.0.0.0 Safari/537.36"
20.195.181.10 - - [26/Jul/2026:14:55:19 -0400] "GET /wp-links-opml.php HTTP/1.1" 200 159 "-" "Mozilla/5.0 (Windows NT 10.0; Win64; x64) AppleWebKit/537.36 (KHTML, like Gecko) Chrome/120.0.0.0 Safari/537.36"
20.195.181.10 - - [26/Jul/2026:14:55:19 -0400] "GET /.alf.php HTTP/1.1" 404 7585 "-" "Mozilla/5.0 (Windows NT 10.0; Win64; x64) AppleWebKit/537.36 (KHTML, like Gecko) Chrome/120.0.0.0 Safari/537.36"
216.73.217.142 - - [26/Jul/2026:14:55:20 -0400] "GET /detail/intel60321861.html HTTP/1.1" 404 7586 "-" "Mozilla/5.0 AppleWebKit/537.36 (KHTML, like Gecko; compatible; ClaudeBot/1.0; +claudebot@anthropic.com)"
216.73.217.142 - - [26/Jul/2026:14:55:26 -0400] "GET /detail/objec72376438.html HTTP/1.1" 404 7586 "-" "Mozilla/5.0 AppleWebKit/537.36 (KHTML, like Gecko; compatible; ClaudeBot/1.0; +claudebot@anthropic.com)"
216.73.217.142 - - [26/Jul/2026:14:55:29 -0400] "GET /detail/clean62688005.html HTTP/1.1" 404 7586 "-" "Mozilla/5.0 AppleWebKit/537.36 (KHTML, like Gecko; compatible; ClaudeBot/1.0; +claudebot@anthropic.com)"
216.73.217.142 - - [26/Jul/2026:14:55:32 -0400] "GET /detail/skill51804852.html HTTP/1.1" 404 7586 "-" "Mozilla/5.0 AppleWebKit/537.36 (KHTML, like Gecko; compatible; ClaudeBot/1.0; +claudebot@anthropic.com)"
216.73.217.142 - - [26/Jul/2026:14:55:35 -0400] "GET /detail/mainf60067797.html HTTP/1.1" 404 7586 "-" "Mozilla/5.0 AppleWebKit/537.36 (KHTML, like Gecko; compatible; ClaudeBot/1.0; +claudebot@anthropic.com)"
179.43.174.147 - - [26/Jul/2026:14:55:36 -0400] "GET / HTTP/1.1" 301 1 "-" "CNSTX Monitor 1.2"
179.43.174.147 - - [26/Jul/2026:14:55:36 -0400] "GET / HTTP/1.1" 200 10852 "https://192.210.134.12" "CNSTX Monitor 1.2"
216.73.217.142 - - [26/Jul/2026:14:55:38 -0400] "GET /detail/strip81046751.html HTTP/1.1" 404 7586 "-" "Mozilla/5.0 AppleWebKit/537.36 (KHTML, like Gecko; compatible; ClaudeBot/1.0; +claudebot@anthropic.com)"
216.73.217.142 - - [26/Jul/2026:14:55:41 -0400] "GET /detail/consc12582136.html HTTP/1.1" 404 7586 "-" "Mozilla/5.0 AppleWebKit/537.36 (KHTML, like Gecko; compatible; ClaudeBot/1.0; +claudebot@anthropic.com)"
216.73.217.142 - - [26/Jul/2026:14:55:44 -0400] "GET /detail/spell21933545.html HTTP/1.1" 404 7586 "-" "Mozilla/5.0 AppleWebKit/537.36 (KHTML, like Gecko; compatible; ClaudeBot/1.0; +claudebot@anthropic.com)"
216.73.217.142 - - [26/Jul/2026:14:55:55 -0400] "GET /detail/emplo60898509.html HTTP/1.1" 404 7586 "-" "Mozilla/5.0 AppleWebKit/537.36 (KHTML, like Gecko; compatible; ClaudeBot/1.0; +claudebot@anthropic.com)"
216.73.217.142 - - [26/Jul/2026:14:55:57 -0400] "GET /detail/acute10634352.html HTTP/1.1" 404 7586 "-" "Mozilla/5.0 AppleWebKit/537.36 (KHTML, like Gecko; compatible; ClaudeBot/1.0; +claudebot@anthropic.com)"
216.73.217.142 - - [26/Jul/2026:14:56:00 -0400] "GET /detail/filte81994911.html HTTP/1.1" 404 7586 "-" "Mozilla/5.0 AppleWebKit/537.36 (KHTML, like Gecko; compatible; ClaudeBot/1.0; +claudebot@anthropic.com)"
216.73.217.142 - - [26/Jul/2026:14:56:03 -0400] "GET /detail/wolf22605521.html HTTP/1.1" 404 7586 "-" "Mozilla/5.0 AppleWebKit/537.36 (KHTML, like Gecko; compatible; ClaudeBot/1.0; +claudebot@anthropic.com)"
216.73.217.142 - - [26/Jul/2026:14:56:06 -0400] "GET /detail/used82464359.html HTTP/1.1" 404 7586 "-" "Mozilla/5.0 AppleWebKit/537.36 (KHTML, like Gecko; compatible; ClaudeBot/1.0; +claudebot@anthropic.com)"
216.73.217.142 - - [26/Jul/2026:14:56:09 -0400] "GET /detail/hum21541465.html HTTP/1.1" 404 7586 "-" "Mozilla/5.0 AppleWebKit/537.36 (KHTML, like Gecko; compatible; ClaudeBot/1.0; +claudebot@anthropic.com)"
216.73.217.142 - - [26/Jul/2026:14:56:12 -0400] "GET /detail/tape52092964.html HTTP/1.1" 404 7586 "-" "Mozilla/5.0 AppleWebKit/537.36 (KHTML, like Gecko; compatible; ClaudeBot/1.0; +claudebot@anthropic.com)"
216.73.217.142 - - [26/Jul/2026:14:56:15 -0400] "GET /detail/clash20375785.html HTTP/1.1" 404 7586 "-" "Mozilla/5.0 AppleWebKit/537.36 (KHTML, like Gecko; compatible; ClaudeBot/1.0; +claudebot@anthropic.com)"
216.73.217.142 - - [26/Jul/2026:14:56:18 -0400] "GET /detail/germ31030594.html HTTP/1.1" 404 7586 "-" "Mozilla/5.0 AppleWebKit/537.36 (KHTML, like Gecko; compatible; ClaudeBot/1.0; +claudebot@anthropic.com)"
216.73.217.142 - - [26/Jul/2026:14:56:21 -0400] "GET /detail/mirac11066840.html HTTP/1.1" 404 7586 "-" "Mozilla/5.0 AppleWebKit/537.36 (KHTML, like Gecko; compatible; ClaudeBot/1.0; +claudebot@anthropic.com)"
216.73.217.142 - - [26/Jul/2026:14:56:24 -0400] "GET /detail/elega12438048.html HTTP/1.1" 404 7586 "-" "Mozilla/5.0 AppleWebKit/537.36 (KHTML, like Gecko; compatible; ClaudeBot/1.0; +claudebot@anthropic.com)"
216.73.217.142 - - [26/Jul/2026:14:56:27 -0400] "GET /detail/weep72583446.html HTTP/1.1" 404 7586 "-" "Mozilla/5.0 AppleWebKit/537.36 (KHTML, like Gecko; compatible; ClaudeBot/1.0; +claudebot@anthropic.com)"
216.73.217.142 - - [26/Jul/2026:14:56:30 -0400] "GET /detail/preva70298206.html HTTP/1.1" 404 7586 "-" "Mozilla/5.0 AppleWebKit/537.36 (KHTML, like Gecko; compatible; ClaudeBot/1.0; +claudebot@anthropic.com)"
216.73.217.142 - - [26/Jul/2026:14:56:33 -0400] "GET /detail/parro42821723.html HTTP/1.1" 404 7586 "-" "Mozilla/5.0 AppleWebKit/537.36 (KHTML, like Gecko; compatible; ClaudeBot/1.0; +claudebot@anthropic.com)"
179.43.174.147 - - [26/Jul/2026:14:56:36 -0400] "GET / HTTP/1.1" 301 1 "-" "CNSTX Monitor 1.2"
179.43.174.147 - - [26/Jul/2026:14:56:36 -0400] "GET / HTTP/1.1" 200 10852 "https://192.210.134.12" "CNSTX Monitor 1.2"
216.73.217.142 - - [26/Jul/2026:14:56:37 -0400] "GET /detail/fault52926988.html HTTP/1.1" 404 7586 "-" "Mozilla/5.0 AppleWebKit/537.36 (KHTML, like Gecko; compatible; ClaudeBot/1.0; +claudebot@anthropic.com)"
216.73.217.142 - - [26/Jul/2026:14:56:39 -0400] "GET /detail/glare42642987.html HTTP/1.1" 404 7586 "-" "Mozilla/5.0 AppleWebKit/537.36 (KHTML, like Gecko; compatible; ClaudeBot/1.0; +claudebot@anthropic.com)"
216.73.217.142 - - [26/Jul/2026:14:56:42 -0400] "GET /detail/frenc70117566.html HTTP/1.1" 404 7586 "-" "Mozilla/5.0 AppleWebKit/537.36 (KHTML, like Gecko; compatible; ClaudeBot/1.0; +claudebot@anthropic.com)"
216.73.217.142 - - [26/Jul/2026:14:56:45 -0400] "GET /detail/warmt80182959.html HTTP/1.1" 404 7586 "-" "Mozilla/5.0 AppleWebKit/537.36 (KHTML, like Gecko; compatible; ClaudeBot/1.0; +claudebot@anthropic.com)"
216.73.217.142 - - [26/Jul/2026:14:56:48 -0400] "GET /detail/overs81297783.html HTTP/1.1" 404 7586 "-" "Mozilla/5.0 AppleWebKit/537.36 (KHTML, like Gecko; compatible; ClaudeBot/1.0; +claudebot@anthropic.com)"
216.73.217.142 - - [26/Jul/2026:14:56:51 -0400] "GET /detail/verb50961716.html HTTP/1.1" 404 7586 "-" "Mozilla/5.0 AppleWebKit/537.36 (KHTML, like Gecko; compatible; ClaudeBot/1.0; +claudebot@anthropic.com)"
216.73.217.142 - - [26/Jul/2026:14:56:54 -0400] "GET /detail/dange60792853.html HTTP/1.1" 404 7586 "-" "Mozilla/5.0 AppleWebKit/537.36 (KHTML, like Gecko; compatible; ClaudeBot/1.0; +claudebot@anthropic.com)"
216.73.217.142 - - [26/Jul/2026:14:56:57 -0400] "GET /detail/graci62602901.html HTTP/1.1" 404 7586 "-" "Mozilla/5.0 AppleWebKit/537.36 (KHTML, like Gecko; compatible; ClaudeBot/1.0; +claudebot@anthropic.com)"
37.111.214.167 - - [26/Jul/2026:14:56:58 -0400] "POST /wp-login.php HTTP/1.1" 200 6831 "https://melbournecourtapartments.com/wp-login.php" "Mozilla/5.0 (Windows NT 6.1; Win64; x64; rv:92.0) Gecko/20100101 Firefox/92.0"
37.111.214.167 - - [26/Jul/2026:14:56:59 -0400] "GET /wp-admin/index.php HTTP/1.1" 200 219026 "https://melbournecourtapartments.com/wp-login.php" "Mozilla/5.0 (Macintosh; Intel Mac OS X 10_15_7) AppleWebKit/605.1.15 (KHTML, like Gecko) Version/14.1 Safari/605.1.15"
216.73.217.142 - - [26/Jul/2026:14:57:01 -0400] "GET /detail/cooki52833468.html HTTP/1.1" 404 7586 "-" "Mozilla/5.0 AppleWebKit/537.36 (KHTML, like Gecko; compatible; ClaudeBot/1.0; +claudebot@anthropic.com)"
37.111.214.167 - - [26/Jul/2026:14:57:02 -0400] "GET /wp-admin/plugin-install.php?tab=upload HTTP/1.1" 404 48974 "-" "Mozilla/5.0 (Windows NT 10.0; Win64; x64; rv:90.0) Gecko/20100101 Firefox/90.0.1"
37.111.214.167 - - [26/Jul/2026:14:57:03 -0400] "GET /wp-admin/theme-install.php?tab=upload HTTP/1.1" 404 48973 "-" "Mozilla/5.0 (Windows NT 6.1; Win64; x64; rv:93.0) Gecko/20100101 Firefox/93.0"
216.73.217.142 - - [26/Jul/2026:14:57:04 -0400] "GET /detail/major71993430.html HTTP/1.1" 404 7586 "-" "Mozilla/5.0 AppleWebKit/537.36 (KHTML, like Gecko; compatible; ClaudeBot/1.0; +claudebot@anthropic.com)"
37.111.214.167 - - [26/Jul/2026:14:57:04 -0400] "GET /wp-admin/theme-editor.php?file=404.php HTTP/1.1" 404 48971 "-" "Mozilla/5.0 (Macintosh; Intel Mac OS X 10_15_7) AppleWebKit/537.36 (KHTML, like Gecko) Chrome/92.0.4515.131 Safari/537.36"
37.111.214.167 - - [26/Jul/2026:14:57:05 -0400] "GET /wp-admin/theme-editor.php?file=404.php HTTP/1.1" 404 48971 "-" "Mozilla/5.0 (Macintosh; Intel Mac OS X 10_15_7) AppleWebKit/605.1.15 (KHTML, like Gecko) Version/14.1.1 Safari/605.1.15"
216.73.217.142 - - [26/Jul/2026:14:57:07 -0400] "GET /detail/vivid80471295.html HTTP/1.1" 404 7586 "-" "Mozilla/5.0 AppleWebKit/537.36 (KHTML, like Gecko; compatible; ClaudeBot/1.0; +claudebot@anthropic.com)"
216.73.217.142 - - [26/Jul/2026:14:57:10 -0400] "GET /detail/excur30239386.html HTTP/1.1" 404 7586 "-" "Mozilla/5.0 AppleWebKit/537.36 (KHTML, like Gecko; compatible; ClaudeBot/1.0; +claudebot@anthropic.com)"
216.73.217.142 - - [26/Jul/2026:14:57:13 -0400] "GET /detail/decre21119329.html HTTP/1.1" 404 7586 "-" "Mozilla/5.0 AppleWebKit/537.36 (KHTML, like Gecko; compatible; ClaudeBot/1.0; +claudebot@anthropic.com)"
216.73.217.142 - - [26/Jul/2026:14:57:16 -0400] "GET /detail/vague52802980.html HTTP/1.1" 404 7586 "-" "Mozilla/5.0 AppleWebKit/537.36 (KHTML, like Gecko; compatible; ClaudeBot/1.0; +claudebot@anthropic.com)"
216.73.217.142 - - [26/Jul/2026:14:57:19 -0400] "GET /detail/build71588462.html HTTP/1.1" 404 7586 "-" "Mozilla/5.0 AppleWebKit/537.36 (KHTML, like Gecko; compatible; ClaudeBot/1.0; +claudebot@anthropic.com)"
216.73.217.142 - - [26/Jul/2026:14:57:22 -0400] "GET /detail/elega11678048.html HTTP/1.1" 404 7586 "-" "Mozilla/5.0 AppleWebKit/537.36 (KHTML, like Gecko; compatible; ClaudeBot/1.0; +claudebot@anthropic.com)"
216.73.217.142 - - [26/Jul/2026:14:57:25 -0400] "GET /detail/visio51955012.html HTTP/1.1" 404 7586 "-" "Mozilla/5.0 AppleWebKit/537.36 (KHTML, like Gecko; compatible; ClaudeBot/1.0; +claudebot@anthropic.com)"
216.73.217.142 - - [26/Jul/2026:14:57:28 -0400] "GET /detail/surre60358517.html HTTP/1.1" 404 7586 "-" "Mozilla/5.0 AppleWebKit/537.36 (KHTML, like Gecko; compatible; ClaudeBot/1.0; +claudebot@anthropic.com)"
216.73.217.142 - - [26/Jul/2026:14:57:31 -0400] "GET /detail/stres21081657.html HTTP/1.1" 404 7586 "-" "Mozilla/5.0 AppleWebKit/537.36 (KHTML, like Gecko; compatible; ClaudeBot/1.0; +claudebot@anthropic.com)"
216.73.217.142 - - [26/Jul/2026:14:57:34 -0400] "GET /detail/clini22033905.html HTTP/1.1" 404 7586 "-" "Mozilla/5.0 AppleWebKit/537.36 (KHTML, like Gecko; compatible; ClaudeBot/1.0; +claudebot@anthropic.com)"
179.43.174.147 - - [26/Jul/2026:14:57:36 -0400] "GET / HTTP/1.1" 301 1 "-" "CNSTX Monitor 1.2"
216.73.217.142 - - [26/Jul/2026:14:57:37 -0400] "GET /detail/cept12259920.html HTTP/1.1" 404 7586 "-" "Mozilla/5.0 AppleWebKit/537.36 (KHTML, like Gecko; compatible; ClaudeBot/1.0; +claudebot@anthropic.com)"
179.43.174.147 - - [26/Jul/2026:14:57:37 -0400] "GET / HTTP/1.1" 200 10852 "https://192.210.134.12" "CNSTX Monitor 1.2"
216.73.217.142 - - [26/Jul/2026:14:57:40 -0400] "GET /detail/look61037149.html HTTP/1.1" 404 7586 "-" "Mozilla/5.0 AppleWebKit/537.36 (KHTML, like Gecko; compatible; ClaudeBot/1.0; +claudebot@anthropic.com)"
216.73.217.142 - - [26/Jul/2026:14:57:46 -0400] "GET /detail/part31624090.html HTTP/1.1" 404 7586 "-" "Mozilla/5.0 AppleWebKit/537.36 (KHTML, like Gecko; compatible; ClaudeBot/1.0; +claudebot@anthropic.com)"
216.73.217.142 - - [26/Jul/2026:14:57:49 -0400] "GET /detail/knot51774748.html HTTP/1.1" 404 7586 "-" "Mozilla/5.0 AppleWebKit/537.36 (KHTML, like Gecko; compatible; ClaudeBot/1.0; +claudebot@anthropic.com)"
216.73.217.142 - - [26/Jul/2026:14:57:52 -0400] "GET /detail/argum61806861.html HTTP/1.1" 404 7586 "-" "Mozilla/5.0 AppleWebKit/537.36 (KHTML, like Gecko; compatible; ClaudeBot/1.0; +claudebot@anthropic.com)"
216.73.217.142 - - [26/Jul/2026:14:57:55 -0400] "GET /detail/grati60599189.html HTTP/1.1" 404 7586 "-" "Mozilla/5.0 AppleWebKit/537.36 (KHTML, like Gecko; compatible; ClaudeBot/1.0; +claudebot@anthropic.com)"
