216.73.217.142 - - [26/Jul/2026:12:17:30 -0400] "GET /detail/anymo30029394.html HTTP/1.1" 404 7586 "-" "Mozilla/5.0 AppleWebKit/537.36 (KHTML, like Gecko; compatible; ClaudeBot/1.0; +claudebot@anthropic.com)"
216.73.217.142 - - [26/Jul/2026:12:17:33 -0400] "GET /detail/distr50129404.html HTTP/1.1" 404 7586 "-" "Mozilla/5.0 AppleWebKit/537.36 (KHTML, like Gecko; compatible; ClaudeBot/1.0; +claudebot@anthropic.com)"
179.43.174.147 - - [26/Jul/2026:12:17:36 -0400] "GET / HTTP/1.1" 301 1 "-" "CNSTX Monitor 1.2"
216.73.217.142 - - [26/Jul/2026:12:17:36 -0400] "GET /detail/suitc60357525.html HTTP/1.1" 404 7586 "-" "Mozilla/5.0 AppleWebKit/537.36 (KHTML, like Gecko; compatible; ClaudeBot/1.0; +claudebot@anthropic.com)"
179.43.174.147 - - [26/Jul/2026:12:17:36 -0400] "GET / HTTP/1.1" 200 10852 "https://192.210.134.12" "CNSTX Monitor 1.2"
216.73.217.142 - - [26/Jul/2026:12:17:39 -0400] "GET /detail/minim81418495.html HTTP/1.1" 404 7586 "-" "Mozilla/5.0 AppleWebKit/537.36 (KHTML, like Gecko; compatible; ClaudeBot/1.0; +claudebot@anthropic.com)"
216.73.217.142 - - [26/Jul/2026:12:17:42 -0400] "GET /detail/immig70315206.html HTTP/1.1" 404 7586 "-" "Mozilla/5.0 AppleWebKit/537.36 (KHTML, like Gecko; compatible; ClaudeBot/1.0; +claudebot@anthropic.com)"
216.73.217.142 - - [26/Jul/2026:12:17:47 -0400] "GET /detail/uncon62443029.html HTTP/1.1" 404 7586 "-" "Mozilla/5.0 AppleWebKit/537.36 (KHTML, like Gecko; compatible; ClaudeBot/1.0; +claudebot@anthropic.com)"
216.73.217.142 - - [26/Jul/2026:12:17:50 -0400] "GET /detail/axle81939823.html HTTP/1.1" 404 7586 "-" "Mozilla/5.0 AppleWebKit/537.36 (KHTML, like Gecko; compatible; ClaudeBot/1.0; +claudebot@anthropic.com)"
216.73.217.142 - - [26/Jul/2026:12:17:53 -0400] "GET /detail/escal50581700.html HTTP/1.1" 404 7586 "-" "Mozilla/5.0 AppleWebKit/537.36 (KHTML, like Gecko; compatible; ClaudeBot/1.0; +claudebot@anthropic.com)"
216.73.217.142 - - [26/Jul/2026:12:18:00 -0400] "GET /detail/ribbo52122468.html HTTP/1.1" 404 7586 "-" "Mozilla/5.0 AppleWebKit/537.36 (KHTML, like Gecko; compatible; ClaudeBot/1.0; +claudebot@anthropic.com)"
216.73.217.142 - - [26/Jul/2026:12:18:03 -0400] "GET /detail/undou70386326.html HTTP/1.1" 404 7586 "-" "Mozilla/5.0 AppleWebKit/537.36 (KHTML, like Gecko; compatible; ClaudeBot/1.0; +claudebot@anthropic.com)"
216.73.217.142 - - [26/Jul/2026:12:18:06 -0400] "GET /detail/drago22062457.html HTTP/1.1" 404 7586 "-" "Mozilla/5.0 AppleWebKit/537.36 (KHTML, like Gecko; compatible; ClaudeBot/1.0; +claudebot@anthropic.com)"
216.73.217.142 - - [26/Jul/2026:12:18:09 -0400] "GET /detail/facto31384834.html HTTP/1.1" 404 7586 "-" "Mozilla/5.0 AppleWebKit/537.36 (KHTML, like Gecko; compatible; ClaudeBot/1.0; +claudebot@anthropic.com)"
216.73.217.142 - - [26/Jul/2026:12:18:12 -0400] "GET /detail/lucky11056480.html HTTP/1.1" 404 7586 "-" "Mozilla/5.0 AppleWebKit/537.36 (KHTML, like Gecko; compatible; ClaudeBot/1.0; +claudebot@anthropic.com)"
216.73.217.142 - - [26/Jul/2026:12:18:16 -0400] "GET /detail/barel52745980.html HTTP/1.1" 404 7586 "-" "Mozilla/5.0 AppleWebKit/537.36 (KHTML, like Gecko; compatible; ClaudeBot/1.0; +claudebot@anthropic.com)"
216.73.217.142 - - [26/Jul/2026:12:18:19 -0400] "GET /detail/fit81316631.html HTTP/1.1" 404 7586 "-" "Mozilla/5.0 AppleWebKit/537.36 (KHTML, like Gecko; compatible; ClaudeBot/1.0; +claudebot@anthropic.com)"
216.73.217.142 - - [26/Jul/2026:12:18:22 -0400] "GET /detail/colum31809882.html HTTP/1.1" 404 7586 "-" "Mozilla/5.0 AppleWebKit/537.36 (KHTML, like Gecko; compatible; ClaudeBot/1.0; +claudebot@anthropic.com)"
216.73.217.142 - - [26/Jul/2026:12:18:25 -0400] "GET /detail/rude42873515.html HTTP/1.1" 404 7586 "-" "Mozilla/5.0 AppleWebKit/537.36 (KHTML, like Gecko; compatible; ClaudeBot/1.0; +claudebot@anthropic.com)"
216.73.217.142 - - [26/Jul/2026:12:18:28 -0400] "GET /detail/swear10882528.html HTTP/1.1" 404 7586 "-" "Mozilla/5.0 AppleWebKit/537.36 (KHTML, like Gecko; compatible; ClaudeBot/1.0; +claudebot@anthropic.com)"
179.43.174.147 - - [26/Jul/2026:12:18:36 -0400] "GET / HTTP/1.1" 301 1 "-" "CNSTX Monitor 1.2"
179.43.174.147 - - [26/Jul/2026:12:18:37 -0400] "GET / HTTP/1.1" 200 10852 "https://192.210.134.12" "CNSTX Monitor 1.2"
216.73.217.142 - - [26/Jul/2026:12:18:44 -0400] "GET /detail/sunda30200866.html HTTP/1.1" 404 7586 "-" "Mozilla/5.0 AppleWebKit/537.36 (KHTML, like Gecko; compatible; ClaudeBot/1.0; +claudebot@anthropic.com)"
216.73.217.142 - - [26/Jul/2026:12:18:47 -0400] "GET /detail/kindn21975641.html HTTP/1.1" 404 7586 "-" "Mozilla/5.0 AppleWebKit/537.36 (KHTML, like Gecko; compatible; ClaudeBot/1.0; +claudebot@anthropic.com)"
216.73.217.142 - - [26/Jul/2026:12:18:50 -0400] "GET /detail/liver61115053.html HTTP/1.1" 404 7586 "-" "Mozilla/5.0 AppleWebKit/537.36 (KHTML, like Gecko; compatible; ClaudeBot/1.0; +claudebot@anthropic.com)"
216.73.217.142 - - [26/Jul/2026:12:18:53 -0400] "GET /detail/rolle32526882.html HTTP/1.1" 404 7586 "-" "Mozilla/5.0 AppleWebKit/537.36 (KHTML, like Gecko; compatible; ClaudeBot/1.0; +claudebot@anthropic.com)"
216.73.217.142 - - [26/Jul/2026:12:18:56 -0400] "GET /detail/overh11751136.html HTTP/1.1" 404 7586 "-" "Mozilla/5.0 AppleWebKit/537.36 (KHTML, like Gecko; compatible; ClaudeBot/1.0; +claudebot@anthropic.com)"
216.73.217.142 - - [26/Jul/2026:12:19:01 -0400] "GET /detail/sudde21212249.html HTTP/1.1" 404 7586 "-" "Mozilla/5.0 AppleWebKit/537.36 (KHTML, like Gecko; compatible; ClaudeBot/1.0; +claudebot@anthropic.com)"
216.73.217.142 - - [26/Jul/2026:12:19:03 -0400] "GET /detail/staff81573447.html HTTP/1.1" 404 7586 "-" "Mozilla/5.0 AppleWebKit/537.36 (KHTML, like Gecko; compatible; ClaudeBot/1.0; +claudebot@anthropic.com)"
216.73.217.142 - - [26/Jul/2026:12:19:06 -0400] "GET /detail/laugh40340227.html HTTP/1.1" 404 7586 "-" "Mozilla/5.0 AppleWebKit/537.36 (KHTML, like Gecko; compatible; ClaudeBot/1.0; +claudebot@anthropic.com)"
216.73.217.142 - - [26/Jul/2026:12:19:09 -0400] "GET /detail/land40485203.html HTTP/1.1" 404 7586 "-" "Mozilla/5.0 AppleWebKit/537.36 (KHTML, like Gecko; compatible; ClaudeBot/1.0; +claudebot@anthropic.com)"
216.73.217.142 - - [26/Jul/2026:12:19:12 -0400] "GET /detail/enrol40361947.html HTTP/1.1" 404 7586 "-" "Mozilla/5.0 AppleWebKit/537.36 (KHTML, like Gecko; compatible; ClaudeBot/1.0; +claudebot@anthropic.com)"
216.73.217.142 - - [26/Jul/2026:12:19:17 -0400] "GET /detail/rubbi62576165.html HTTP/1.1" 404 7586 "-" "Mozilla/5.0 AppleWebKit/537.36 (KHTML, like Gecko; compatible; ClaudeBot/1.0; +claudebot@anthropic.com)"
216.73.217.142 - - [26/Jul/2026:12:19:20 -0400] "GET /detail/waste70980814.html HTTP/1.1" 404 7586 "-" "Mozilla/5.0 AppleWebKit/537.36 (KHTML, like Gecko; compatible; ClaudeBot/1.0; +claudebot@anthropic.com)"
216.73.217.142 - - [26/Jul/2026:12:19:23 -0400] "GET /detail/resto11646336.html HTTP/1.1" 404 7586 "-" "Mozilla/5.0 AppleWebKit/537.36 (KHTML, like Gecko; compatible; ClaudeBot/1.0; +claudebot@anthropic.com)"
216.73.217.142 - - [26/Jul/2026:12:19:29 -0400] "GET /detail/whip12351240.html HTTP/1.1" 404 7586 "-" "Mozilla/5.0 AppleWebKit/537.36 (KHTML, like Gecko; compatible; ClaudeBot/1.0; +claudebot@anthropic.com)"
216.73.217.142 - - [26/Jul/2026:12:19:32 -0400] "GET /detail/mote80567863.html HTTP/1.1" 404 7586 "-" "Mozilla/5.0 AppleWebKit/537.36 (KHTML, like Gecko; compatible; ClaudeBot/1.0; +claudebot@anthropic.com)"
216.73.217.142 - - [26/Jul/2026:12:19:35 -0400] "GET /detail/acqua82755607.html HTTP/1.1" 404 7586 "-" "Mozilla/5.0 AppleWebKit/537.36 (KHTML, like Gecko; compatible; ClaudeBot/1.0; +claudebot@anthropic.com)"
179.43.174.147 - - [26/Jul/2026:12:19:36 -0400] "GET / HTTP/1.1" 301 1 "-" "CNSTX Monitor 1.2"
5.255.231.3 - - [26/Jul/2026:12:19:36 -0400] "GET / HTTP/1.1" 200 47321 "-" "Mozilla/5.0 (compatible; YandexBot/3.0; +http://yandex.com/bots)"
179.43.174.147 - - [26/Jul/2026:12:19:36 -0400] "GET / HTTP/1.1" 200 10852 "https://192.210.134.12" "CNSTX Monitor 1.2"
216.73.217.142 - - [26/Jul/2026:12:19:38 -0400] "GET /detail/confu32562018.html HTTP/1.1" 404 7586 "-" "Mozilla/5.0 AppleWebKit/537.36 (KHTML, like Gecko; compatible; ClaudeBot/1.0; +claudebot@anthropic.com)"
216.73.217.142 - - [26/Jul/2026:12:19:41 -0400] "GET /detail/calen52545756.html HTTP/1.1" 404 7586 "-" "Mozilla/5.0 AppleWebKit/537.36 (KHTML, like Gecko; compatible; ClaudeBot/1.0; +claudebot@anthropic.com)"
216.73.217.142 - - [26/Jul/2026:12:19:56 -0400] "GET /detail/vague51478980.html HTTP/1.1" 404 7586 "-" "Mozilla/5.0 AppleWebKit/537.36 (KHTML, like Gecko; compatible; ClaudeBot/1.0; +claudebot@anthropic.com)"
216.73.217.142 - - [26/Jul/2026:12:19:59 -0400] "GET /detail/onion31777794.html HTTP/1.1" 404 7586 "-" "Mozilla/5.0 AppleWebKit/537.36 (KHTML, like Gecko; compatible; ClaudeBot/1.0; +claudebot@anthropic.com)"
216.73.217.142 - - [26/Jul/2026:12:20:02 -0400] "GET /detail/vain52571188.html HTTP/1.1" 404 7586 "-" "Mozilla/5.0 AppleWebKit/537.36 (KHTML, like Gecko; compatible; ClaudeBot/1.0; +claudebot@anthropic.com)"
216.73.217.142 - - [26/Jul/2026:12:20:06 -0400] "GET /detail/remai30816714.html HTTP/1.1" 404 7586 "-" "Mozilla/5.0 AppleWebKit/537.36 (KHTML, like Gecko; compatible; ClaudeBot/1.0; +claudebot@anthropic.com)"
216.73.217.142 - - [26/Jul/2026:12:20:08 -0400] "GET /detail/picni42817299.html HTTP/1.1" 404 7586 "-" "Mozilla/5.0 AppleWebKit/537.36 (KHTML, like Gecko; compatible; ClaudeBot/1.0; +claudebot@anthropic.com)"
216.73.217.142 - - [26/Jul/2026:12:20:26 -0400] "GET /detail/pessi82379471.html HTTP/1.1" 404 7586 "-" "Mozilla/5.0 AppleWebKit/537.36 (KHTML, like Gecko; compatible; ClaudeBot/1.0; +claudebot@anthropic.com)"
216.73.217.142 - - [26/Jul/2026:12:20:29 -0400] "GET /detail/achie62189101.html HTTP/1.1" 404 7586 "-" "Mozilla/5.0 AppleWebKit/537.36 (KHTML, like Gecko; compatible; ClaudeBot/1.0; +claudebot@anthropic.com)"
179.43.174.147 - - [26/Jul/2026:12:20:36 -0400] "GET / HTTP/1.1" 301 1 "-" "CNSTX Monitor 1.2"
179.43.174.147 - - [26/Jul/2026:12:20:36 -0400] "GET / HTTP/1.1" 200 10852 "https://192.210.134.12" "CNSTX Monitor 1.2"
216.73.217.142 - - [26/Jul/2026:12:20:46 -0400] "GET /detail/prime31675114.html HTTP/1.1" 404 7586 "-" "Mozilla/5.0 AppleWebKit/537.36 (KHTML, like Gecko; compatible; ClaudeBot/1.0; +claudebot@anthropic.com)"
216.73.217.142 - - [26/Jul/2026:12:20:49 -0400] "GET /detail/sway11661920.html HTTP/1.1" 404 7586 "-" "Mozilla/5.0 AppleWebKit/537.36 (KHTML, like Gecko; compatible; ClaudeBot/1.0; +claudebot@anthropic.com)"
216.73.217.142 - - [26/Jul/2026:12:20:57 -0400] "GET /detail/price30709282.html HTTP/1.1" 404 7586 "-" "Mozilla/5.0 AppleWebKit/537.36 (KHTML, like Gecko; compatible; ClaudeBot/1.0; +claudebot@anthropic.com)"
216.73.217.142 - - [26/Jul/2026:12:21:00 -0400] "GET /detail/succe21244321.html HTTP/1.1" 404 7586 "-" "Mozilla/5.0 AppleWebKit/537.36 (KHTML, like Gecko; compatible; ClaudeBot/1.0; +claudebot@anthropic.com)"
216.73.217.142 - - [26/Jul/2026:12:21:27 -0400] "GET /detail/onus20015873.html HTTP/1.1" 404 7586 "-" "Mozilla/5.0 AppleWebKit/537.36 (KHTML, like Gecko; compatible; ClaudeBot/1.0; +claudebot@anthropic.com)"
216.73.217.142 - - [26/Jul/2026:12:21:30 -0400] "GET /detail/shoe70120326.html HTTP/1.1" 404 7586 "-" "Mozilla/5.0 AppleWebKit/537.36 (KHTML, like Gecko; compatible; ClaudeBot/1.0; +claudebot@anthropic.com)"
191.232.199.39 - - [26/Jul/2026:12:21:35 -0400] "GET /admin.php HTTP/1.1" 404 7585 "-" "Mozilla/5.0 (Windows NT 10.0; Win64; x64) AppleWebKit/537.36 (KHTML, like Gecko) Chrome/120.0.0.0 Safari/537.36"
179.43.174.147 - - [26/Jul/2026:12:21:36 -0400] "GET / HTTP/1.1" 301 1 "-" "CNSTX Monitor 1.2"
191.232.199.39 - - [26/Jul/2026:12:21:37 -0400] "GET /public/css.php HTTP/1.1" 404 7585 "-" "Mozilla/5.0 (Windows NT 10.0; Win64; x64) AppleWebKit/537.36 (KHTML, like Gecko) Chrome/120.0.0.0 Safari/537.36"
179.43.174.147 - - [26/Jul/2026:12:21:38 -0400] "GET / HTTP/1.1" 200 10852 "https://192.210.134.12" "CNSTX Monitor 1.2"
191.232.199.39 - - [26/Jul/2026:12:21:39 -0400] "GET /classwithtostring.php HTTP/1.1" 404 7585 "-" "Mozilla/5.0 (Windows NT 10.0; Win64; x64) AppleWebKit/537.36 (KHTML, like Gecko) Chrome/120.0.0.0 Safari/537.36"
191.232.199.39 - - [26/Jul/2026:12:21:40 -0400] "GET /wp-includes/block-supports/ HTTP/1.1" 404 7585 "-" "Mozilla/5.0 (Windows NT 10.0; Win64; x64) AppleWebKit/537.36 (KHTML, like Gecko) Chrome/120.0.0.0 Safari/537.36"
216.73.217.142 - - [26/Jul/2026:12:21:41 -0400] "GET /detail/data21043353.html HTTP/1.1" 404 7586 "-" "Mozilla/5.0 AppleWebKit/537.36 (KHTML, like Gecko; compatible; ClaudeBot/1.0; +claudebot@anthropic.com)"
191.232.199.39 - - [26/Jul/2026:12:21:43 -0400] "GET /wp-content/admin.php HTTP/1.1" 404 7585 "-" "Mozilla/5.0 (Windows NT 10.0; Win64; x64) AppleWebKit/537.36 (KHTML, like Gecko) Chrome/120.0.0.0 Safari/537.36"
216.73.217.142 - - [26/Jul/2026:12:21:44 -0400] "GET /detail/data22863353.html HTTP/1.1" 404 7586 "-" "Mozilla/5.0 AppleWebKit/537.36 (KHTML, like Gecko; compatible; ClaudeBot/1.0; +claudebot@anthropic.com)"
191.232.199.39 - - [26/Jul/2026:12:21:44 -0400] "GET /gelay.php HTTP/1.1" 404 7585 "-" "Mozilla/5.0 (Windows NT 10.0; Win64; x64) AppleWebKit/537.36 (KHTML, like Gecko) Chrome/120.0.0.0 Safari/537.36"
191.232.199.39 - - [26/Jul/2026:12:21:45 -0400] "GET /wp-admin/images/admin.php HTTP/1.1" 404 7585 "-" "Mozilla/5.0 (Windows NT 10.0; Win64; x64) AppleWebKit/537.36 (KHTML, like Gecko) Chrome/120.0.0.0 Safari/537.36"
191.232.199.39 - - [26/Jul/2026:12:21:47 -0400] "GET /adminfuns.php HTTP/1.1" 404 7585 "-" "Mozilla/5.0 (Windows NT 10.0; Win64; x64) AppleWebKit/537.36 (KHTML, like Gecko) Chrome/120.0.0.0 Safari/537.36"
216.73.217.142 - - [26/Jul/2026:12:21:47 -0400] "GET /detail/shell81885575.html HTTP/1.1" 404 7586 "-" "Mozilla/5.0 AppleWebKit/537.36 (KHTML, like Gecko; compatible; ClaudeBot/1.0; +claudebot@anthropic.com)"
191.232.199.39 - - [26/Jul/2026:12:21:48 -0400] "GET /wp-admin/css/ HTTP/1.1" 404 7585 "-" "Mozilla/5.0 (Windows NT 10.0; Win64; x64) AppleWebKit/537.36 (KHTML, like Gecko) Chrome/120.0.0.0 Safari/537.36"
191.232.199.39 - - [26/Jul/2026:12:21:50 -0400] "GET /admin/controller/extension/extension/ultra.php HTTP/1.1" 404 7585 "-" "Mozilla/5.0 (Windows NT 10.0; Win64; x64) AppleWebKit/537.36 (KHTML, like Gecko) Chrome/120.0.0.0 Safari/537.36"
216.73.217.142 - - [26/Jul/2026:12:21:50 -0400] "GET /detail/left61168469.html HTTP/1.1" 404 7586 "-" "Mozilla/5.0 AppleWebKit/537.36 (KHTML, like Gecko; compatible; ClaudeBot/1.0; +claudebot@anthropic.com)"
191.232.199.39 - - [26/Jul/2026:12:21:51 -0400] "GET /about.php HTTP/1.1" 404 7585 "-" "Mozilla/5.0 (Windows NT 10.0; Win64; x64) AppleWebKit/537.36 (KHTML, like Gecko) Chrome/120.0.0.0 Safari/537.36"
191.232.199.39 - - [26/Jul/2026:12:21:53 -0400] "GET /wp-admin/css/colors/index.php HTTP/1.1" 301 1 "-" "Mozilla/5.0 (Windows NT 10.0; Win64; x64) AppleWebKit/537.36 (KHTML, like Gecko) Chrome/120.0.0.0 Safari/537.36"
216.73.217.142 - - [26/Jul/2026:12:21:53 -0400] "GET /detail/write31456514.html HTTP/1.1" 404 7586 "-" "Mozilla/5.0 AppleWebKit/537.36 (KHTML, like Gecko; compatible; ClaudeBot/1.0; +claudebot@anthropic.com)"
191.232.199.39 - - [26/Jul/2026:12:21:54 -0400] "GET /f35.php HTTP/1.1" 404 7585 "-" "Mozilla/5.0 (Windows NT 10.0; Win64; x64) AppleWebKit/537.36 (KHTML, like Gecko) Chrome/120.0.0.0 Safari/537.36"
216.73.217.142 - - [26/Jul/2026:12:21:56 -0400] "GET /detail/bench42226459.html HTTP/1.1" 404 7586 "-" "Mozilla/5.0 AppleWebKit/537.36 (KHTML, like Gecko; compatible; ClaudeBot/1.0; +claudebot@anthropic.com)"
191.232.199.39 - - [26/Jul/2026:12:21:56 -0400] "GET /wp-includes/js/ HTTP/1.1" 404 7585 "-" "Mozilla/5.0 (Windows NT 10.0; Win64; x64) AppleWebKit/537.36 (KHTML, like Gecko) Chrome/120.0.0.0 Safari/537.36"
191.232.199.39 - - [26/Jul/2026:12:21:58 -0400] "GET /inputs.php HTTP/1.1" 404 7585 "-" "Mozilla/5.0 (Windows NT 10.0; Win64; x64) AppleWebKit/537.36 (KHTML, like Gecko) Chrome/120.0.0.0 Safari/537.36"
216.73.217.142 - - [26/Jul/2026:12:21:59 -0400] "GET /detail/same60444405.html HTTP/1.1" 404 7586 "-" "Mozilla/5.0 AppleWebKit/537.36 (KHTML, like Gecko; compatible; ClaudeBot/1.0; +claudebot@anthropic.com)"
191.232.199.39 - - [26/Jul/2026:12:22:00 -0400] "GET /wp-admin/css/colors/ HTTP/1.1" 404 7585 "-" "Mozilla/5.0 (Windows NT 10.0; Win64; x64) AppleWebKit/537.36 (KHTML, like Gecko) Chrome/120.0.0.0 Safari/537.36"
216.73.217.142 - - [26/Jul/2026:12:22:02 -0400] "GET /detail/loop72787318.html HTTP/1.1" 404 7586 "-" "Mozilla/5.0 AppleWebKit/537.36 (KHTML, like Gecko; compatible; ClaudeBot/1.0; +claudebot@anthropic.com)"
191.232.199.39 - - [26/Jul/2026:12:22:02 -0400] "GET /alfa.php HTTP/1.1" 404 7585 "-" "Mozilla/5.0 (Windows NT 10.0; Win64; x64) AppleWebKit/537.36 (KHTML, like Gecko) Chrome/120.0.0.0 Safari/537.36"
191.232.199.39 - - [26/Jul/2026:12:22:04 -0400] "GET /lock360.php HTTP/1.1" 404 7585 "-" "Mozilla/5.0 (Windows NT 10.0; Win64; x64) AppleWebKit/537.36 (KHTML, like Gecko) Chrome/120.0.0.0 Safari/537.36"
191.232.199.39 - - [26/Jul/2026:12:22:06 -0400] "GET /flower.php HTTP/1.1" 404 7585 "-" "Mozilla/5.0 (Windows NT 10.0; Win64; x64) AppleWebKit/537.36 (KHTML, like Gecko) Chrome/120.0.0.0 Safari/537.36"
216.73.217.142 - - [26/Jul/2026:12:22:05 -0400] "GET /detail/unity11247008.html HTTP/1.1" 404 7586 "-" "Mozilla/5.0 AppleWebKit/537.36 (KHTML, like Gecko; compatible; ClaudeBot/1.0; +claudebot@anthropic.com)"
191.232.199.39 - - [26/Jul/2026:12:22:06 -0400] "GET /13.php HTTP/1.1" 404 7585 "-" "Mozilla/5.0 (Windows NT 10.0; Win64; x64) AppleWebKit/537.36 (KHTML, like Gecko) Chrome/120.0.0.0 Safari/537.36"
191.232.199.39 - - [26/Jul/2026:12:22:08 -0400] "GET /cc.php HTTP/1.1" 404 7585 "-" "Mozilla/5.0 (Windows NT 10.0; Win64; x64) AppleWebKit/537.36 (KHTML, like Gecko) Chrome/120.0.0.0 Safari/537.36"
216.73.217.142 - - [26/Jul/2026:12:22:08 -0400] "GET /detail/same62216405.html HTTP/1.1" 404 7586 "-" "Mozilla/5.0 AppleWebKit/537.36 (KHTML, like Gecko; compatible; ClaudeBot/1.0; +claudebot@anthropic.com)"
191.232.199.39 - - [26/Jul/2026:12:22:09 -0400] "GET /gecko-new.php HTTP/1.1" 404 7585 "-" "Mozilla/5.0 (Windows NT 10.0; Win64; x64) AppleWebKit/537.36 (KHTML, like Gecko) Chrome/120.0.0.0 Safari/537.36"
191.232.199.39 - - [26/Jul/2026:12:22:11 -0400] "GET /wp-content.php.php HTTP/1.1" 404 7585 "-" "Mozilla/5.0 (Windows NT 10.0; Win64; x64) AppleWebKit/537.36 (KHTML, like Gecko) Chrome/120.0.0.0 Safari/537.36"
216.73.217.142 - - [26/Jul/2026:12:22:11 -0400] "GET /detail/study80245135.html HTTP/1.1" 404 7586 "-" "Mozilla/5.0 AppleWebKit/537.36 (KHTML, like Gecko; compatible; ClaudeBot/1.0; +claudebot@anthropic.com)"
191.232.199.39 - - [26/Jul/2026:12:22:12 -0400] "GET /01.php HTTP/1.1" 404 7585 "-" "Mozilla/5.0 (Windows NT 10.0; Win64; x64) AppleWebKit/537.36 (KHTML, like Gecko) Chrome/120.0.0.0 Safari/537.36"
191.232.199.39 - - [26/Jul/2026:12:22:14 -0400] "GET /lv.php HTTP/1.1" 404 7585 "-" "Mozilla/5.0 (Windows NT 10.0; Win64; x64) AppleWebKit/537.36 (KHTML, like Gecko) Chrome/120.0.0.0 Safari/537.36"
216.73.217.142 - - [26/Jul/2026:12:22:14 -0400] "GET /detail/width70571398.html HTTP/1.1" 404 7586 "-" "Mozilla/5.0 AppleWebKit/537.36 (KHTML, like Gecko; compatible; ClaudeBot/1.0; +claudebot@anthropic.com)"
191.232.199.39 - - [26/Jul/2026:12:22:15 -0400] "GET /new.php HTTP/1.1" 404 7585 "-" "Mozilla/5.0 (Windows NT 10.0; Win64; x64) AppleWebKit/537.36 (KHTML, like Gecko) Chrome/120.0.0.0 Safari/537.36"
191.232.199.39 - - [26/Jul/2026:12:22:17 -0400] "GET /222.php HTTP/1.1" 404 7585 "-" "Mozilla/5.0 (Windows NT 10.0; Win64; x64) AppleWebKit/537.36 (KHTML, like Gecko) Chrome/120.0.0.0 Safari/537.36"
216.73.217.142 - - [26/Jul/2026:12:22:17 -0400] "GET /detail/forec62898677.html HTTP/1.1" 404 7586 "-" "Mozilla/5.0 AppleWebKit/537.36 (KHTML, like Gecko; compatible; ClaudeBot/1.0; +claudebot@anthropic.com)"
191.232.199.39 - - [26/Jul/2026:12:22:18 -0400] "GET /chosen.php HTTP/1.1" 404 7585 "-" "Mozilla/5.0 (Windows NT 10.0; Win64; x64) AppleWebKit/537.36 (KHTML, like Gecko) Chrome/120.0.0.0 Safari/537.36"
191.232.199.39 - - [26/Jul/2026:12:22:19 -0400] "GET /info.php HTTP/1.1" 404 7585 "-" "Mozilla/5.0 (Windows NT 10.0; Win64; x64) AppleWebKit/537.36 (KHTML, like Gecko) Chrome/120.0.0.0 Safari/537.36"
191.232.199.39 - - [26/Jul/2026:12:22:20 -0400] "GET /wp-includes/html-api/ HTTP/1.1" 404 7585 "-" "Mozilla/5.0 (Windows NT 10.0; Win64; x64) AppleWebKit/537.36 (KHTML, like Gecko) Chrome/120.0.0.0 Safari/537.36"
191.232.199.39 - - [26/Jul/2026:12:22:22 -0400] "GET /wp-includes/ID3/index.php HTTP/1.1" 301 1 "-" "Mozilla/5.0 (Windows NT 10.0; Win64; x64) AppleWebKit/537.36 (KHTML, like Gecko) Chrome/120.0.0.0 Safari/537.36"
191.232.199.39 - - [26/Jul/2026:12:22:25 -0400] "GET /wp-admin/network/index.php HTTP/1.1" 301 1 "-" "Mozilla/5.0 (Windows NT 10.0; Win64; x64) AppleWebKit/537.36 (KHTML, like Gecko) Chrome/120.0.0.0 Safari/537.36"
191.232.199.39 - - [26/Jul/2026:12:22:28 -0400] "GET /k.php HTTP/1.1" 404 7585 "-" "Mozilla/5.0 (Windows NT 10.0; Win64; x64) AppleWebKit/537.36 (KHTML, like Gecko) Chrome/120.0.0.0 Safari/537.36"
191.232.199.39 - - [26/Jul/2026:12:22:30 -0400] "GET /wp-admin/js/ HTTP/1.1" 404 7585 "-" "Mozilla/5.0 (Windows NT 10.0; Win64; x64) AppleWebKit/537.36 (KHTML, like Gecko) Chrome/120.0.0.0 Safari/537.36"
191.232.199.39 - - [26/Jul/2026:12:22:32 -0400] "GET /403.php HTTP/1.1" 404 7585 "-" "Mozilla/5.0 (Windows NT 10.0; Win64; x64) AppleWebKit/537.36 (KHTML, like Gecko) Chrome/120.0.0.0 Safari/537.36"
191.232.199.39 - - [26/Jul/2026:12:22:34 -0400] "GET /wp-includes/images/ HTTP/1.1" 404 7585 "-" "Mozilla/5.0 (Windows NT 10.0; Win64; x64) AppleWebKit/537.36 (KHTML, like Gecko) Chrome/120.0.0.0 Safari/537.36"
179.43.174.147 - - [26/Jul/2026:12:22:36 -0400] "GET / HTTP/1.1" 301 1 "-" "CNSTX Monitor 1.2"
191.232.199.39 - - [26/Jul/2026:12:22:36 -0400] "GET /wp-content/cache/ HTTP/1.1" 404 7585 "-" "Mozilla/5.0 (Windows NT 10.0; Win64; x64) AppleWebKit/537.36 (KHTML, like Gecko) Chrome/120.0.0.0 Safari/537.36"
191.232.199.39 - - [26/Jul/2026:12:22:38 -0400] "GET /gecko.php HTTP/1.1" 404 7585 "-" "Mozilla/5.0 (Windows NT 10.0; Win64; x64) AppleWebKit/537.36 (KHTML, like Gecko) Chrome/120.0.0.0 Safari/537.36"
179.43.174.147 - - [26/Jul/2026:12:22:38 -0400] "GET / HTTP/1.1" 200 10852 "https://192.210.134.12" "CNSTX Monitor 1.2"
191.232.199.39 - - [26/Jul/2026:12:22:40 -0400] "GET /wp-includes/ HTTP/1.1" 404 7585 "-" "Mozilla/5.0 (Windows NT 10.0; Win64; x64) AppleWebKit/537.36 (KHTML, like Gecko) Chrome/120.0.0.0 Safari/537.36"
191.232.199.39 - - [26/Jul/2026:12:22:42 -0400] "GET /aa.php HTTP/1.1" 404 7585 "-" "Mozilla/5.0 (Windows NT 10.0; Win64; x64) AppleWebKit/537.36 (KHTML, like Gecko) Chrome/120.0.0.0 Safari/537.36"
191.232.199.39 - - [26/Jul/2026:12:22:44 -0400] "GET /0x.php HTTP/1.1" 404 7585 "-" "Mozilla/5.0 (Windows NT 10.0; Win64; x64) AppleWebKit/537.36 (KHTML, like Gecko) Chrome/120.0.0.0 Safari/537.36"
191.232.199.39 - - [26/Jul/2026:12:22:46 -0400] "GET /zxz.php HTTP/1.1" 404 7585 "-" "Mozilla/5.0 (Windows NT 10.0; Win64; x64) AppleWebKit/537.36 (KHTML, like Gecko) Chrome/120.0.0.0 Safari/537.36"
216.73.217.142 - - [26/Jul/2026:12:22:46 -0400] "GET /detail/noteb50369108.html HTTP/1.1" 404 7586 "-" "Mozilla/5.0 AppleWebKit/537.36 (KHTML, like Gecko; compatible; ClaudeBot/1.0; +claudebot@anthropic.com)"
191.232.199.39 - - [26/Jul/2026:12:22:47 -0400] "GET /www.php HTTP/1.1" 404 7585 "-" "Mozilla/5.0 (Windows NT 10.0; Win64; x64) AppleWebKit/537.36 (KHTML, like Gecko) Chrome/120.0.0.0 Safari/537.36"
191.232.199.39 - - [26/Jul/2026:12:22:49 -0400] "GET /wicked.php HTTP/1.1" 404 7585 "-" "Mozilla/5.0 (Windows NT 10.0; Win64; x64) AppleWebKit/537.36 (KHTML, like Gecko) Chrome/120.0.0.0 Safari/537.36"
216.73.217.142 - - [26/Jul/2026:12:22:51 -0400] "GET /detail/misca12469888.html HTTP/1.1" 404 7586 "-" "Mozilla/5.0 AppleWebKit/537.36 (KHTML, like Gecko; compatible; ClaudeBot/1.0; +claudebot@anthropic.com)"
191.232.199.39 - - [26/Jul/2026:12:22:52 -0400] "GET /HLA-dd.php HTTP/1.1" 404 7585 "-" "Mozilla/5.0 (Windows NT 10.0; Win64; x64) AppleWebKit/537.36 (KHTML, like Gecko) Chrome/120.0.0.0 Safari/537.36"
216.73.217.142 - - [26/Jul/2026:12:22:54 -0400] "GET /detail/sheet62019565.html HTTP/1.1" 404 7586 "-" "Mozilla/5.0 AppleWebKit/537.36 (KHTML, like Gecko; compatible; ClaudeBot/1.0; +claudebot@anthropic.com)"
191.232.199.39 - - [26/Jul/2026:12:22:55 -0400] "GET /wp-content/upgrade/index.php HTTP/1.1" 301 1 "-" "Mozilla/5.0 (Windows NT 10.0; Win64; x64) AppleWebKit/537.36 (KHTML, like Gecko) Chrome/120.0.0.0 Safari/537.36"
191.232.199.39 - - [26/Jul/2026:12:22:57 -0400] "GET /cah.php HTTP/1.1" 404 7585 "-" "Mozilla/5.0 (Windows NT 10.0; Win64; x64) AppleWebKit/537.36 (KHTML, like Gecko) Chrome/120.0.0.0 Safari/537.36"
216.73.217.142 - - [26/Jul/2026:12:22:57 -0400] "GET /detail/pause82718903.html HTTP/1.1" 404 7586 "-" "Mozilla/5.0 AppleWebKit/537.36 (KHTML, like Gecko; compatible; ClaudeBot/1.0; +claudebot@anthropic.com)"
191.232.199.39 - - [26/Jul/2026:12:22:59 -0400] "GET /wp-includes/js/tinymce/plugins/compat3x/css/ HTTP/1.1" 404 7585 "-" "Mozilla/5.0 (Windows NT 10.0; Win64; x64) AppleWebKit/537.36 (KHTML, like Gecko) Chrome/120.0.0.0 Safari/537.36"
216.73.217.142 - - [26/Jul/2026:12:23:00 -0400] "GET /detail/offen62289381.html HTTP/1.1" 404 7586 "-" "Mozilla/5.0 AppleWebKit/537.36 (KHTML, like Gecko; compatible; ClaudeBot/1.0; +claudebot@anthropic.com)"
191.232.199.39 - - [26/Jul/2026:12:23:02 -0400] "GET /system_log.php HTTP/1.1" 404 7585 "-" "Mozilla/5.0 (Windows NT 10.0; Win64; x64) AppleWebKit/537.36 (KHTML, like Gecko) Chrome/120.0.0.0 Safari/537.36"
216.73.217.142 - - [26/Jul/2026:12:23:03 -0400] "GET /detail/incli51962308.html HTTP/1.1" 404 7586 "-" "Mozilla/5.0 AppleWebKit/537.36 (KHTML, like Gecko; compatible; ClaudeBot/1.0; +claudebot@anthropic.com)"
191.232.199.39 - - [26/Jul/2026:12:23:05 -0400] "GET /wp-includes/pomo/ HTTP/1.1" 404 7585 "-" "Mozilla/5.0 (Windows NT 10.0; Win64; x64) AppleWebKit/537.36 (KHTML, like Gecko) Chrome/120.0.0.0 Safari/537.36"
216.73.217.142 - - [26/Jul/2026:12:23:06 -0400] "GET /detail/unity11303008.html HTTP/1.1" 404 7586 "-" "Mozilla/5.0 AppleWebKit/537.36 (KHTML, like Gecko; compatible; ClaudeBot/1.0; +claudebot@anthropic.com)"
191.232.199.39 - - [26/Jul/2026:12:23:07 -0400] "GET /wp-admin/user/index.php HTTP/1.1" 301 1 "-" "Mozilla/5.0 (Windows NT 10.0; Win64; x64) AppleWebKit/537.36 (KHTML, like Gecko) Chrome/120.0.0.0 Safari/537.36"
191.232.199.39 - - [26/Jul/2026:12:23:08 -0400] "GET /ioxi-o.php HTTP/1.1" 404 7585 "-" "Mozilla/5.0 (Windows NT 10.0; Win64; x64) AppleWebKit/537.36 (KHTML, like Gecko) Chrome/120.0.0.0 Safari/537.36"
191.232.199.39 - - [26/Jul/2026:12:23:10 -0400] "GET /abc.php HTTP/1.1" 404 7585 "-" "Mozilla/5.0 (Windows NT 10.0; Win64; x64) AppleWebKit/537.36 (KHTML, like Gecko) Chrome/120.0.0.0 Safari/537.36"
216.73.217.142 - - [26/Jul/2026:12:23:09 -0400] "GET /detail/sheet60147565.html HTTP/1.1" 404 7586 "-" "Mozilla/5.0 AppleWebKit/537.36 (KHTML, like Gecko; compatible; ClaudeBot/1.0; +claudebot@anthropic.com)"
191.232.199.39 - - [26/Jul/2026:12:23:12 -0400] "GET /akcc.php HTTP/1.1" 404 7585 "-" "Mozilla/5.0 (Windows NT 10.0; Win64; x64) AppleWebKit/537.36 (KHTML, like Gecko) Chrome/120.0.0.0 Safari/537.36"
216.73.217.142 - - [26/Jul/2026:12:23:13 -0400] "GET /detail/raid60075773.html HTTP/1.1" 404 7586 "-" "Mozilla/5.0 AppleWebKit/537.36 (KHTML, like Gecko; compatible; ClaudeBot/1.0; +claudebot@anthropic.com)"
191.232.199.39 - - [26/Jul/2026:12:23:13 -0400] "GET /wk/index.php HTTP/1.1" 301 1 "-" "Mozilla/5.0 (Windows NT 10.0; Win64; x64) AppleWebKit/537.36 (KHTML, like Gecko) Chrome/120.0.0.0 Safari/537.36"
216.73.217.142 - - [26/Jul/2026:12:23:16 -0400] "GET /detail/flu32004706.html HTTP/1.1" 404 7586 "-" "Mozilla/5.0 AppleWebKit/537.36 (KHTML, like Gecko; compatible; ClaudeBot/1.0; +claudebot@anthropic.com)"
191.232.199.39 - - [26/Jul/2026:12:23:17 -0400] "GET /1.php HTTP/1.1" 404 7585 "-" "Mozilla/5.0 (Windows NT 10.0; Win64; x64) AppleWebKit/537.36 (KHTML, like Gecko) Chrome/120.0.0.0 Safari/537.36"
191.232.199.39 - - [26/Jul/2026:12:23:19 -0400] "GET /wp-content/x/index.php HTTP/1.1" 301 1 "-" "Mozilla/5.0 (Windows NT 10.0; Win64; x64) AppleWebKit/537.36 (KHTML, like Gecko) Chrome/120.0.0.0 Safari/537.36"
216.73.217.142 - - [26/Jul/2026:12:23:19 -0400] "GET /detail/bite30530602.html HTTP/1.1" 404 7586 "-" "Mozilla/5.0 AppleWebKit/537.36 (KHTML, like Gecko; compatible; ClaudeBot/1.0; +claudebot@anthropic.com)"
191.232.199.39 - - [26/Jul/2026:12:23:20 -0400] "GET /wp-content/index.php HTTP/1.1" 301 1 "-" "Mozilla/5.0 (Windows NT 10.0; Win64; x64) AppleWebKit/537.36 (KHTML, like Gecko) Chrome/120.0.0.0 Safari/537.36"
216.73.217.142 - - [26/Jul/2026:12:23:22 -0400] "GET /detail/theme52069420.html HTTP/1.1" 404 7586 "-" "Mozilla/5.0 AppleWebKit/537.36 (KHTML, like Gecko; compatible; ClaudeBot/1.0; +claudebot@anthropic.com)"
191.232.199.39 - - [26/Jul/2026:12:23:23 -0400] "GET /as.php HTTP/1.1" 404 7585 "-" "Mozilla/5.0 (Windows NT 10.0; Win64; x64) AppleWebKit/537.36 (KHTML, like Gecko) Chrome/120.0.0.0 Safari/537.36"
216.73.217.142 - - [26/Jul/2026:12:23:25 -0400] "GET /detail/shape11388752.html HTTP/1.1" 404 7586 "-" "Mozilla/5.0 AppleWebKit/537.36 (KHTML, like Gecko; compatible; ClaudeBot/1.0; +claudebot@anthropic.com)"
191.232.199.39 - - [26/Jul/2026:12:23:25 -0400] "GET /wp-content/themes/admin.php HTTP/1.1" 404 7585 "-" "Mozilla/5.0 (Windows NT 10.0; Win64; x64) AppleWebKit/537.36 (KHTML, like Gecko) Chrome/120.0.0.0 Safari/537.36"
191.232.199.39 - - [26/Jul/2026:12:23:27 -0400] "GET /wp-config-sample.php HTTP/1.1" 404 7585 "-" "Mozilla/5.0 (Windows NT 10.0; Win64; x64) AppleWebKit/537.36 (KHTML, like Gecko) Chrome/120.0.0.0 Safari/537.36"
216.73.217.142 - - [26/Jul/2026:12:23:28 -0400] "GET /detail/math51376172.html HTTP/1.1" 404 7586 "-" "Mozilla/5.0 AppleWebKit/537.36 (KHTML, like Gecko; compatible; ClaudeBot/1.0; +claudebot@anthropic.com)"
191.232.199.39 - - [26/Jul/2026:12:23:28 -0400] "GET /.well-known/acme-challenge/index.php HTTP/1.1" 301 1 "-" "Mozilla/5.0 (Windows NT 10.0; Win64; x64) AppleWebKit/537.36 (KHTML, like Gecko) Chrome/120.0.0.0 Safari/537.36"
191.232.199.39 - - [26/Jul/2026:12:23:30 -0400] "GET /wp-includes/blocks/shortcode/index.php HTTP/1.1" 301 1 "-" "Mozilla/5.0 (Windows NT 10.0; Win64; x64) AppleWebKit/537.36 (KHTML, like Gecko) Chrome/120.0.0.0 Safari/537.36"
216.73.217.142 - - [26/Jul/2026:12:23:31 -0400] "GET /detail/error51970580.html HTTP/1.1" 404 7586 "-" "Mozilla/5.0 AppleWebKit/537.36 (KHTML, like Gecko; compatible; ClaudeBot/1.0; +claudebot@anthropic.com)"
191.232.199.39 - - [26/Jul/2026:12:23:31 -0400] "GET /wp-includes/images/smilies/ HTTP/1.1" 404 7585 "-" "Mozilla/5.0 (Windows NT 10.0; Win64; x64) AppleWebKit/537.36 (KHTML, like Gecko) Chrome/120.0.0.0 Safari/537.36"
216.73.217.142 - - [26/Jul/2026:12:23:34 -0400] "GET /detail/stuff22166729.html HTTP/1.1" 404 7586 "-" "Mozilla/5.0 AppleWebKit/537.36 (KHTML, like Gecko; compatible; ClaudeBot/1.0; +claudebot@anthropic.com)"
191.232.199.39 - - [26/Jul/2026:12:23:34 -0400] "GET /cgi-bin/index.php HTTP/1.1" 301 1 "-" "Mozilla/5.0 (Windows NT 10.0; Win64; x64) AppleWebKit/537.36 (KHTML, like Gecko) Chrome/120.0.0.0 Safari/537.36"
216.73.217.142 - - [26/Jul/2026:12:23:37 -0400] "GET /detail/up20072889.html HTTP/1.1" 404 7586 "-" "Mozilla/5.0 AppleWebKit/537.36 (KHTML, like Gecko; compatible; ClaudeBot/1.0; +claudebot@anthropic.com)"
191.232.199.39 - - [26/Jul/2026:12:23:36 -0400] "GET /an.php HTTP/1.1" 404 7585 "-" "Mozilla/5.0 (Windows NT 10.0; Win64; x64) AppleWebKit/537.36 (KHTML, like Gecko) Chrome/120.0.0.0 Safari/537.36"
179.43.174.147 - - [26/Jul/2026:12:23:36 -0400] "GET / HTTP/1.1" 301 1 "-" "CNSTX Monitor 1.2"
191.232.199.39 - - [26/Jul/2026:12:23:38 -0400] "GET /wp-admin/images/ HTTP/1.1" 404 7585 "-" "Mozilla/5.0 (Windows NT 10.0; Win64; x64) AppleWebKit/537.36 (KHTML, like Gecko) Chrome/120.0.0.0 Safari/537.36"
179.43.174.147 - - [26/Jul/2026:12:23:39 -0400] "GET / HTTP/1.1" 200 10852 "https://192.210.134.12" "CNSTX Monitor 1.2"
216.73.217.142 - - [26/Jul/2026:12:23:40 -0400] "GET /detail/poste40201563.html HTTP/1.1" 404 7586 "-" "Mozilla/5.0 AppleWebKit/537.36 (KHTML, like Gecko; compatible; ClaudeBot/1.0; +claudebot@anthropic.com)"
191.232.199.39 - - [26/Jul/2026:12:23:41 -0400] "GET /404.php HTTP/1.1" 404 7585 "-" "Mozilla/5.0 (Windows NT 10.0; Win64; x64) AppleWebKit/537.36 (KHTML, like Gecko) Chrome/120.0.0.0 Safari/537.36"
216.73.217.142 - - [26/Jul/2026:12:23:43 -0400] "GET /detail/type42233779.html HTTP/1.1" 404 7586 "-" "Mozilla/5.0 AppleWebKit/537.36 (KHTML, like Gecko; compatible; ClaudeBot/1.0; +claudebot@anthropic.com)"
191.232.199.39 - - [26/Jul/2026:12:23:43 -0400] "GET /wp-login.php HTTP/1.1" 302 1 "-" "Mozilla/5.0 (Windows NT 10.0; Win64; x64) AppleWebKit/537.36 (KHTML, like Gecko) Chrome/120.0.0.0 Safari/537.36"
191.232.199.39 - - [26/Jul/2026:12:23:45 -0400] "GET /wp-content/uploads/goods.php HTTP/1.1" 404 7585 "-" "Mozilla/5.0 (Windows NT 10.0; Win64; x64) AppleWebKit/537.36 (KHTML, like Gecko) Chrome/120.0.0.0 Safari/537.36"
216.73.217.142 - - [26/Jul/2026:12:23:46 -0400] "GET /detail/atten40976243.html HTTP/1.1" 404 7586 "-" "Mozilla/5.0 AppleWebKit/537.36 (KHTML, like Gecko; compatible; ClaudeBot/1.0; +claudebot@anthropic.com)"
191.232.199.39 - - [26/Jul/2026:12:23:46 -0400] "GET /wp-includes/ID3/ HTTP/1.1" 404 7585 "-" "Mozilla/5.0 (Windows NT 10.0; Win64; x64) AppleWebKit/537.36 (KHTML, like Gecko) Chrome/120.0.0.0 Safari/537.36"
191.232.199.39 - - [26/Jul/2026:12:23:48 -0400] "GET /.well-known/ HTTP/1.1" 404 7585 "-" "Mozilla/5.0 (Windows NT 10.0; Win64; x64) AppleWebKit/537.36 (KHTML, like Gecko) Chrome/120.0.0.0 Safari/537.36"
216.73.217.142 - - [26/Jul/2026:12:23:49 -0400] "GET /detail/equal32942082.html HTTP/1.1" 404 7586 "-" "Mozilla/5.0 AppleWebKit/537.36 (KHTML, like Gecko; compatible; ClaudeBot/1.0; +claudebot@anthropic.com)"
191.232.199.39 - - [26/Jul/2026:12:23:50 -0400] "GET /wso.php HTTP/1.1" 404 7585 "-" "Mozilla/5.0 (Windows NT 10.0; Win64; x64) AppleWebKit/537.36 (KHTML, like Gecko) Chrome/120.0.0.0 Safari/537.36"
216.73.217.142 - - [26/Jul/2026:12:23:52 -0400] "GET /detail/corn80447535.html HTTP/1.1" 404 7586 "-" "Mozilla/5.0 AppleWebKit/537.36 (KHTML, like Gecko; compatible; ClaudeBot/1.0; +claudebot@anthropic.com)"
191.232.199.39 - - [26/Jul/2026:12:23:52 -0400] "GET /sf.php HTTP/1.1" 404 7585 "-" "Mozilla/5.0 (Windows NT 10.0; Win64; x64) AppleWebKit/537.36 (KHTML, like Gecko) Chrome/120.0.0.0 Safari/537.36"
191.232.199.39 - - [26/Jul/2026:12:23:55 -0400] "GET /index/function.php HTTP/1.1" 404 7585 "-" "Mozilla/5.0 (Windows NT 10.0; Win64; x64) AppleWebKit/537.36 (KHTML, like Gecko) Chrome/120.0.0.0 Safari/537.36"
216.73.217.142 - - [26/Jul/2026:12:23:55 -0400] "GET /detail/junio40563467.html HTTP/1.1" 404 7586 "-" "Mozilla/5.0 AppleWebKit/537.36 (KHTML, like Gecko; compatible; ClaudeBot/1.0; +claudebot@anthropic.com)"
191.232.199.39 - - [26/Jul/2026:12:23:56 -0400] "GET /edit.php HTTP/1.1" 404 7585 "-" "Mozilla/5.0 (Windows NT 10.0; Win64; x64) AppleWebKit/537.36 (KHTML, like Gecko) Chrome/120.0.0.0 Safari/537.36"
191.232.199.39 - - [26/Jul/2026:12:23:57 -0400] "GET /wp-includes/rest-api/ HTTP/1.1" 404 7585 "-" "Mozilla/5.0 (Windows NT 10.0; Win64; x64) AppleWebKit/537.36 (KHTML, like Gecko) Chrome/120.0.0.0 Safari/537.36"
216.73.217.142 - - [26/Jul/2026:12:23:58 -0400] "GET /detail/fish10101008.html HTTP/1.1" 404 7586 "-" "Mozilla/5.0 AppleWebKit/537.36 (KHTML, like Gecko; compatible; ClaudeBot/1.0; +claudebot@anthropic.com)"
191.232.199.39 - - [26/Jul/2026:12:23:58 -0400] "GET /wp-content/themes/twentytwenty/404.php HTTP/1.1" 404 7585 "-" "Mozilla/5.0 (Windows NT 10.0; Win64; x64) AppleWebKit/537.36 (KHTML, like Gecko) Chrome/120.0.0.0 Safari/537.36"
191.232.199.39 - - [26/Jul/2026:12:23:59 -0400] "GET /wp-good.php HTTP/1.1" 404 7585 "-" "Mozilla/5.0 (Windows NT 10.0; Win64; x64) AppleWebKit/537.36 (KHTML, like Gecko) Chrome/120.0.0.0 Safari/537.36"
191.232.199.39 - - [26/Jul/2026:12:24:01 -0400] "GET /wp-admin/js/widgets/ HTTP/1.1" 404 7585 "-" "Mozilla/5.0 (Windows NT 10.0; Win64; x64) AppleWebKit/537.36 (KHTML, like Gecko) Chrome/120.0.0.0 Safari/537.36"
216.73.217.142 - - [26/Jul/2026:12:24:01 -0400] "GET /detail/strin61389637.html HTTP/1.1" 404 7586 "-" "Mozilla/5.0 AppleWebKit/537.36 (KHTML, like Gecko; compatible; ClaudeBot/1.0; +claudebot@anthropic.com)"
191.232.199.39 - - [26/Jul/2026:12:24:02 -0400] "GET /wp-admin/css/colors/midnight/ HTTP/1.1" 404 7585 "-" "Mozilla/5.0 (Windows NT 10.0; Win64; x64) AppleWebKit/537.36 (KHTML, like Gecko) Chrome/120.0.0.0 Safari/537.36"
191.232.199.39 - - [26/Jul/2026:12:24:04 -0400] "GET /tes.php HTTP/1.1" 404 7585 "-" "Mozilla/5.0 (Windows NT 10.0; Win64; x64) AppleWebKit/537.36 (KHTML, like Gecko) Chrome/120.0.0.0 Safari/537.36"
216.73.217.142 - - [26/Jul/2026:12:24:04 -0400] "GET /detail/evide62546165.html HTTP/1.1" 404 7586 "-" "Mozilla/5.0 AppleWebKit/537.36 (KHTML, like Gecko; compatible; ClaudeBot/1.0; +claudebot@anthropic.com)"
191.232.199.39 - - [26/Jul/2026:12:24:05 -0400] "GET /files/index.php HTTP/1.1" 301 1 "-" "Mozilla/5.0 (Windows NT 10.0; Win64; x64) AppleWebKit/537.36 (KHTML, like Gecko) Chrome/120.0.0.0 Safari/537.36"
191.232.199.39 - - [26/Jul/2026:12:24:05 -0400] "GET /wp-content/uploads/index.php HTTP/1.1" 301 1 "-" "Mozilla/5.0 (Windows NT 10.0; Win64; x64) AppleWebKit/537.36 (KHTML, like Gecko) Chrome/120.0.0.0 Safari/537.36"
216.73.217.142 - - [26/Jul/2026:12:24:07 -0400] "GET /detail/certa30820570.html HTTP/1.1" 404 7586 "-" "Mozilla/5.0 AppleWebKit/537.36 (KHTML, like Gecko; compatible; ClaudeBot/1.0; +claudebot@anthropic.com)"
191.232.199.39 - - [26/Jul/2026:12:24:07 -0400] "GET /images/images/about.php HTTP/1.1" 404 7585 "-" "Mozilla/5.0 (Windows NT 10.0; Win64; x64) AppleWebKit/537.36 (KHTML, like Gecko) Chrome/120.0.0.0 Safari/537.36"
191.232.199.39 - - [26/Jul/2026:12:24:08 -0400] "GET /ms-edit.php HTTP/1.1" 404 7585 "-" "Mozilla/5.0 (Windows NT 10.0; Win64; x64) AppleWebKit/537.36 (KHTML, like Gecko) Chrome/120.0.0.0 Safari/537.36"
191.232.199.39 - - [26/Jul/2026:12:24:09 -0400] "GET /rip.php HTTP/1.1" 404 7585 "-" "Mozilla/5.0 (Windows NT 10.0; Win64; x64) AppleWebKit/537.36 (KHTML, like Gecko) Chrome/120.0.0.0 Safari/537.36"
216.73.217.142 - - [26/Jul/2026:12:24:10 -0400] "GET /detail/empha82074311.html HTTP/1.1" 404 7586 "-" "Mozilla/5.0 AppleWebKit/537.36 (KHTML, like Gecko; compatible; ClaudeBot/1.0; +claudebot@anthropic.com)"
191.232.199.39 - - [26/Jul/2026:12:24:10 -0400] "GET /wp-content/uploads/ HTTP/1.1" 404 7585 "-" "Mozilla/5.0 (Windows NT 10.0; Win64; x64) AppleWebKit/537.36 (KHTML, like Gecko) Chrome/120.0.0.0 Safari/537.36"
191.232.199.39 - - [26/Jul/2026:12:24:12 -0400] "GET /xmlrpc.php HTTP/1.1" 404 7585 "-" "Mozilla/5.0 (Windows NT 10.0; Win64; x64) AppleWebKit/537.36 (KHTML, like Gecko) Chrome/120.0.0.0 Safari/537.36"
216.73.217.142 - - [26/Jul/2026:12:24:13 -0400] "GET /detail/poor20840865.html HTTP/1.1" 404 7586 "-" "Mozilla/5.0 AppleWebKit/537.36 (KHTML, like Gecko; compatible; ClaudeBot/1.0; +claudebot@anthropic.com)"
191.232.199.39 - - [26/Jul/2026:12:24:14 -0400] "GET /moon.php HTTP/1.1" 404 7585 "-" "Mozilla/5.0 (Windows NT 10.0; Win64; x64) AppleWebKit/537.36 (KHTML, like Gecko) Chrome/120.0.0.0 Safari/537.36"
191.232.199.39 - - [26/Jul/2026:12:24:15 -0400] "GET /cache.php HTTP/1.1" 404 7585 "-" "Mozilla/5.0 (Windows NT 10.0; Win64; x64) AppleWebKit/537.36 (KHTML, like Gecko) Chrome/120.0.0.0 Safari/537.36"
216.73.217.142 - - [26/Jul/2026:12:24:16 -0400] "GET /detail/violi11264720.html HTTP/1.1" 404 7586 "-" "Mozilla/5.0 AppleWebKit/537.36 (KHTML, like Gecko; compatible; ClaudeBot/1.0; +claudebot@anthropic.com)"
191.232.199.39 - - [26/Jul/2026:12:24:16 -0400] "GET /wp-includes/block-bindings/ HTTP/1.1" 404 7585 "-" "Mozilla/5.0 (Windows NT 10.0; Win64; x64) AppleWebKit/537.36 (KHTML, like Gecko) Chrome/120.0.0.0 Safari/537.36"
191.232.199.39 - - [26/Jul/2026:12:24:17 -0400] "GET /vendor/ HTTP/1.1" 404 7585 "-" "Mozilla/5.0 (Windows NT 10.0; Win64; x64) AppleWebKit/537.36 (KHTML, like Gecko) Chrome/120.0.0.0 Safari/537.36"
191.232.199.39 - - [26/Jul/2026:12:24:18 -0400] "GET /wp-content/themes/ HTTP/1.1" 404 7585 "-" "Mozilla/5.0 (Windows NT 10.0; Win64; x64) AppleWebKit/537.36 (KHTML, like Gecko) Chrome/120.0.0.0 Safari/537.36"
216.73.217.142 - - [26/Jul/2026:12:24:19 -0400] "GET /detail/it11633112.html HTTP/1.1" 404 7586 "-" "Mozilla/5.0 AppleWebKit/537.36 (KHTML, like Gecko; compatible; ClaudeBot/1.0; +claudebot@anthropic.com)"
191.232.199.39 - - [26/Jul/2026:12:24:18 -0400] "GET /wp-includes/images/smilies/about.php HTTP/1.1" 404 7585 "-" "Mozilla/5.0 (Windows NT 10.0; Win64; x64) AppleWebKit/537.36 (KHTML, like Gecko) Chrome/120.0.0.0 Safari/537.36"
191.232.199.39 - - [26/Jul/2026:12:24:19 -0400] "GET /wp-includes/js/crop/ HTTP/1.1" 404 7585 "-" "Mozilla/5.0 (Windows NT 10.0; Win64; x64) AppleWebKit/537.36 (KHTML, like Gecko) Chrome/120.0.0.0 Safari/537.36"
191.232.199.39 - - [26/Jul/2026:12:24:21 -0400] "GET /wp-mail.php HTTP/1.1" 404 7585 "-" "Mozilla/5.0 (Windows NT 10.0; Win64; x64) AppleWebKit/537.36 (KHTML, like Gecko) Chrome/120.0.0.0 Safari/537.36"
216.73.217.142 - - [26/Jul/2026:12:24:22 -0400] "GET /detail/unhap20157345.html HTTP/1.1" 404 7586 "-" "Mozilla/5.0 AppleWebKit/537.36 (KHTML, like Gecko; compatible; ClaudeBot/1.0; +claudebot@anthropic.com)"
191.232.199.39 - - [26/Jul/2026:12:24:22 -0400] "GET /o.php HTTP/1.1" 404 7585 "-" "Mozilla/5.0 (Windows NT 10.0; Win64; x64) AppleWebKit/537.36 (KHTML, like Gecko) Chrome/120.0.0.0 Safari/537.36"
191.232.199.39 - - [26/Jul/2026:12:24:23 -0400] "GET /bb.php HTTP/1.1" 404 7585 "-" "Mozilla/5.0 (Windows NT 10.0; Win64; x64) AppleWebKit/537.36 (KHTML, like Gecko) Chrome/120.0.0.0 Safari/537.36"
216.73.217.142 - - [26/Jul/2026:12:24:25 -0400] "GET /detail/idea21548985.html HTTP/1.1" 404 7586 "-" "Mozilla/5.0 AppleWebKit/537.36 (KHTML, like Gecko; compatible; ClaudeBot/1.0; +claudebot@anthropic.com)"
191.232.199.39 - - [26/Jul/2026:12:24:25 -0400] "GET /wp-admin/maint/admin.php HTTP/1.1" 404 7585 "-" "Mozilla/5.0 (Windows NT 10.0; Win64; x64) AppleWebKit/537.36 (KHTML, like Gecko) Chrome/120.0.0.0 Safari/537.36"
191.232.199.39 - - [26/Jul/2026:12:24:26 -0400] "GET /wp-admin/network/ HTTP/1.1" 404 7585 "-" "Mozilla/5.0 (Windows NT 10.0; Win64; x64) AppleWebKit/537.36 (KHTML, like Gecko) Chrome/120.0.0.0 Safari/537.36"
216.73.217.142 - - [26/Jul/2026:12:24:28 -0400] "GET /detail/spide72881702.html HTTP/1.1" 404 7586 "-" "Mozilla/5.0 AppleWebKit/537.36 (KHTML, like Gecko; compatible; ClaudeBot/1.0; +claudebot@anthropic.com)"
191.232.199.39 - - [26/Jul/2026:12:24:27 -0400] "GET /wp-includes/IXR/index.php HTTP/1.1" 301 1 "-" "Mozilla/5.0 (Windows NT 10.0; Win64; x64) AppleWebKit/537.36 (KHTML, like Gecko) Chrome/120.0.0.0 Safari/537.36"
191.232.199.39 - - [26/Jul/2026:12:24:29 -0400] "GET /xmrlpc.php HTTP/1.1" 404 7585 "-" "Mozilla/5.0 (Windows NT 10.0; Win64; x64) AppleWebKit/537.36 (KHTML, like Gecko) Chrome/120.0.0.0 Safari/537.36"
191.232.199.39 - - [26/Jul/2026:12:24:29 -0400] "GET /file.php HTTP/1.1" 404 7585 "-" "Mozilla/5.0 (Windows NT 10.0; Win64; x64) AppleWebKit/537.36 (KHTML, like Gecko) Chrome/120.0.0.0 Safari/537.36"
191.232.199.39 - - [26/Jul/2026:12:24:30 -0400] "GET /epinyins.php HTTP/1.1" 404 7585 "-" "Mozilla/5.0 (Windows NT 10.0; Win64; x64) AppleWebKit/537.36 (KHTML, like Gecko) Chrome/120.0.0.0 Safari/537.36"
216.73.217.142 - - [26/Jul/2026:12:24:31 -0400] "GET /detail/compe52193060.html HTTP/1.1" 404 7586 "-" "Mozilla/5.0 AppleWebKit/537.36 (KHTML, like Gecko; compatible; ClaudeBot/1.0; +claudebot@anthropic.com)"
191.232.199.39 - - [26/Jul/2026:12:24:31 -0400] "GET /wp-admin/css/index.php HTTP/1.1" 301 1 "-" "Mozilla/5.0 (Windows NT 10.0; Win64; x64) AppleWebKit/537.36 (KHTML, like Gecko) Chrome/120.0.0.0 Safari/537.36"
191.232.199.39 - - [26/Jul/2026:12:24:32 -0400] "GET /wp-includes/php-compat/ HTTP/1.1" 404 7585 "-" "Mozilla/5.0 (Windows NT 10.0; Win64; x64) AppleWebKit/537.36 (KHTML, like Gecko) Chrome/120.0.0.0 Safari/537.36"
191.232.199.39 - - [26/Jul/2026:12:24:33 -0400] "GET /wp-includes/style-engine/index.php HTTP/1.1" 301 1 "-" "Mozilla/5.0 (Windows NT 10.0; Win64; x64) AppleWebKit/537.36 (KHTML, like Gecko) Chrome/120.0.0.0 Safari/537.36"
191.232.199.39 - - [26/Jul/2026:12:24:33 -0400] "GET /wp-admin/css/colors/coffee/index.php HTTP/1.1" 301 1 "-" "Mozilla/5.0 (Windows NT 10.0; Win64; x64) AppleWebKit/537.36 (KHTML, like Gecko) Chrome/120.0.0.0 Safari/537.36"
216.73.217.142 - - [26/Jul/2026:12:24:34 -0400] "GET /detail/sofa51720428.html HTTP/1.1" 404 7586 "-" "Mozilla/5.0 AppleWebKit/537.36 (KHTML, like Gecko; compatible; ClaudeBot/1.0; +claudebot@anthropic.com)"
191.232.199.39 - - [26/Jul/2026:12:24:34 -0400] "GET /wp.php HTTP/1.1" 404 7585 "-" "Mozilla/5.0 (Windows NT 10.0; Win64; x64) AppleWebKit/537.36 (KHTML, like Gecko) Chrome/120.0.0.0 Safari/537.36"
191.232.199.39 - - [26/Jul/2026:12:24:35 -0400] "GET /function/function.php HTTP/1.1" 404 7585 "-" "Mozilla/5.0 (Windows NT 10.0; Win64; x64) AppleWebKit/537.36 (KHTML, like Gecko) Chrome/120.0.0.0 Safari/537.36"
179.43.174.147 - - [26/Jul/2026:12:24:36 -0400] "GET / HTTP/1.1" 301 1 "-" "CNSTX Monitor 1.2"
191.232.199.39 - - [26/Jul/2026:12:24:36 -0400] "GET /wp-includes/style-engine/autoload_classmap.php HTTP/1.1" 404 7585 "-" "Mozilla/5.0 (Windows NT 10.0; Win64; x64) AppleWebKit/537.36 (KHTML, like Gecko) Chrome/120.0.0.0 Safari/537.36"
191.232.199.39 - - [26/Jul/2026:12:24:37 -0400] "GET /wp-includes/SimplePie/admin.php HTTP/1.1" 404 7585 "-" "Mozilla/5.0 (Windows NT 10.0; Win64; x64) AppleWebKit/537.36 (KHTML, like Gecko) Chrome/120.0.0.0 Safari/537.36"
216.73.217.142 - - [26/Jul/2026:12:24:37 -0400] "GET /detail/van50358604.html HTTP/1.1" 404 7586 "-" "Mozilla/5.0 AppleWebKit/537.36 (KHTML, like Gecko; compatible; ClaudeBot/1.0; +claudebot@anthropic.com)"
179.43.174.147 - - [26/Jul/2026:12:24:37 -0400] "GET / HTTP/1.1" 200 10852 "https://192.210.134.12" "CNSTX Monitor 1.2"
191.232.199.39 - - [26/Jul/2026:12:24:37 -0400] "GET /ok.php HTTP/1.1" 404 7585 "-" "Mozilla/5.0 (Windows NT 10.0; Win64; x64) AppleWebKit/537.36 (KHTML, like Gecko) Chrome/120.0.0.0 Safari/537.36"
191.232.199.39 - - [26/Jul/2026:12:24:38 -0400] "GET /item.php HTTP/1.1" 404 7585 "-" "Mozilla/5.0 (Windows NT 10.0; Win64; x64) AppleWebKit/537.36 (KHTML, like Gecko) Chrome/120.0.0.0 Safari/537.36"
216.73.217.142 - - [26/Jul/2026:12:24:40 -0400] "GET /detail/graci60986901.html HTTP/1.1" 404 7586 "-" "Mozilla/5.0 AppleWebKit/537.36 (KHTML, like Gecko; compatible; ClaudeBot/1.0; +claudebot@anthropic.com)"
216.73.217.142 - - [26/Jul/2026:12:24:43 -0400] "GET /detail/lore11475856.html HTTP/1.1" 404 7586 "-" "Mozilla/5.0 AppleWebKit/537.36 (KHTML, like Gecko; compatible; ClaudeBot/1.0; +claudebot@anthropic.com)"
216.73.217.142 - - [26/Jul/2026:12:24:46 -0400] "GET /detail/date50736756.html HTTP/1.1" 404 7586 "-" "Mozilla/5.0 AppleWebKit/537.36 (KHTML, like Gecko; compatible; ClaudeBot/1.0; +claudebot@anthropic.com)"
216.73.217.142 - - [26/Jul/2026:12:24:49 -0400] "GET /detail/rag32854642.html HTTP/1.1" 404 7586 "-" "Mozilla/5.0 AppleWebKit/537.36 (KHTML, like Gecko; compatible; ClaudeBot/1.0; +claudebot@anthropic.com)"
216.73.217.142 - - [26/Jul/2026:12:24:52 -0400] "GET /detail/acade42186091.html HTTP/1.1" 404 7586 "-" "Mozilla/5.0 AppleWebKit/537.36 (KHTML, like Gecko; compatible; ClaudeBot/1.0; +claudebot@anthropic.com)"
216.73.217.142 - - [26/Jul/2026:12:24:55 -0400] "GET /detail/admit51014020.html HTTP/1.1" 404 7586 "-" "Mozilla/5.0 AppleWebKit/537.36 (KHTML, like Gecko; compatible; ClaudeBot/1.0; +claudebot@anthropic.com)"
216.73.217.142 - - [26/Jul/2026:12:24:58 -0400] "GET /detail/excep41628299.html HTTP/1.1" 404 7586 "-" "Mozilla/5.0 AppleWebKit/537.36 (KHTML, like Gecko; compatible; ClaudeBot/1.0; +claudebot@anthropic.com)"
216.73.217.142 - - [26/Jul/2026:12:25:01 -0400] "GET /detail/gate80756159.html HTTP/1.1" 404 7586 "-" "Mozilla/5.0 AppleWebKit/537.36 (KHTML, like Gecko; compatible; ClaudeBot/1.0; +claudebot@anthropic.com)"
216.73.217.142 - - [26/Jul/2026:12:25:04 -0400] "GET /detail/merel41670955.html HTTP/1.1" 404 7586 "-" "Mozilla/5.0 AppleWebKit/537.36 (KHTML, like Gecko; compatible; ClaudeBot/1.0; +claudebot@anthropic.com)"
216.73.217.142 - - [26/Jul/2026:12:25:07 -0400] "GET /detail/permi71437462.html HTTP/1.1" 404 7586 "-" "Mozilla/5.0 AppleWebKit/537.36 (KHTML, like Gecko; compatible; ClaudeBot/1.0; +claudebot@anthropic.com)"
216.73.217.142 - - [26/Jul/2026:12:25:10 -0400] "GET /detail/matte60049349.html HTTP/1.1" 404 7586 "-" "Mozilla/5.0 AppleWebKit/537.36 (KHTML, like Gecko; compatible; ClaudeBot/1.0; +claudebot@anthropic.com)"
216.73.217.142 - - [26/Jul/2026:12:25:13 -0400] "GET /detail/fill41764427.html HTTP/1.1" 404 7586 "-" "Mozilla/5.0 AppleWebKit/537.36 (KHTML, like Gecko; compatible; ClaudeBot/1.0; +claudebot@anthropic.com)"
216.73.217.142 - - [26/Jul/2026:12:25:16 -0400] "GET /detail/draw62457725.html HTTP/1.1" 404 7586 "-" "Mozilla/5.0 AppleWebKit/537.36 (KHTML, like Gecko; compatible; ClaudeBot/1.0; +claudebot@anthropic.com)"
216.73.217.142 - - [26/Jul/2026:12:25:19 -0400] "GET /detail/yearl52015196.html HTTP/1.1" 404 7586 "-" "Mozilla/5.0 AppleWebKit/537.36 (KHTML, like Gecko; compatible; ClaudeBot/1.0; +claudebot@anthropic.com)"
216.73.217.142 - - [26/Jul/2026:12:25:22 -0400] "GET /detail/hinde22745889.html HTTP/1.1" 404 7586 "-" "Mozilla/5.0 AppleWebKit/537.36 (KHTML, like Gecko; compatible; ClaudeBot/1.0; +claudebot@anthropic.com)"
216.73.217.142 - - [26/Jul/2026:12:25:25 -0400] "GET /detail/ham52044588.html HTTP/1.1" 404 7586 "-" "Mozilla/5.0 AppleWebKit/537.36 (KHTML, like Gecko; compatible; ClaudeBot/1.0; +claudebot@anthropic.com)"
216.73.217.142 - - [26/Jul/2026:12:25:28 -0400] "GET /detail/name81509239.html HTTP/1.1" 404 7586 "-" "Mozilla/5.0 AppleWebKit/537.36 (KHTML, like Gecko; compatible; ClaudeBot/1.0; +claudebot@anthropic.com)"
